INSERT INTO `visa_steps` (`id`, `client_id`, `added_service_id`, `name`, `client_description`, `advisor_description`, `status`, `created_at`, `updated_at`, `number_client`, `number_advisor`, `date_completed`) VALUES
(1179, 1268, 1326, 'Acudir al consulado', 'Día de presentación de expediente al consulado', 'Día de presentación de expediente al consulado', 'Sin Iniciar', '2023-09-21 11:50:44', '2023-09-21 11:50:44', 4, 4, NULL),
(1180, 1268, 1326, 'Situación de presentación', 'Presentación aceptada, requerida o rechazada', 'Presentación aceptada, requerida o rechazada', 'Sin Iniciar', '2023-09-21 11:50:44', '2023-09-21 11:50:44', 5, 5, NULL),
(1181, 1268, 1326, 'Situación de Expediente', 'Resolución favorable, denegada o requerida', 'Resolución favorable, denegada o requerida', 'Sin Iniciar', '2023-09-21 11:50:44', '2023-09-21 11:50:44', 6, 6, NULL),
(1182, 1268, 1326, 'Recogida de Visado', 'Visita al consulado para retirar visado', 'Visita al consulado para retirar visado', 'Sin Iniciar', '2023-09-21 11:50:44', '2023-09-21 11:50:44', 7, 7, NULL),
(1183, 1268, 1326, 'Llegada a España', 'Llegada a España', 'Llegada a España', 'Sin Iniciar', '2023-09-21 11:50:44', '2023-09-21 11:50:44', 8, 8, NULL),
(1184, 1268, 1326, 'Toma de huellas', 'Cita previa, planilla, tasa, foto, padrón, pasaportes', 'Cita previa, planilla, tasa, foto, padrón, pasaportes', 'Sin Iniciar', '2023-09-21 11:50:44', '2023-09-21 11:50:44', 10, 10, NULL),
(1185, 1268, 1326, 'Recogida de TIE', 'Cita previa, resguardo de presentación y pasaportes', 'Cita previa, resguardo de presentación y pasaportes', 'Sin Iniciar', '2023-09-21 11:50:44', '2023-09-21 11:50:44', 11, 11, NULL),
(1186, 1269, 1327, 'Setup', 'Reunión de presentación', 'Reunión de presentación y conocimiento del cliente', 'Sin Iniciar', '2023-09-21 11:59:12', '2023-09-21 11:59:12', 1, 1, NULL),
(1187, 1269, 1327, 'Documentación', 'Recopilación de documentación', 'Revisión de documentación del cliente', 'Sin Iniciar', '2023-09-21 11:59:12', '2023-09-21 11:59:12', 2, 2, NULL),
(1188, 1269, 1327, 'Cita previa consulado', 'Solicitud de cita previa al consulado', 'Solicitud de cita previa al consulado', 'Sin Iniciar', '2023-09-21 11:59:12', '2023-09-21 11:59:12', 3, 3, NULL),
(1189, 1269, 1327, 'Acudir al consulado', 'Día de presentación de expediente al consulado', 'Día de presentación de expediente al consulado', 'Sin Iniciar', '2023-09-21 11:59:12', '2023-09-21 11:59:12', 4, 4, NULL),
(1190, 1269, 1327, 'Situación de presentación', 'Presentación aceptada, requerida o rechazada', 'Presentación aceptada, requerida o rechazada', 'Sin Iniciar', '2023-09-21 11:59:12', '2023-09-21 11:59:12', 5, 5, NULL),
(1191, 1269, 1327, 'Situación de expediente', 'Resolución favorable, denegada o requerida', 'Resolución favorable, denegada o requerida', 'Sin Iniciar', '2023-09-21 11:59:12', '2023-09-21 11:59:12', 6, 6, NULL),
(1192, 1269, 1327, 'Recogida visado', 'Visita al consulado para retirar visado', 'Visita al consulado para retirar visado', 'Sin Iniciar', '2023-09-21 11:59:12', '2023-09-21 11:59:12', 7, 7, NULL),
(1193, 1269, 1327, 'Llegada a España', 'Llegada a España', 'Llegada a España', 'Sin Iniciar', '2023-09-21 11:59:12', '2023-09-21 11:59:12', 8, 8, NULL),
(1194, 1269, 1327, 'Padrón', 'Cita previa, formulario, contrato de alquiler, pasaportes, acta de nacimiento', 'Cita previa, formulario, contrato de alquiler, pasaportes, acta de nacimiento', 'Sin Iniciar', '2023-09-21 11:59:12', '2023-09-21 11:59:12', 9, 9, NULL),
(1195, 1269, 1327, 'Toma de huellas', 'Cita previa, planilla, tasa, foto, padrón, pasaportes', 'Cita previa, planilla, tasa, foto, padrón, pasaportes', 'Sin Iniciar', '2023-09-21 11:59:12', '2023-09-21 11:59:12', 11, 11, NULL),
(1196, 1269, 1327, 'Recogida de TIE', 'Cita previa, resguardo de presentación y pasaportes', 'Cita previa, resguardo de presentación y pasaportes', 'Sin Iniciar', '2023-09-21 11:59:12', '2023-09-21 11:59:12', 12, 12, NULL),
(1197, 1269, 1327, 'NIE familiar estudiante (si aplica)', 'Solicitud de NIE para el familiar de estudiante', 'Solicitud de NIE para el familiar de estudiante', 'Sin Iniciar', '2023-09-21 11:59:12', '2023-09-21 11:59:12', 10, 10, NULL),
(1198, 1276, 1332, 'Setup', 'Reunión de presentación', 'Reunión de presentación y conocimiento del cliente', 'Sin Iniciar', '2023-09-22 10:13:18', '2023-09-22 10:13:18', 1, 1, NULL),
(1199, 1276, 1332, 'Documentación', 'Recopilación de documentación', 'Revisión de documentación del cliente', 'Sin Iniciar', '2023-09-22 10:13:18', '2023-09-22 10:13:18', 2, 2, NULL),
(1200, 1276, 1332, 'Cita previa consulado', 'Solicitud de cita previa al consulado', 'Solicitud de cita previa al consulado', 'Sin Iniciar', '2023-09-22 10:13:18', '2023-09-22 10:13:18', 3, 3, NULL),
(1201, 1276, 1332, 'Acudir al consulado', 'Día de presentación de expediente al consulado', 'Día de presentación de expediente al consulado', 'Sin Iniciar', '2023-09-22 10:13:18', '2023-09-22 10:13:18', 4, 4, NULL),
(1202, 1276, 1332, 'Situación de presentación', 'Presentación aceptada, requerida o rechazada', 'Presentación aceptada, requerida o rechazada', 'Sin Iniciar', '2023-09-22 10:13:18', '2023-09-22 10:13:18', 5, 5, NULL),
(1203, 1276, 1332, 'Situación de expediente', 'Resolución favorable, denegada o requerida', 'Resolución favorable, denegada o requerida', 'Sin Iniciar', '2023-09-22 10:13:18', '2023-09-22 10:13:18', 6, 6, NULL),
(1204, 1276, 1332, 'Recogida visado', 'Visita al consulado para retirar visado', 'Visita al consulado para retirar visado', 'Sin Iniciar', '2023-09-22 10:13:18', '2023-09-22 10:13:18', 7, 7, NULL),
(1205, 1276, 1332, 'Llegada a España', 'Llegada a España', 'Llegada a España', 'Sin Iniciar', '2023-09-22 10:13:18', '2023-09-22 10:13:18', 8, 8, NULL),
(1206, 1276, 1332, 'Padrón', 'Cita previa, formulario, contrato de alquiler, pasaportes, acta de nacimiento', 'Cita previa, formulario, contrato de alquiler, pasaportes, acta de nacimiento', 'Sin Iniciar', '2023-09-22 10:13:18', '2023-09-22 10:13:18', 9, 9, NULL),
(1207, 1276, 1332, 'Toma de huellas', 'Cita previa, planilla, tasa, foto, padrón, pasaportes', 'Cita previa, planilla, tasa, foto, padrón, pasaportes', 'Sin Iniciar', '2023-09-22 10:13:18', '2023-09-22 10:13:18', 11, 11, NULL),
(1208, 1276, 1332, 'Recogida de TIE', 'Cita previa, resguardo de presentación y pasaportes', 'Cita previa, resguardo de presentación y pasaportes', 'Sin Iniciar', '2023-09-22 10:13:18', '2023-09-22 10:13:18', 12, 12, NULL),
(1209, 1276, 1332, 'NIE familiar estudiante (si aplica)', 'Solicitud de NIE para el familiar de estudiante', 'Solicitud de NIE para el familiar de estudiante', 'Sin Iniciar', '2023-09-22 10:13:18', '2023-09-22 10:13:18', 10, 10, NULL),
(1210, 1275, 1333, 'Setup', 'Reunión de presentación', 'Reunión de presentación y conocimiento del cliente', 'Sin Iniciar', '2023-09-22 10:13:34', '2023-09-22 10:13:34', 1, 1, NULL),
(1211, 1275, 1333, 'Documentación', 'Recopilación de documentación', 'Revisión de documentación del cliente', 'Sin Iniciar', '2023-09-22 10:13:34', '2023-09-22 10:13:34', 2, 2, NULL),
(1212, 1275, 1333, 'Cita previa consulado', 'Solicitud de cita previa al consulado', 'Solicitud de cita previa al consulado', 'Sin Iniciar', '2023-09-22 10:13:34', '2023-09-22 10:13:34', 3, 3, NULL),
(1213, 1275, 1333, 'Acudir al consulado', 'Día de presentación de expediente al consulado', 'Día de presentación de expediente al consulado', 'Sin Iniciar', '2023-09-22 10:13:34', '2023-09-22 10:13:34', 4, 4, NULL),
(1214, 1275, 1333, 'Situación de presentación', 'Presentación aceptada, requerida o rechazada', 'Presentación aceptada, requerida o rechazada', 'Sin Iniciar', '2023-09-22 10:13:34', '2023-09-22 10:13:34', 5, 5, NULL),
(1215, 1275, 1333, 'Situación de expediente', 'Resolución favorable, denegada o requerida', 'Resolución favorable, denegada o requerida', 'Sin Iniciar', '2023-09-22 10:13:34', '2023-09-22 10:13:34', 6, 6, NULL),
(1216, 1275, 1333, 'Recogida visado', 'Visita al consulado para retirar visado', 'Visita al consulado para retirar visado', 'Sin Iniciar', '2023-09-22 10:13:34', '2023-09-22 10:13:34', 7, 7, NULL),
(1217, 1275, 1333, 'Llegada a España', 'Llegada a España', 'Llegada a España', 'Sin Iniciar', '2023-09-22 10:13:34', '2023-09-22 10:13:34', 8, 8, NULL),
(1218, 1275, 1333, 'Padrón', 'Cita previa, formulario, contrato de alquiler, pasaportes, acta de nacimiento', 'Cita previa, formulario, contrato de alquiler, pasaportes, acta de nacimiento', 'Sin Iniciar', '2023-09-22 10:13:34', '2023-09-22 10:13:34', 9, 9, NULL),
(1219, 1275, 1333, 'Toma de huellas', 'Cita previa, planilla, tasa, foto, padrón, pasaportes', 'Cita previa, planilla, tasa, foto, padrón, pasaportes', 'Sin Iniciar', '2023-09-22 10:13:34', '2023-09-22 10:13:34', 11, 11, NULL),
(1220, 1275, 1333, 'Recogida de TIE', 'Cita previa, resguardo de presentación y pasaportes', 'Cita previa, resguardo de presentación y pasaportes', 'Sin Iniciar', '2023-09-22 10:13:34', '2023-09-22 10:13:34', 12, 12, NULL),
(1221, 1275, 1333, 'NIE familiar estudiante (si aplica)', 'Solicitud de NIE para el familiar de estudiante', 'Solicitud de NIE para el familiar de estudiante', 'Sin Iniciar', '2023-09-22 10:13:34', '2023-09-22 10:13:34', 10, 10, NULL),
(1222, 1277, 1334, 'Setup', 'Reunión de presentación', 'Reunión de presentación y conocimiento del cliente', 'Sin Iniciar', '2023-09-22 10:17:04', '2023-09-22 10:17:04', 1, 1, NULL),
(1223, 1277, 1334, 'Documentación', 'Recopilación de documentación', 'Revisión de documentación del cliente', 'Sin Iniciar', '2023-09-22 10:17:04', '2023-09-22 10:17:04', 2, 2, NULL),
(1224, 1277, 1334, 'Cita previa consulado', 'Solicitud de cita previa al consulado', 'Solicitud de cita previa al consulado', 'Sin Iniciar', '2023-09-22 10:17:04', '2023-09-22 10:17:04', 3, 3, NULL),
(1225, 1277, 1334, 'Acudir al consulado', 'Día de presentación de expediente al consulado', 'Día de presentación de expediente al consulado', 'Sin Iniciar', '2023-09-22 10:17:04', '2023-09-22 10:17:04', 4, 4, NULL),
(1226, 1277, 1334, 'Situación de presentación', 'Presentación aceptada, requerida o rechazada', 'Presentación aceptada, requerida o rechazada', 'Sin Iniciar', '2023-09-22 10:17:04', '2023-09-22 10:17:04', 5, 5, NULL),
(1227, 1277, 1334, 'Situación de expediente', 'Resolución favorable, denegada o requerida', 'Resolución favorable, denegada o requerida', 'Sin Iniciar', '2023-09-22 10:17:04', '2023-09-22 10:17:04', 6, 6, NULL),
(1228, 1277, 1334, 'Recogida visado', 'Visita al consulado para retirar visado', 'Visita al consulado para retirar visado', 'Sin Iniciar', '2023-09-22 10:17:04', '2023-09-22 10:17:04', 7, 7, NULL),
(1229, 1277, 1334, 'Llegada a España', 'Llegada a España', 'Llegada a España', 'Sin Iniciar', '2023-09-22 10:17:04', '2023-09-22 10:17:04', 8, 8, NULL),
(1230, 1277, 1334, 'Padrón', 'Cita previa, formulario, contrato de alquiler, pasaportes, acta de nacimiento', 'Cita previa, formulario, contrato de alquiler, pasaportes, acta de nacimiento', 'Sin Iniciar', '2023-09-22 10:17:04', '2023-09-22 10:17:04', 9, 9, NULL),
(1231, 1277, 1334, 'Toma de huellas', 'Cita previa, planilla, tasa, foto, padrón, pasaportes', 'Cita previa, planilla, tasa, foto, padrón, pasaportes', 'Sin Iniciar', '2023-09-22 10:17:04', '2023-09-22 10:17:04', 11, 11, NULL),
(1232, 1277, 1334, 'Recogida de TIE', 'Cita previa, resguardo de presentación y pasaportes', 'Cita previa, resguardo de presentación y pasaportes', 'Sin Iniciar', '2023-09-22 10:17:04', '2023-09-22 10:17:04', 12, 12, NULL),
(1233, 1277, 1334, 'NIE familiar estudiante (si aplica)', 'Solicitud de NIE para el familiar de estudiante', 'Solicitud de NIE para el familiar de estudiante', 'Sin Iniciar', '2023-09-22 10:17:04', '2023-09-22 10:17:04', 10, 10, NULL),
(1234, 1278, 1335, 'Setup', 'Reunión de presentación', 'Reunión de presentación y conocimiento del cliente', 'Sin Iniciar', '2023-09-22 10:17:58', '2023-09-22 10:17:58', 1, 1, NULL),
(1235, 1278, 1335, 'Documentación', 'Recopilación de documentación', 'Revisión de documentación del cliente', 'Sin Iniciar', '2023-09-22 10:17:58', '2023-09-22 10:17:58', 2, 2, NULL),
(1236, 1278, 1335, 'Cita previa consulado', 'Solicitud de cita previa al consulado', 'Solicitud de cita previa al consulado', 'Sin Iniciar', '2023-09-22 10:17:58', '2023-09-22 10:17:58', 3, 3, NULL),
(1237, 1278, 1335, 'Acudir al consulado', 'Día de presentación de expediente al consulado', 'Día de presentación de expediente al consulado', 'Sin Iniciar', '2023-09-22 10:17:58', '2023-09-22 10:17:58', 4, 4, NULL),
(1238, 1278, 1335, 'Situación de presentación', 'Presentación aceptada, requerida o rechazada', 'Presentación aceptada, requerida o rechazada', 'Sin Iniciar', '2023-09-22 10:17:58', '2023-09-22 10:17:58', 5, 5, NULL),
(1239, 1278, 1335, 'Situación de expediente', 'Resolución favorable, denegada o requerida', 'Resolución favorable, denegada o requerida', 'Sin Iniciar', '2023-09-22 10:17:58', '2023-09-22 10:17:58', 6, 6, NULL),
(1240, 1278, 1335, 'Recogida visado', 'Visita al consulado para retirar visado', 'Visita al consulado para retirar visado', 'Sin Iniciar', '2023-09-22 10:17:58', '2023-09-22 10:17:58', 7, 7, NULL),
(1241, 1278, 1335, 'Llegada a España', 'Llegada a España', 'Llegada a España', 'Sin Iniciar', '2023-09-22 10:17:58', '2023-09-22 10:17:58', 8, 8, NULL),
(1242, 1278, 1335, 'Padrón', 'Cita previa, formulario, contrato de alquiler, pasaportes, acta de nacimiento', 'Cita previa, formulario, contrato de alquiler, pasaportes, acta de nacimiento', 'Sin Iniciar', '2023-09-22 10:17:58', '2023-09-22 10:17:58', 9, 9, NULL),
(1243, 1278, 1335, 'Toma de huellas', 'Cita previa, planilla, tasa, foto, padrón, pasaportes', 'Cita previa, planilla, tasa, foto, padrón, pasaportes', 'Sin Iniciar', '2023-09-22 10:17:58', '2023-09-22 10:17:58', 11, 11, NULL),
(1244, 1278, 1335, 'Recogida de TIE', 'Cita previa, resguardo de presentación y pasaportes', 'Cita previa, resguardo de presentación y pasaportes', 'Sin Iniciar', '2023-09-22 10:17:58', '2023-09-22 10:17:58', 12, 12, NULL),
(1245, 1278, 1335, 'NIE familiar estudiante (si aplica)', 'Solicitud de NIE para el familiar de estudiante', 'Solicitud de NIE para el familiar de estudiante', 'Sin Iniciar', '2023-09-22 10:17:58', '2023-09-22 10:17:58', 10, 10, NULL),
(1246, 1280, 1336, 'Setup', 'Reunión de presentación', 'Reunión de presentación y conocimiento del cliente', 'Sin Iniciar', '2023-09-22 10:23:42', '2023-09-22 10:23:42', 1, 1, NULL),
(1247, 1280, 1336, 'Documentación', 'Recopilación de documentación', 'Revisión de documentación del cliente', 'Sin Iniciar', '2023-09-22 10:23:42', '2023-09-22 10:23:42', 2, 2, NULL),
(1248, 1280, 1336, 'Cita previa consulado', 'Solicitud de cita previa al consulado', 'Solicitud de cita previa al consulado', 'Sin Iniciar', '2023-09-22 10:23:42', '2023-09-22 10:23:42', 3, 3, NULL),
(1249, 1280, 1336, 'Acudir al consulado', 'Día de presentación de expediente al consulado', 'Día de presentación de expediente al consulado', 'Sin Iniciar', '2023-09-22 10:23:42', '2023-09-22 10:23:42', 4, 4, NULL),
(1250, 1280, 1336, 'Situación de presentación', 'Presentación aceptada, requerida o rechazada', 'Presentación aceptada, requerida o rechazada', 'Sin Iniciar', '2023-09-22 10:23:42', '2023-09-22 10:23:42', 5, 5, NULL),
(1251, 1280, 1336, 'Situación de expediente', 'Resolución favorable, denegada o requerida', 'Resolución favorable, denegada o requerida', 'Sin Iniciar', '2023-09-22 10:23:42', '2023-09-22 10:23:42', 6, 6, NULL),
(1252, 1280, 1336, 'Recogida visado', 'Visita al consulado para retirar visado', 'Visita al consulado para retirar visado', 'Sin Iniciar', '2023-09-22 10:23:42', '2023-09-22 10:23:42', 7, 7, NULL),
(1253, 1280, 1336, 'Llegada a España', 'Llegada a España', 'Llegada a España', 'Sin Iniciar', '2023-09-22 10:23:42', '2023-09-22 10:23:42', 8, 8, NULL),
(1254, 1280, 1336, 'Padrón', 'Cita previa, formulario, contrato de alquiler, pasaportes, acta de nacimiento', 'Cita previa, formulario, contrato de alquiler, pasaportes, acta de nacimiento', 'Sin Iniciar', '2023-09-22 10:23:42', '2023-09-22 10:23:42', 9, 9, NULL),
(1255, 1280, 1336, 'Toma de huellas', 'Cita previa, planilla, tasa, foto, padrón, pasaportes', 'Cita previa, planilla, tasa, foto, padrón, pasaportes', 'Sin Iniciar', '2023-09-22 10:23:42', '2023-09-22 10:23:42', 11, 11, NULL),
(1256, 1280, 1336, 'Recogida de TIE', 'Cita previa, resguardo de presentación y pasaportes', 'Cita previa, resguardo de presentación y pasaportes', 'Sin Iniciar', '2023-09-22 10:23:42', '2023-09-22 10:23:42', 12, 12, NULL),
(1257, 1280, 1336, 'NIE familiar estudiante (si aplica)', 'Solicitud de NIE para el familiar de estudiante', 'Solicitud de NIE para el familiar de estudiante', 'Sin Iniciar', '2023-09-22 10:23:42', '2023-09-22 10:23:42', 10, 10, NULL),
(1258, 1281, 1337, 'Setup', 'Reunión de presentación y conocimiento del cliente', 'Reunión de presentación y conocimiento del cliente', 'Sin Iniciar', '2023-09-22 10:27:31', '2023-09-22 10:27:31', 1, 1, NULL),
(1259, 1281, 1337, 'Documentación', 'Revisión de documentación del cliente', 'Revisión de documentación del cliente', 'Sin Iniciar', '2023-09-22 10:27:31', '2023-09-22 10:27:31', 2, 2, NULL),
(1260, 1281, 1337, 'Presentación expediente', 'Presentación de expediente en el sistema', 'Presentación de expediente en el sistema', 'Sin Iniciar', '2023-09-22 10:27:31', '2023-09-22 10:27:31', 3, 3, NULL),
(1261, 1281, 1337, 'Situación del expediente', 'Resolución favorable, denegada o requerida', 'Resolución favorable, denegada o requerida', 'Sin Iniciar', '2023-09-22 10:27:31', '2023-09-22 10:27:31', 4, 4, NULL),
(1262, 1281, 1337, 'Toma de huellas', 'Cita previa, planilla, tasa, foto, padrón, pasaportes', 'Cita previa, planilla, tasa, foto, padrón, pasaportes', 'Sin Iniciar', '2023-09-22 10:27:31', '2023-09-22 10:27:31', 5, 5, NULL),
(1263, 1281, 1337, 'Recogida TIE', 'Cita previa, resguardo de presentación y pasaportes', 'Cita previa, resguardo de presentación y pasaportes', 'Sin Iniciar', '2023-09-22 10:27:31', '2023-09-22 10:27:31', 6, 6, NULL),
(1264, 1282, 1338, 'Setup', 'Reunión de presentación y conocimiento del cliente', 'Reunión de presentación y conocimiento del cliente', 'Sin Iniciar', '2023-09-22 10:31:20', '2023-09-22 10:31:20', 1, 1, NULL),
(1265, 1282, 1338, 'Documentación', 'Revisión de documentación del cliente', 'Revisión de documentación del cliente', 'Sin Iniciar', '2023-09-22 10:31:20', '2023-09-22 10:31:20', 2, 2, NULL),
(1266, 1282, 1338, 'Llegada a España', 'Llegada a España', 'Llegada a España', 'Sin Iniciar', '2023-09-22 10:31:20', '2023-09-22 10:31:20', 3, 3, NULL),
(1267, 1282, 1338, 'Padrón', 'Cita previa, formulario, contrato de alquiler, pasaportes, acta de nacimiento', 'Cita previa, formulario, contrato de alquiler, pasaportes, acta de nacimiento', 'Sin Iniciar', '2023-09-22 10:31:20', '2023-09-22 10:31:20', 4, 4, NULL),
(1268, 1282, 1338, 'Presentación expediente', 'Presentación presencial de expediente con cita en departamente extranjería', 'Presentación presencial de expediente con cita en departamente extranjería', 'Sin Iniciar', '2023-09-22 10:31:20', '2023-09-22 10:31:20', 5, 5, NULL),
(1269, 1282, 1338, 'Situación del expediente', 'Resolución favorable, denegada o requerimiento', 'Resolución favorable, denegada o requerimiento', 'Sin Iniciar', '2023-09-22 10:31:20', '2023-09-22 10:31:20', 6, 6, NULL),
(1270, 1282, 1338, 'Toma de huellas', 'Cita previa, planilla, tasa, foto, padrón, pasaportes', 'Cita previa, planilla, tasa, foto, padrón, pasaportes', 'Sin Iniciar', '2023-09-22 10:31:20', '2023-09-22 10:31:20', 7, 7, NULL),
(1271, 1282, 1338, 'Recogida TIE', 'Cita previa, resguardo de presentación y pasaportes', 'Cita previa, resguardo de presentación y pasaportes', 'Sin Iniciar', '2023-09-22 10:31:20', '2023-09-22 10:31:20', 8, 8, NULL),
(1272, 1283, 1339, 'Setup', 'Reunión de presentación', 'Reunión de presentación y conocimiento del cliente', 'Sin Iniciar', '2023-09-22 10:36:18', '2023-09-22 10:36:18', 1, 1, NULL),
(1273, 1283, 1339, 'Documentación', 'Recopilación de documentación', 'Revisión de documentación del cliente', 'Sin Iniciar', '2023-09-22 10:36:18', '2023-09-22 10:36:18', 2, 2, NULL),
(1274, 1283, 1339, 'Cita previa consulado', 'Solicitud de cita previa al consulado', 'Solicitud de cita previa al consulado', 'Sin Iniciar', '2023-09-22 10:36:18', '2023-09-22 10:36:18', 3, 3, NULL),
(1275, 1283, 1339, 'Acudir al consulado', 'Día de presentación de expediente al consulado', 'Día de presentación de expediente al consulado', 'Sin Iniciar', '2023-09-22 10:36:18', '2023-09-22 10:36:18', 4, 4, NULL),
(1276, 1283, 1339, 'Situación de presentación', 'Presentación aceptada, requerida o rechazada', 'Presentación aceptada, requerida o rechazada', 'Sin Iniciar', '2023-09-22 10:36:18', '2023-09-22 10:36:18', 5, 5, NULL),
(1277, 1283, 1339, 'Situación de Expediente', 'Resolución favorable, denegada o requerida', 'Resolución favorable, denegada o requerida', 'Sin Iniciar', '2023-09-22 10:36:18', '2023-09-22 10:36:18', 6, 6, NULL),
(1278, 1283, 1339, 'Recogida de Visado', 'Visita al consulado para retirar visado', 'Visita al consulado para retirar visado', 'Sin Iniciar', '2023-09-22 10:36:18', '2023-09-22 10:36:18', 7, 7, NULL),
(1279, 1283, 1339, 'Llegada a España', 'Llegada a España', 'Llegada a España', 'Sin Iniciar', '2023-09-22 10:36:18', '2023-09-22 10:36:18', 8, 8, NULL),
(1280, 1283, 1339, 'Toma de huellas', 'Cita previa, planilla, tasa, foto, padrón, pasaportes', 'Cita previa, planilla, tasa, foto, padrón, pasaportes', 'Sin Iniciar', '2023-09-22 10:36:18', '2023-09-22 10:36:18', 10, 10, NULL),
(1281, 1283, 1339, 'Recogida de TIE', 'Cita previa, resguardo de presentación y pasaportes', 'Cita previa, resguardo de presentación y pasaportes', 'Sin Iniciar', '2023-09-22 10:36:18', '2023-09-22 10:36:18', 11, 11, NULL),
(1282, 1284, 1340, 'Setup', 'Reunión de presentación y conocimiento del cliente', 'Reunión de presentación y conocimiento del cliente', 'Sin Iniciar', '2023-09-22 10:39:38', '2023-09-22 10:39:38', 1, 1, NULL),
(1283, 1284, 1340, 'Documentación', 'Revisión de documentación del cliente', 'Revisión de documentación del cliente', 'Sin Iniciar', '2023-09-22 10:39:38', '2023-09-22 10:39:38', 2, 2, NULL),
(1284, 1284, 1340, 'Presentación expediente', 'Presentación de expediente en el sistema', 'Presentación de expediente en el sistema', 'Sin Iniciar', '2023-09-22 10:39:38', '2023-09-22 10:39:38', 3, 3, NULL),
(1285, 1284, 1340, 'Situación del expediente', 'Resolución favorable, denegada o requerida', 'Resolución favorable, denegada o requerida', 'Sin Iniciar', '2023-09-22 10:39:38', '2023-09-22 10:39:38', 4, 4, NULL),
(1286, 1284, 1340, 'Toma de huellas', 'Cita previa, planilla, tasa, foto, padrón, pasaportes', 'Cita previa, planilla, tasa, foto, padrón, pasaportes', 'Sin Iniciar', '2023-09-22 10:39:38', '2023-09-22 10:39:38', 5, 5, NULL),
(1287, 1284, 1340, 'Recogida TIE', 'Cita previa, resguardo de presentación y pasaportes', 'Cita previa, resguardo de presentación y pasaportes', 'Sin Iniciar', '2023-09-22 10:39:38', '2023-09-22 10:39:38', 6, 6, NULL),
(1288, 1285, 1341, 'Setup', 'Reunión de presentación y conocimiento del cliente', 'Reunión de presentación y conocimiento del cliente', 'Sin Iniciar', '2023-09-22 10:44:12', '2023-09-22 10:44:12', 1, 1, NULL),
(1289, 1285, 1341, 'Documentación', 'Revisión de documentación del cliente', 'Revisión de documentación del cliente', 'Sin Iniciar', '2023-09-22 10:44:12', '2023-09-22 10:44:12', 2, 2, NULL),
(1290, 1285, 1341, 'Documentación Empresa', 'Revisión de documentación de la empresa', 'Revisión de documentación de la empresa', 'Sin Iniciar', '2023-09-22 10:44:12', '2023-09-22 10:44:12', 3, 3, NULL),
(1291, 1285, 1341, 'Presentación expediente', 'Presentación aceptada, requerimiento o rechazada', 'Presentación aceptada, requerimiento o rechazada', 'Sin Iniciar', '2023-09-22 10:44:12', '2023-09-22 10:44:12', 4, 4, NULL),
(1292, 1285, 1341, 'Situación expediente', 'Resolución favorable, denegada o requerimiento', 'Resolución favorable, denegada o requerimiento', 'Sin Iniciar', '2023-09-22 10:44:12', '2023-09-22 10:44:12', 5, 5, NULL),
(1293, 1285, 1341, 'Cita Consulado', 'Solicitud de cita previa al consulado', 'Solicitud de cita previa al consulado', 'Sin Iniciar', '2023-09-22 10:44:12', '2023-09-22 10:44:12', 6, 6, NULL),
(1294, 1285, 1341, 'Obtención del visado', 'Obtención del visado', 'Obtención del visado', 'Sin Iniciar', '2023-09-22 10:44:12', '2023-09-22 10:44:12', 7, 7, NULL),
(1295, 1285, 1341, 'Llegada a España', 'Llegada a España', 'Llegada a España', 'Sin Iniciar', '2023-09-22 10:44:12', '2023-09-22 10:44:12', 8, 8, NULL),
(1296, 1285, 1341, 'Padrón', 'Cita previa, formulario, contrato de alquiler, pasaportes, acta de nacimiento', 'Cita previa, formulario, contrato de alquiler, pasaportes, acta de nacimiento', 'Sin Iniciar', '2023-09-22 10:44:12', '2023-09-22 10:44:12', 9, 9, NULL),
(1297, 1285, 1341, 'Toma de huellas', 'Cita previa, planilla, tasa, foto, padrón, pasaportes', 'Cita previa, planilla, tasa, foto, padrón, pasaportes', 'Sin Iniciar', '2023-09-22 10:44:12', '2023-09-22 10:44:12', 10, 10, NULL),
(1298, 1285, 1341, 'Recogida TIE', 'Cita previa, resguardo de presentación y pasaportes', 'Cita previa, resguardo de presentación y pasaportes', 'Sin Iniciar', '2023-09-22 10:44:12', '2023-09-22 10:44:12', 11, 11, NULL),
(1299, 1286, 1342, 'Setup', 'Reunión de presentación y conocimiento del cliente', 'Reunión de presentación y conocimiento del cliente', 'Sin Iniciar', '2023-09-22 10:47:22', '2023-09-22 10:47:22', 1, 1, NULL),
(1300, 1286, 1342, 'Documentación', 'Revisión de documentación del cliente', 'Revisión de documentación del cliente', 'Sin Iniciar', '2023-09-22 10:47:22', '2023-09-22 10:47:22', 2, 2, NULL),
(1301, 1286, 1342, 'Presentación expediente', 'Presentación de expediente en el sistema', 'Presentación de expediente en el sistema', 'Sin Iniciar', '2023-09-22 10:47:22', '2023-09-22 10:47:22', 3, 3, NULL),
(1302, 1286, 1342, 'Situación del expediente', 'Resolución favorable, denegada o requerida', 'Resolución favorable, denegada o requerida', 'Sin Iniciar', '2023-09-22 10:47:22', '2023-09-22 10:47:22', 4, 4, NULL),
(1303, 1286, 1342, 'Toma de huellas', 'Cita previa, planilla, tasa, foto, padrón, pasaportes', 'Cita previa, planilla, tasa, foto, padrón, pasaportes', 'Sin Iniciar', '2023-09-22 10:47:22', '2023-09-22 10:47:22', 5, 5, NULL),
(1304, 1286, 1342, 'Recogida TIE', 'Cita previa, resguardo de presentación y pasaportes', 'Cita previa, resguardo de presentación y pasaportes', 'Sin Iniciar', '2023-09-22 10:47:22', '2023-09-22 10:47:22', 6, 6, NULL),
(1305, 1287, 1343, 'Setup', 'Reunión de presentación y conocimiento del cliente', 'Reunión de presentación y conocimiento del cliente', 'Sin Iniciar', '2023-09-22 10:50:13', '2023-09-22 10:50:13', 1, 1, NULL),
(1306, 1287, 1343, 'Documentación', 'Revisión de documentación del cliente', 'Revisión de documentación del cliente', 'Sin Iniciar', '2023-09-22 10:50:13', '2023-09-22 10:50:13', 2, 2, NULL),
(1307, 1287, 1343, 'Presentación expediente', 'Presentación de expediente en el sistema', 'Presentación de expediente en el sistema', 'Sin Iniciar', '2023-09-22 10:50:13', '2023-09-22 10:50:13', 3, 3, NULL),
(1308, 1287, 1343, 'Situación del expediente', 'Resolución favorable, denegada o requerida', 'Resolución favorable, denegada o requerida', 'Sin Iniciar', '2023-09-22 10:50:13', '2023-09-22 10:50:13', 4, 4, NULL),
(1309, 1287, 1343, 'Toma de huellas', 'Cita previa, planilla, tasa, foto, padrón, pasaportes', 'Cita previa, planilla, tasa, foto, padrón, pasaportes', 'Sin Iniciar', '2023-09-22 10:50:13', '2023-09-22 10:50:13', 5, 5, NULL),
(1310, 1287, 1343, 'Recogida TIE', 'Cita previa, resguardo de presentación y pasaportes', 'Cita previa, resguardo de presentación y pasaportes', 'Sin Iniciar', '2023-09-22 10:50:13', '2023-09-22 10:50:13', 6, 6, NULL),
(1311, 1288, 1344, 'Setup', 'Reunión de presentación', 'Reunión de presentación y conocimiento del cliente', 'Sin Iniciar', '2023-09-22 10:52:25', '2023-09-22 10:52:25', 1, 1, NULL),
(1312, 1288, 1344, 'Documentación', 'Recopilación de documentación', 'Revisión de documentación del cliente', 'Sin Iniciar', '2023-09-22 10:52:25', '2023-09-22 10:52:25', 2, 2, NULL),
(1313, 1288, 1344, 'Cita previa consulado', 'Solicitud de cita previa al consulado', 'Solicitud de cita previa al consulado', 'Sin Iniciar', '2023-09-22 10:52:25', '2023-09-22 10:52:25', 3, 3, NULL),
(1314, 1288, 1344, 'Acudir al consulado', 'Día de presentación de expediente al consulado', 'Día de presentación de expediente al consulado', 'Sin Iniciar', '2023-09-22 10:52:25', '2023-09-22 10:52:25', 4, 4, NULL),
(1315, 1288, 1344, 'Situación de presentación', 'Presentación aceptada, requerida o rechazada', 'Presentación aceptada, requerida o rechazada', 'Sin Iniciar', '2023-09-22 10:52:25', '2023-09-22 10:52:25', 5, 5, NULL),
(1316, 1288, 1344, 'Situación de expediente', 'Resolución favorable, denegada o requerida', 'Resolución favorable, denegada o requerida', 'Sin Iniciar', '2023-09-22 10:52:25', '2023-09-22 10:52:25', 6, 6, NULL),
(1317, 1288, 1344, 'Recogida visado', 'Visita al consulado para retirar visado', 'Visita al consulado para retirar visado', 'Sin Iniciar', '2023-09-22 10:52:25', '2023-09-22 10:52:25', 7, 7, NULL),
(1318, 1288, 1344, 'Llegada a España', 'Llegada a España', 'Llegada a España', 'Sin Iniciar', '2023-09-22 10:52:25', '2023-09-22 10:52:25', 8, 8, NULL),
(1319, 1288, 1344, 'Padrón', 'Cita previa, formulario, contrato de alquiler, pasaportes, acta de nacimiento', 'Cita previa, formulario, contrato de alquiler, pasaportes, acta de nacimiento', 'Sin Iniciar', '2023-09-22 10:52:25', '2023-09-22 10:52:25', 9, 9, NULL),
(1320, 1288, 1344, 'Toma de huellas', 'Cita previa, planilla, tasa, foto, padrón, pasaportes', 'Cita previa, planilla, tasa, foto, padrón, pasaportes', 'Sin Iniciar', '2023-09-22 10:52:25', '2023-09-22 10:52:25', 11, 11, NULL),
(1321, 1288, 1344, 'Recogida de TIE', 'Cita previa, resguardo de presentación y pasaportes', 'Cita previa, resguardo de presentación y pasaportes', 'Sin Iniciar', '2023-09-22 10:52:25', '2023-09-22 10:52:25', 12, 12, NULL),
(1322, 1288, 1344, 'NIE familiar estudiante (si aplica)', 'Solicitud de NIE para el familiar de estudiante', 'Solicitud de NIE para el familiar de estudiante', 'Sin Iniciar', '2023-09-22 10:52:25', '2023-09-22 10:52:25', 10, 10, NULL),
(1323, 1289, 1345, 'Setup', 'Reunión de presentación', 'Reunión de presentación y conocimiento del cliente', 'Sin Iniciar', '2023-09-22 10:55:35', '2023-09-22 10:55:35', 1, 1, NULL),
(1324, 1289, 1345, 'Documentación', 'Recopilación de documentación', 'Revisión de documentación del cliente', 'Sin Iniciar', '2023-09-22 10:55:35', '2023-09-22 10:55:35', 2, 2, NULL),
(1325, 1289, 1345, 'Cita previa consulado', 'Solicitud de cita previa al consulado', 'Solicitud de cita previa al consulado', 'Sin Iniciar', '2023-09-22 10:55:35', '2023-09-22 10:55:35', 3, 3, NULL),
(1326, 1289, 1345, 'Acudir al consulado', 'Día de presentación de expediente al consulado', 'Día de presentación de expediente al consulado', 'Sin Iniciar', '2023-09-22 10:55:35', '2023-09-22 10:55:35', 4, 4, NULL),
(1327, 1289, 1345, 'Situación de presentación', 'Presentación aceptada, requerida o rechazada', 'Presentación aceptada, requerida o rechazada', 'Sin Iniciar', '2023-09-22 10:55:35', '2023-09-22 10:55:35', 5, 5, NULL),
(1328, 1289, 1345, 'Situación de expediente', 'Resolución favorable, denegada o requerida', 'Resolución favorable, denegada o requerida', 'Sin Iniciar', '2023-09-22 10:55:35', '2023-09-22 10:55:35', 6, 6, NULL),
(1329, 1289, 1345, 'Recogida visado', 'Visita al consulado para retirar visado', 'Visita al consulado para retirar visado', 'Sin Iniciar', '2023-09-22 10:55:35', '2023-09-22 10:55:35', 7, 7, NULL),
(1330, 1289, 1345, 'Llegada a España', 'Llegada a España', 'Llegada a España', 'Sin Iniciar', '2023-09-22 10:55:35', '2023-09-22 10:55:35', 8, 8, NULL),
(1331, 1289, 1345, 'Padrón', 'Cita previa, formulario, contrato de alquiler, pasaportes, acta de nacimiento', 'Cita previa, formulario, contrato de alquiler, pasaportes, acta de nacimiento', 'Sin Iniciar', '2023-09-22 10:55:35', '2023-09-22 10:55:35', 9, 9, NULL),
(1332, 1289, 1345, 'Toma de huellas', 'Cita previa, planilla, tasa, foto, padrón, pasaportes', 'Cita previa, planilla, tasa, foto, padrón, pasaportes', 'Sin Iniciar', '2023-09-22 10:55:35', '2023-09-22 10:55:35', 11, 11, NULL),
(1333, 1289, 1345, 'Recogida de TIE', 'Cita previa, resguardo de presentación y pasaportes', 'Cita previa, resguardo de presentación y pasaportes', 'Sin Iniciar', '2023-09-22 10:55:35', '2023-09-22 10:55:35', 12, 12, NULL),
(1334, 1289, 1345, 'NIE familiar estudiante (si aplica)', 'Solicitud de NIE para el familiar de estudiante', 'Solicitud de NIE para el familiar de estudiante', 'Sin Iniciar', '2023-09-22 10:55:35', '2023-09-22 10:55:35', 10, 10, NULL),
(1335, 1290, 1346, 'Setup', 'Reunión de presentación', 'Reunión de presentación y conocimiento del cliente', 'Sin Iniciar', '2023-09-22 10:58:14', '2023-09-22 10:58:14', 1, 1, NULL),
(1336, 1290, 1346, 'Documentación', 'Recopilación de documentación', 'Revisión de documentación del cliente', 'Sin Iniciar', '2023-09-22 10:58:14', '2023-09-22 10:58:14', 2, 2, NULL),
(1337, 1290, 1346, 'Cita previa consulado', 'Solicitud de cita previa al consulado', 'Solicitud de cita previa al consulado', 'Sin Iniciar', '2023-09-22 10:58:14', '2023-09-22 10:58:14', 3, 3, NULL),
(1338, 1290, 1346, 'Acudir al consulado', 'Día de presentación de expediente al consulado', 'Día de presentación de expediente al consulado', 'Sin Iniciar', '2023-09-22 10:58:14', '2023-09-22 10:58:14', 4, 4, NULL),
(1339, 1290, 1346, 'Situación de presentación', 'Presentación aceptada, requerida o rechazada', 'Presentación aceptada, requerida o rechazada', 'Sin Iniciar', '2023-09-22 10:58:14', '2023-09-22 10:58:14', 5, 5, NULL),
(1340, 1290, 1346, 'Situación de Expediente', 'Resolución favorable, denegada o requerida', 'Resolución favorable, denegada o requerida', 'Sin Iniciar', '2023-09-22 10:58:14', '2023-09-22 10:58:14', 6, 6, NULL),
(1341, 1290, 1346, 'Recogida de Visado', 'Visita al consulado para retirar visado', 'Visita al consulado para retirar visado', 'Sin Iniciar', '2023-09-22 10:58:14', '2023-09-22 10:58:14', 7, 7, NULL),
(1342, 1290, 1346, 'Llegada a España', 'Llegada a España', 'Llegada a España', 'Sin Iniciar', '2023-09-22 10:58:14', '2023-09-22 10:58:14', 8, 8, NULL),
(1343, 1290, 1346, 'Toma de huellas', 'Cita previa, planilla, tasa, foto, padrón, pasaportes', 'Cita previa, planilla, tasa, foto, padrón, pasaportes', 'Sin Iniciar', '2023-09-22 10:58:14', '2023-09-22 10:58:14', 10, 10, NULL),
(1344, 1290, 1346, 'Recogida de TIE', 'Cita previa, resguardo de presentación y pasaportes', 'Cita previa, resguardo de presentación y pasaportes', 'Sin Iniciar', '2023-09-22 10:58:14', '2023-09-22 10:58:14', 11, 11, NULL),
(1345, 1305, 1361, 'Setup', 'Reunión de presentación', 'Reunión de presentación y conocimiento del cliente', 'Sin Iniciar', '2023-09-26 14:34:57', '2023-09-26 14:34:57', 1, 1, NULL),
(1346, 1305, 1361, 'Documentación', 'Recopilación de documentación', 'Revisión de documentación del cliente', 'Sin Iniciar', '2023-09-26 14:34:57', '2023-09-26 14:34:57', 2, 2, NULL),
(1347, 1305, 1361, 'Cita previa consulado', 'Solicitud de cita previa al consulado', 'Solicitud de cita previa al consulado', 'Sin Iniciar', '2023-09-26 14:34:57', '2023-09-26 14:34:57', 3, 3, NULL),
(1348, 1305, 1361, 'Acudir al consulado', 'Día de presentación de expediente al consulado', 'Día de presentación de expediente al consulado', 'Sin Iniciar', '2023-09-26 14:34:57', '2023-09-26 14:34:57', 4, 4, NULL),
(1349, 1305, 1361, 'Situación de presentación', 'Presentación aceptada, requerida o rechazada', 'Presentación aceptada, requerida o rechazada', 'Sin Iniciar', '2023-09-26 14:34:57', '2023-09-26 14:34:57', 5, 5, NULL),
(1350, 1305, 1361, 'Situación de Expediente', 'Resolución favorable, denegada o requerida', 'Resolución favorable, denegada o requerida', 'Sin Iniciar', '2023-09-26 14:34:57', '2023-09-26 14:34:57', 6, 6, NULL),
(1351, 1305, 1361, 'Recogida de Visado', 'Visita al consulado para retirar visado', 'Visita al consulado para retirar visado', 'Sin Iniciar', '2023-09-26 14:34:57', '2023-09-26 14:34:57', 7, 7, NULL),
(1352, 1305, 1361, 'Llegada a España', 'Llegada a España', 'Llegada a España', 'Sin Iniciar', '2023-09-26 14:34:57', '2023-09-26 14:34:57', 8, 8, NULL),
(1353, 1305, 1361, 'Toma de huellas', 'Cita previa, planilla, tasa, foto, padrón, pasaportes', 'Cita previa, planilla, tasa, foto, padrón, pasaportes', 'Sin Iniciar', '2023-09-26 14:34:57', '2023-09-26 14:34:57', 10, 10, NULL),
(1354, 1305, 1361, 'Recogida de TIE', 'Cita previa, resguardo de presentación y pasaportes', 'Cita previa, resguardo de presentación y pasaportes', 'Sin Iniciar', '2023-09-26 14:34:57', '2023-09-26 14:34:57', 11, 11, NULL),
(1355, 1306, 1362, 'Setup', 'Reunión de presentación', 'Reunión de presentación y conocimiento del cliente', 'Sin Iniciar', '2023-09-26 14:45:52', '2023-09-26 14:45:52', 1, 1, NULL),
(1356, 1306, 1362, 'Documentación', 'Recopilación de documentación', 'Revisión de documentación del cliente', 'Sin Iniciar', '2023-09-26 14:45:52', '2023-09-26 14:45:52', 2, 2, NULL),
(1357, 1306, 1362, 'Cita previa consulado', 'Solicitud de cita previa al consulado', 'Solicitud de cita previa al consulado', 'Sin Iniciar', '2023-09-26 14:45:52', '2023-09-26 14:45:52', 3, 3, NULL),
(1358, 1306, 1362, 'Acudir al consulado', 'Día de presentación de expediente al consulado', 'Día de presentación de expediente al consulado', 'Sin Iniciar', '2023-09-26 14:45:52', '2023-09-26 14:45:52', 4, 4, NULL),
(1359, 1306, 1362, 'Situación de presentación', 'Presentación aceptada, requerida o rechazada', 'Presentación aceptada, requerida o rechazada', 'Sin Iniciar', '2023-09-26 14:45:52', '2023-09-26 14:45:52', 5, 5, NULL),
(1360, 1306, 1362, 'Situación de expediente', 'Resolución favorable, denegada o requerida', 'Resolución favorable, denegada o requerida', 'Sin Iniciar', '2023-09-26 14:45:52', '2023-09-26 14:45:52', 6, 6, NULL),
(1361, 1306, 1362, 'Recogida visado', 'Visita al consulado para retirar visado', 'Visita al consulado para retirar visado', 'Sin Iniciar', '2023-09-26 14:45:52', '2023-09-26 14:45:52', 7, 7, NULL),
(1362, 1306, 1362, 'Llegada a España', 'Llegada a España', 'Llegada a España', 'Sin Iniciar', '2023-09-26 14:45:52', '2023-09-26 14:45:52', 8, 8, NULL),
(1363, 1306, 1362, 'Padrón', 'Cita previa, formulario, contrato de alquiler, pasaportes, acta de nacimiento', 'Cita previa, formulario, contrato de alquiler, pasaportes, acta de nacimiento', 'Sin Iniciar', '2023-09-26 14:45:52', '2023-09-26 14:45:52', 9, 9, NULL),
(1364, 1306, 1362, 'Toma de huellas', 'Cita previa, planilla, tasa, foto, padrón, pasaportes', 'Cita previa, planilla, tasa, foto, padrón, pasaportes', 'Sin Iniciar', '2023-09-26 14:45:52', '2023-09-26 14:45:52', 11, 11, NULL),
(1365, 1306, 1362, 'Recogida de TIE', 'Cita previa, resguardo de presentación y pasaportes', 'Cita previa, resguardo de presentación y pasaportes', 'Sin Iniciar', '2023-09-26 14:45:52', '2023-09-26 14:45:52', 12, 12, NULL),
(1366, 1306, 1362, 'NIE familiar estudiante (si aplica)', 'Solicitud de NIE para el familiar de estudiante', 'Solicitud de NIE para el familiar de estudiante', 'Sin Iniciar', '2023-09-26 14:45:52', '2023-09-26 14:45:52', 10, 10, NULL),
(1367, 1310, 1366, 'Setup', 'Reunión de presentación', 'Reunión de presentación y conocimiento del cliente', 'Sin Iniciar', '2023-09-27 10:09:48', '2023-09-27 10:09:48', 1, 1, NULL),
(1368, 1310, 1366, 'Documentación', 'Recopilación de documentación', 'Revisión de documentación del cliente', 'Sin Iniciar', '2023-09-27 10:09:48', '2023-09-27 10:09:48', 2, 2, NULL),
(1369, 1310, 1366, 'Cita previa consulado', 'Solicitud de cita previa al consulado', 'Solicitud de cita previa al consulado', 'Sin Iniciar', '2023-09-27 10:09:48', '2023-09-27 10:09:48', 3, 3, NULL),
(1370, 1310, 1366, 'Acudir al consulado', 'Día de presentación de expediente al consulado', 'Día de presentación de expediente al consulado', 'Sin Iniciar', '2023-09-27 10:09:48', '2023-09-27 10:09:48', 4, 4, NULL),
(1371, 1310, 1366, 'Situación de presentación', 'Presentación aceptada, requerida o rechazada', 'Presentación aceptada, requerida o rechazada', 'Sin Iniciar', '2023-09-27 10:09:48', '2023-09-27 10:09:48', 5, 5, NULL),
(1372, 1310, 1366, 'Situación de expediente', 'Resolución favorable, denegada o requerida', 'Resolución favorable, denegada o requerida', 'Sin Iniciar', '2023-09-27 10:09:48', '2023-09-27 10:09:48', 6, 6, NULL),
(1373, 1310, 1366, 'Recogida visado', 'Visita al consulado para retirar visado', 'Visita al consulado para retirar visado', 'Sin Iniciar', '2023-09-27 10:09:48', '2023-09-27 10:09:48', 7, 7, NULL),
(1374, 1310, 1366, 'Llegada a España', 'Llegada a España', 'Llegada a España', 'Sin Iniciar', '2023-09-27 10:09:48', '2023-09-27 10:09:48', 8, 8, NULL),
(1375, 1310, 1366, 'Padrón', 'Cita previa, formulario, contrato de alquiler, pasaportes, acta de nacimiento', 'Cita previa, formulario, contrato de alquiler, pasaportes, acta de nacimiento', 'Sin Iniciar', '2023-09-27 10:09:48', '2023-09-27 10:09:48', 9, 9, NULL),
(1376, 1310, 1366, 'Toma de huellas', 'Cita previa, planilla, tasa, foto, padrón, pasaportes', 'Cita previa, planilla, tasa, foto, padrón, pasaportes', 'Sin Iniciar', '2023-09-27 10:09:48', '2023-09-27 10:09:48', 11, 11, NULL),
(1377, 1310, 1366, 'Recogida de TIE', 'Cita previa, resguardo de presentación y pasaportes', 'Cita previa, resguardo de presentación y pasaportes', 'Sin Iniciar', '2023-09-27 10:09:48', '2023-09-27 10:09:48', 12, 12, NULL),
(1378, 1310, 1366, 'NIE familiar estudiante (si aplica)', 'Solicitud de NIE para el familiar de estudiante', 'Solicitud de NIE para el familiar de estudiante', 'Sin Iniciar', '2023-09-27 10:09:48', '2023-09-27 10:09:48', 10, 10, NULL),
(1379, 1313, 1368, 'Setup', 'Reunión de presentación', 'Reunión de presentación y conocimiento del cliente', 'Sin Iniciar', '2023-09-27 10:17:51', '2023-09-27 10:17:51', 1, 1, NULL),
(1380, 1313, 1368, 'Documentación', 'Recopilación de documentación', 'Revisión de documentación del cliente', 'Sin Iniciar', '2023-09-27 10:17:51', '2023-09-27 10:17:51', 2, 2, NULL),
(1381, 1313, 1368, 'Cita previa consulado', 'Solicitud de cita previa al consulado', 'Solicitud de cita previa al consulado', 'Sin Iniciar', '2023-09-27 10:17:51', '2023-09-27 10:17:51', 3, 3, NULL),
(1382, 1313, 1368, 'Acudir al consulado', 'Día de presentación de expediente al consulado', 'Día de presentación de expediente al consulado', 'Sin Iniciar', '2023-09-27 10:17:51', '2023-09-27 10:17:51', 4, 4, NULL),
(1383, 1313, 1368, 'Situación de presentación', 'Presentación aceptada, requerida o rechazada', 'Presentación aceptada, requerida o rechazada', 'Sin Iniciar', '2023-09-27 10:17:51', '2023-09-27 10:17:51', 5, 5, NULL),
(1384, 1313, 1368, 'Situación de Expediente', 'Resolución favorable, denegada o requerida', 'Resolución favorable, denegada o requerida', 'Sin Iniciar', '2023-09-27 10:17:51', '2023-09-27 10:17:51', 6, 6, NULL),
(1385, 1313, 1368, 'Recogida de Visado', 'Visita al consulado para retirar visado', 'Visita al consulado para retirar visado', 'Sin Iniciar', '2023-09-27 10:17:51', '2023-09-27 10:17:51', 7, 7, NULL),
(1386, 1313, 1368, 'Llegada a España', 'Llegada a España', 'Llegada a España', 'Sin Iniciar', '2023-09-27 10:17:51', '2023-09-27 10:17:51', 8, 8, NULL),
(1387, 1313, 1368, 'Toma de huellas', 'Cita previa, planilla, tasa, foto, padrón, pasaportes', 'Cita previa, planilla, tasa, foto, padrón, pasaportes', 'Sin Iniciar', '2023-09-27 10:17:51', '2023-09-27 10:17:51', 10, 10, NULL),
(1388, 1313, 1368, 'Recogida de TIE', 'Cita previa, resguardo de presentación y pasaportes', 'Cita previa, resguardo de presentación y pasaportes', 'Sin Iniciar', '2023-09-27 10:17:51', '2023-09-27 10:17:51', 11, 11, NULL),
(1389, 1315, 1369, 'Setup', 'Reunión de presentación', 'Reunión de presentación y conocimiento del cliente', 'Sin Iniciar', '2023-09-27 10:27:10', '2023-09-27 10:27:10', 1, 1, NULL),
(1390, 1315, 1369, 'Documentación', 'Recopilación de documentación', 'Revisión de documentación del cliente', 'Sin Iniciar', '2023-09-27 10:27:10', '2023-09-27 10:27:10', 2, 2, NULL),
(1391, 1315, 1369, 'Cita previa consulado', 'Solicitud de cita previa al consulado', 'Solicitud de cita previa al consulado', 'Sin Iniciar', '2023-09-27 10:27:10', '2023-09-27 10:27:10', 3, 3, NULL),
(1392, 1315, 1369, 'Acudir al consulado', 'Día de presentación de expediente al consulado', 'Día de presentación de expediente al consulado', 'Sin Iniciar', '2023-09-27 10:27:10', '2023-09-27 10:27:10', 4, 4, NULL),
(1393, 1315, 1369, 'Situación de presentación', 'Presentación aceptada, requerida o rechazada', 'Presentación aceptada, requerida o rechazada', 'Sin Iniciar', '2023-09-27 10:27:10', '2023-09-27 10:27:10', 5, 5, NULL),
(1394, 1315, 1369, 'Situación de expediente', 'Resolución favorable, denegada o requerida', 'Resolución favorable, denegada o requerida', 'Sin Iniciar', '2023-09-27 10:27:10', '2023-09-27 10:27:10', 6, 6, NULL),
(1395, 1315, 1369, 'Recogida visado', 'Visita al consulado para retirar visado', 'Visita al consulado para retirar visado', 'Sin Iniciar', '2023-09-27 10:27:10', '2023-09-27 10:27:10', 7, 7, NULL),
(1396, 1315, 1369, 'Llegada a España', 'Llegada a España', 'Llegada a España', 'Sin Iniciar', '2023-09-27 10:27:10', '2023-09-27 10:27:10', 8, 8, NULL),
(1397, 1315, 1369, 'Padrón', 'Cita previa, formulario, contrato de alquiler, pasaportes, acta de nacimiento', 'Cita previa, formulario, contrato de alquiler, pasaportes, acta de nacimiento', 'Sin Iniciar', '2023-09-27 10:27:10', '2023-09-27 10:27:10', 9, 9, NULL),
(1398, 1315, 1369, 'Toma de huellas', 'Cita previa, planilla, tasa, foto, padrón, pasaportes', 'Cita previa, planilla, tasa, foto, padrón, pasaportes', 'Sin Iniciar', '2023-09-27 10:27:10', '2023-09-27 10:27:10', 11, 11, NULL),
(1399, 1315, 1369, 'Recogida de TIE', 'Cita previa, resguardo de presentación y pasaportes', 'Cita previa, resguardo de presentación y pasaportes', 'Sin Iniciar', '2023-09-27 10:27:10', '2023-09-27 10:27:10', 12, 12, NULL),
(1400, 1315, 1369, 'NIE familiar estudiante (si aplica)', 'Solicitud de NIE para el familiar de estudiante', 'Solicitud de NIE para el familiar de estudiante', 'Sin Iniciar', '2023-09-27 10:27:10', '2023-09-27 10:27:10', 10, 10, NULL),
(1401, 1319, 1372, 'Setup', 'Reunión de presentación', 'Reunión de presentación y conocimiento del cliente', 'Sin Iniciar', '2023-09-27 11:39:01', '2023-09-27 11:39:01', 1, 1, NULL),
(1402, 1319, 1372, 'Documentación', 'Recopilación de documentación', 'Revisión de documentación del cliente', 'Sin Iniciar', '2023-09-27 11:39:01', '2023-09-27 11:39:01', 2, 2, NULL),
(1403, 1319, 1372, 'Cita previa consulado', 'Solicitud de cita previa al consulado', 'Solicitud de cita previa al consulado', 'Sin Iniciar', '2023-09-27 11:39:01', '2023-09-27 11:39:01', 3, 3, NULL),
(1404, 1319, 1372, 'Acudir al consulado', 'Día de presentación de expediente al consulado', 'Día de presentación de expediente al consulado', 'Sin Iniciar', '2023-09-27 11:39:01', '2023-09-27 11:39:01', 4, 4, NULL),
(1405, 1319, 1372, 'Situación de presentación', 'Presentación aceptada, requerida o rechazada', 'Presentación aceptada, requerida o rechazada', 'Sin Iniciar', '2023-09-27 11:39:01', '2023-09-27 11:39:01', 5, 5, NULL),
(1406, 1319, 1372, 'Situación de Expediente', 'Resolución favorable, denegada o requerida', 'Resolución favorable, denegada o requerida', 'Sin Iniciar', '2023-09-27 11:39:01', '2023-09-27 11:39:01', 6, 6, NULL),
(1407, 1319, 1372, 'Recogida de Visado', 'Visita al consulado para retirar visado', 'Visita al consulado para retirar visado', 'Sin Iniciar', '2023-09-27 11:39:01', '2023-09-27 11:39:01', 7, 7, NULL),
(1408, 1319, 1372, 'Llegada a España', 'Llegada a España', 'Llegada a España', 'Sin Iniciar', '2023-09-27 11:39:01', '2023-09-27 11:39:01', 8, 8, NULL),
(1409, 1319, 1372, 'Toma de huellas', 'Cita previa, planilla, tasa, foto, padrón, pasaportes', 'Cita previa, planilla, tasa, foto, padrón, pasaportes', 'Sin Iniciar', '2023-09-27 11:39:01', '2023-09-27 11:39:01', 10, 10, NULL),
(1410, 1319, 1372, 'Recogida de TIE', 'Cita previa, resguardo de presentación y pasaportes', 'Cita previa, resguardo de presentación y pasaportes', 'Sin Iniciar', '2023-09-27 11:39:01', '2023-09-27 11:39:01', 11, 11, NULL),
(1411, 1320, 1373, 'Setup', 'Reunión de presentación y conocimiento del cliente', 'Reunión de presentación y conocimiento del cliente', 'Sin Iniciar', '2023-09-27 12:23:17', '2023-09-27 12:23:17', 1, 1, NULL),
(1412, 1320, 1373, 'Documentación', 'Revisión de documentación del cliente', 'Revisión de documentación del cliente', 'Sin Iniciar', '2023-09-27 12:23:17', '2023-09-27 12:23:17', 2, 2, NULL),
(1413, 1320, 1373, 'Presentación expediente', 'Introducción de expediente', 'Introducción de expediente', 'Sin Iniciar', '2023-09-27 12:23:17', '2023-09-27 12:23:17', 3, 3, NULL),
(1414, 1320, 1373, 'Actualización del expediente', 'En caso de requerimiento adicional', 'En caso de requerimiento adicional', 'Sin Iniciar', '2023-09-27 12:23:17', '2023-09-27 12:23:17', 4, 4, NULL),
(1415, 1320, 1373, 'Situación del expediente', 'Resolución favorable o denegada', 'Resolución favorable o denegada', 'Sin Iniciar', '2023-09-27 12:23:17', '2023-09-27 12:23:17', 5, 5, NULL),
(1416, 1320, 1373, 'Cita PreJura y Jura', 'Protocolo de Jura', 'Protocolo de Jura', 'Sin Iniciar', '2023-09-27 12:23:17', '2023-09-27 12:23:17', 6, 6, NULL),
(1417, 1320, 1373, 'Inscripción en Registro Civil', 'Inscripción en Registro Civil', 'Inscripción en Registro Civil', 'Sin Iniciar', '2023-09-27 12:23:17', '2023-09-27 12:23:17', 7, 7, NULL),
(1418, 1320, 1373, 'Obtención certificado nacimiento', 'Obtención certificado nacimiento', 'Obtención certificado nacimiento', 'Sin Iniciar', '2023-09-27 12:23:17', '2023-09-27 12:23:17', 8, 8, NULL),
(1419, 1320, 1373, 'Toma de Huellas DNI', 'Cita previa, planilla, tasa, foto, padrón, pasaportes', 'Cita previa, planilla, tasa, foto, padrón, pasaportes', 'Sin Iniciar', '2023-09-27 12:23:17', '2023-09-27 12:23:17', 9, 9, NULL);
INSERT INTO `visa_steps` (`id`, `client_id`, `added_service_id`, `name`, `client_description`, `advisor_description`, `status`, `created_at`, `updated_at`, `number_client`, `number_advisor`, `date_completed`) VALUES
(1420, 1320, 1373, 'Recogida DNI', 'Cita previa, resguardo de presentación y pasaportes', 'Cita previa, resguardo de presentación y pasaportes', 'Sin Iniciar', '2023-09-27 12:23:17', '2023-09-27 12:23:17', 10, 10, NULL),
(1421, 1321, 1374, 'Setup', 'Reunión de presentación y conocimiento del cliente', 'Reunión de presentación y conocimiento del cliente', 'Sin Iniciar', '2023-09-27 14:12:14', '2023-09-27 14:12:14', 1, 1, NULL),
(1422, 1321, 1374, 'Documentación', 'Revisión de documentación del cliente', 'Revisión de documentación del cliente', 'Sin Iniciar', '2023-09-27 14:12:14', '2023-09-27 14:12:14', 2, 2, NULL),
(1423, 1321, 1374, 'Presentación expediente', 'Introducción de expediente', 'Introducción de expediente', 'Sin Iniciar', '2023-09-27 14:12:14', '2023-09-27 14:12:14', 3, 3, NULL),
(1424, 1321, 1374, 'Actualización del expediente', 'En caso de requerimiento adicional', 'En caso de requerimiento adicional', 'Sin Iniciar', '2023-09-27 14:12:14', '2023-09-27 14:12:14', 4, 4, NULL),
(1425, 1321, 1374, 'Situación del expediente', 'Resolución favorable o denegada', 'Resolución favorable o denegada', 'Sin Iniciar', '2023-09-27 14:12:14', '2023-09-27 14:12:14', 5, 5, NULL),
(1426, 1321, 1374, 'Cita PreJura y Jura', 'Protocolo de Jura', 'Protocolo de Jura', 'Sin Iniciar', '2023-09-27 14:12:14', '2023-09-27 14:12:14', 6, 6, NULL),
(1427, 1321, 1374, 'Inscripción en Registro Civil', 'Inscripción en Registro Civil', 'Inscripción en Registro Civil', 'Sin Iniciar', '2023-09-27 14:12:14', '2023-09-27 14:12:14', 7, 7, NULL),
(1428, 1321, 1374, 'Obtención certificado nacimiento', 'Obtención certificado nacimiento', 'Obtención certificado nacimiento', 'Sin Iniciar', '2023-09-27 14:12:14', '2023-09-27 14:12:14', 8, 8, NULL),
(1429, 1321, 1374, 'Toma de Huellas DNI', 'Cita previa, planilla, tasa, foto, padrón, pasaportes', 'Cita previa, planilla, tasa, foto, padrón, pasaportes', 'Sin Iniciar', '2023-09-27 14:12:15', '2023-09-27 14:12:15', 9, 9, NULL),
(1430, 1321, 1374, 'Recogida DNI', 'Cita previa, resguardo de presentación y pasaportes', 'Cita previa, resguardo de presentación y pasaportes', 'Sin Iniciar', '2023-09-27 14:12:15', '2023-09-27 14:12:15', 10, 10, NULL),
(1431, 1322, 1375, 'Setup', 'Reunión de presentación', 'Reunión de presentación y conocimiento del cliente', 'Sin Iniciar', '2023-09-27 14:37:31', '2023-09-27 14:37:31', 1, 1, NULL),
(1432, 1322, 1375, 'Documentación', 'Recopilación de documentación', 'Revisión de documentación del cliente', 'Sin Iniciar', '2023-09-27 14:37:31', '2023-09-27 14:37:31', 2, 2, NULL),
(1433, 1322, 1375, 'Cita previa consulado', 'Solicitud de cita previa al consulado', 'Solicitud de cita previa al consulado', 'Sin Iniciar', '2023-09-27 14:37:31', '2023-09-27 14:37:31', 3, 3, NULL),
(1434, 1322, 1375, 'Acudir al consulado', 'Día de presentación de expediente al consulado', 'Día de presentación de expediente al consulado', 'Sin Iniciar', '2023-09-27 14:37:31', '2023-09-27 14:37:31', 4, 4, NULL),
(1435, 1322, 1375, 'Situación de presentación', 'Presentación aceptada, requerida o rechazada', 'Presentación aceptada, requerida o rechazada', 'Sin Iniciar', '2023-09-27 14:37:31', '2023-09-27 14:37:31', 5, 5, NULL),
(1436, 1322, 1375, 'Situación de Expediente', 'Resolución favorable, denegada o requerida', 'Resolución favorable, denegada o requerida', 'Sin Iniciar', '2023-09-27 14:37:31', '2023-09-27 14:37:31', 6, 6, NULL),
(1437, 1322, 1375, 'Recogida de Visado', 'Visita al consulado para retirar visado', 'Visita al consulado para retirar visado', 'Sin Iniciar', '2023-09-27 14:37:31', '2023-09-27 14:37:31', 7, 7, NULL),
(1438, 1322, 1375, 'Llegada a España', 'Llegada a España', 'Llegada a España', 'Sin Iniciar', '2023-09-27 14:37:31', '2023-09-27 14:37:31', 8, 8, NULL),
(1439, 1322, 1375, 'Toma de huellas', 'Cita previa, planilla, tasa, foto, padrón, pasaportes', 'Cita previa, planilla, tasa, foto, padrón, pasaportes', 'Sin Iniciar', '2023-09-27 14:37:31', '2023-09-27 14:37:31', 10, 10, NULL),
(1440, 1322, 1375, 'Recogida de TIE', 'Cita previa, resguardo de presentación y pasaportes', 'Cita previa, resguardo de presentación y pasaportes', 'Sin Iniciar', '2023-09-27 14:37:31', '2023-09-27 14:37:31', 11, 11, NULL),
(1441, 1325, 1378, 'Setup', 'Reunión de presentación', 'Reunión de presentación y conocimiento del cliente', 'Sin Iniciar', '2023-09-28 13:46:52', '2023-09-28 13:46:52', 1, 1, NULL),
(1442, 1325, 1378, 'Documentación', 'Recopilación de documentación', 'Revisión de documentación del cliente', 'Sin Iniciar', '2023-09-28 13:46:52', '2023-09-28 13:46:52', 2, 2, NULL),
(1443, 1325, 1378, 'Cita previa consulado', 'Solicitud de cita previa al consulado', 'Solicitud de cita previa al consulado', 'Sin Iniciar', '2023-09-28 13:46:52', '2023-09-28 13:46:52', 3, 3, NULL),
(1444, 1325, 1378, 'Acudir al consulado', 'Día de presentación de expediente al consulado', 'Día de presentación de expediente al consulado', 'Sin Iniciar', '2023-09-28 13:46:52', '2023-09-28 13:46:52', 4, 4, NULL),
(1445, 1325, 1378, 'Situación de presentación', 'Presentación aceptada, requerida o rechazada', 'Presentación aceptada, requerida o rechazada', 'Sin Iniciar', '2023-09-28 13:46:52', '2023-09-28 13:46:52', 5, 5, NULL),
(1446, 1325, 1378, 'Situación de expediente', 'Resolución favorable, denegada o requerida', 'Resolución favorable, denegada o requerida', 'Sin Iniciar', '2023-09-28 13:46:52', '2023-09-28 13:46:52', 6, 6, NULL),
(1447, 1325, 1378, 'Recogida visado', 'Visita al consulado para retirar visado', 'Visita al consulado para retirar visado', 'Sin Iniciar', '2023-09-28 13:46:52', '2023-09-28 13:46:52', 7, 7, NULL),
(1448, 1325, 1378, 'Llegada a España', 'Llegada a España', 'Llegada a España', 'Sin Iniciar', '2023-09-28 13:46:52', '2023-09-28 13:46:52', 8, 8, NULL),
(1449, 1325, 1378, 'Padrón', 'Cita previa, formulario, contrato de alquiler, pasaportes, acta de nacimiento', 'Cita previa, formulario, contrato de alquiler, pasaportes, acta de nacimiento', 'Sin Iniciar', '2023-09-28 13:46:52', '2023-09-28 13:46:52', 9, 9, NULL),
(1450, 1325, 1378, 'Toma de huellas', 'Cita previa, planilla, tasa, foto, padrón, pasaportes', 'Cita previa, planilla, tasa, foto, padrón, pasaportes', 'Sin Iniciar', '2023-09-28 13:46:52', '2023-09-28 13:46:52', 11, 11, NULL),
(1451, 1325, 1378, 'Recogida de TIE', 'Cita previa, resguardo de presentación y pasaportes', 'Cita previa, resguardo de presentación y pasaportes', 'Sin Iniciar', '2023-09-28 13:46:52', '2023-09-28 13:46:52', 12, 12, NULL),
(1452, 1325, 1378, 'NIE familiar estudiante (si aplica)', 'Solicitud de NIE para el familiar de estudiante', 'Solicitud de NIE para el familiar de estudiante', 'Sin Iniciar', '2023-09-28 13:46:52', '2023-09-28 13:46:52', 10, 10, NULL),
(1453, 1326, 1379, 'Setup', 'Reunión de presentación y conocimiento del cliente', 'Reunión de presentación y conocimiento del cliente', 'Sin Iniciar', '2023-09-28 14:20:44', '2023-09-28 14:20:44', 1, 1, NULL),
(1454, 1326, 1379, 'Documentación', 'Revisión de documentación del cliente', 'Revisión de documentación del cliente', 'Sin Iniciar', '2023-09-28 14:20:44', '2023-09-28 14:20:44', 2, 2, NULL),
(1455, 1326, 1379, 'Presentación expediente', 'Introducción de expediente', 'Introducción de expediente', 'Sin Iniciar', '2023-09-28 14:20:44', '2023-09-28 14:20:44', 3, 3, NULL),
(1456, 1326, 1379, 'Actualización del expediente', 'En caso de requerimiento adicional', 'En caso de requerimiento adicional', 'Sin Iniciar', '2023-09-28 14:20:44', '2023-09-28 14:20:44', 4, 4, NULL),
(1457, 1326, 1379, 'Situación del expediente', 'Resolución favorable o denegada', 'Resolución favorable o denegada', 'Sin Iniciar', '2023-09-28 14:20:44', '2023-09-28 14:20:44', 5, 5, NULL),
(1458, 1326, 1379, 'Cita PreJura y Jura', 'Protocolo de Jura', 'Protocolo de Jura', 'Sin Iniciar', '2023-09-28 14:20:44', '2023-09-28 14:20:44', 6, 6, NULL),
(1459, 1326, 1379, 'Inscripción en Registro Civil', 'Inscripción en Registro Civil', 'Inscripción en Registro Civil', 'Sin Iniciar', '2023-09-28 14:20:44', '2023-09-28 14:20:44', 7, 7, NULL),
(1460, 1326, 1379, 'Obtención certificado nacimiento', 'Obtención certificado nacimiento', 'Obtención certificado nacimiento', 'Sin Iniciar', '2023-09-28 14:20:44', '2023-09-28 14:20:44', 8, 8, NULL),
(1461, 1326, 1379, 'Toma de Huellas DNI', 'Cita previa, planilla, tasa, foto, padrón, pasaportes', 'Cita previa, planilla, tasa, foto, padrón, pasaportes', 'Sin Iniciar', '2023-09-28 14:20:44', '2023-09-28 14:20:44', 9, 9, NULL),
(1462, 1326, 1379, 'Recogida DNI', 'Cita previa, resguardo de presentación y pasaportes', 'Cita previa, resguardo de presentación y pasaportes', 'Sin Iniciar', '2023-09-28 14:20:44', '2023-09-28 14:20:44', 10, 10, NULL),
(1463, 1330, 1384, 'Setup', 'Reunión de presentación y conocimiento del cliente', 'Reunión de presentación y conocimiento del cliente', 'Sin Iniciar', '2023-09-29 10:12:57', '2023-09-29 10:12:57', 1, 1, NULL),
(1464, 1330, 1384, 'Documentación', 'Revisión de documentación del cliente', 'Revisión de documentación del cliente', 'Sin Iniciar', '2023-09-29 10:12:57', '2023-09-29 10:12:57', 2, 2, NULL),
(1465, 1330, 1384, 'Presentación expediente', 'Presentación de expediente en el sistema', 'Presentación de expediente en el sistema', 'Sin Iniciar', '2023-09-29 10:12:57', '2023-09-29 10:12:57', 3, 3, NULL),
(1466, 1330, 1384, 'Situación del expediente', 'Resolución favorable, denegada o requerida', 'Resolución favorable, denegada o requerida', 'Sin Iniciar', '2023-09-29 10:12:57', '2023-09-29 10:12:57', 4, 4, NULL),
(1467, 1330, 1384, 'Toma de huellas', 'Cita previa, planilla, tasa, foto, padrón, pasaportes', 'Cita previa, planilla, tasa, foto, padrón, pasaportes', 'Sin Iniciar', '2023-09-29 10:12:57', '2023-09-29 10:12:57', 5, 5, NULL),
(1468, 1330, 1384, 'Recogida TIE', 'Cita previa, resguardo de presentación y pasaportes', 'Cita previa, resguardo de presentación y pasaportes', 'Sin Iniciar', '2023-09-29 10:12:57', '2023-09-29 10:12:57', 6, 6, NULL),
(1469, 1331, 1385, 'Setup', 'Reunión de presentación y conocimiento del cliente', 'Reunión de presentación y conocimiento del cliente', 'Completado', '2023-09-29 10:14:52', '2023-11-02 09:59:14', 1, 1, '2023-11-02 09:59:14'),
(1470, 1331, 1385, 'Documentación', 'Revisión de documentación del cliente', 'Revisión de documentación del cliente', 'Completado', '2023-09-29 10:14:52', '2023-11-28 15:56:15', 2, 2, '2023-11-28 15:56:15'),
(1471, 1331, 1385, 'Llegada a España', 'Llegada a España', 'Llegada a España', 'Completado', '2023-09-29 10:14:52', '2023-11-28 15:54:15', 3, 3, '2023-11-28 15:54:15'),
(1472, 1331, 1385, 'Padrón', 'Cita previa, formulario, contrato de alquiler, pasaportes, acta de nacimiento', 'Cita previa, formulario, contrato de alquiler, pasaportes, acta de nacimiento', 'Completado', '2023-09-29 10:14:52', '2023-11-28 15:54:15', 4, 4, '2023-11-28 15:54:15'),
(1473, 1331, 1385, 'Presentación expediente', 'Presentación presencial de expediente con cita en departamente extranjería', 'Presentación presencial de expediente con cita en departamente extranjería', 'Completado', '2023-09-29 10:14:52', '2023-11-28 15:54:15', 5, 5, '2023-11-28 15:54:15'),
(1474, 1331, 1385, 'Situación del expediente', 'Resolución favorable, denegada o requerimiento', 'Resolución favorable, denegada o requerimiento', 'En Proceso', '2023-09-29 10:14:52', '2023-11-02 10:00:08', 6, 6, NULL),
(1475, 1331, 1385, 'Toma de huellas', 'Cita previa, planilla, tasa, foto, padrón, pasaportes', 'Cita previa, planilla, tasa, foto, padrón, pasaportes', 'Sin Iniciar', '2023-09-29 10:14:52', '2023-09-29 10:14:52', 7, 7, NULL),
(1476, 1331, 1385, 'Recogida TIE', 'Cita previa, resguardo de presentación y pasaportes', 'Cita previa, resguardo de presentación y pasaportes', 'Sin Iniciar', '2023-09-29 10:14:52', '2023-09-29 10:14:52', 8, 8, NULL),
(1477, 1332, 1386, 'Setup', 'Reunión de presentación y conocimiento del cliente', 'Reunión de presentación y conocimiento del cliente', 'Sin Iniciar', '2023-09-29 10:17:00', '2023-09-29 10:17:00', 1, 1, NULL),
(1478, 1332, 1386, 'Documentación', 'Revisión de documentación del cliente', 'Revisión de documentación del cliente', 'Sin Iniciar', '2023-09-29 10:17:00', '2023-09-29 10:17:00', 2, 2, NULL),
(1479, 1332, 1386, 'Presentación expediente', 'Presentación de expediente en el sistema', 'Presentación de expediente en el sistema', 'Sin Iniciar', '2023-09-29 10:17:00', '2023-09-29 10:17:00', 3, 3, NULL),
(1480, 1332, 1386, 'Situación del expediente', 'Resolución favorable, denegada o requerida', 'Resolución favorable, denegada o requerida', 'Sin Iniciar', '2023-09-29 10:17:00', '2023-09-29 10:17:00', 4, 4, NULL),
(1481, 1332, 1386, 'Toma de huellas', 'Cita previa, planilla, tasa, foto, padrón, pasaportes', 'Cita previa, planilla, tasa, foto, padrón, pasaportes', 'Sin Iniciar', '2023-09-29 10:17:00', '2023-09-29 10:17:00', 5, 5, NULL),
(1482, 1332, 1386, 'Recogida TIE', 'Cita previa, resguardo de presentación y pasaportes', 'Cita previa, resguardo de presentación y pasaportes', 'Sin Iniciar', '2023-09-29 10:17:00', '2023-09-29 10:17:00', 6, 6, NULL),
(1493, 1339, 1391, 'Setup', 'Reunión de presentación', 'Reunión de presentación y conocimiento del cliente', 'Sin Iniciar', '2023-09-29 10:58:08', '2023-09-29 10:58:08', 1, 1, NULL),
(1494, 1339, 1391, 'Documentación', 'Recopilación de documentación', 'Revisión de documentación del cliente', 'Sin Iniciar', '2023-09-29 10:58:08', '2023-09-29 10:58:08', 2, 2, NULL),
(1495, 1339, 1391, 'Cita previa consulado', 'Solicitud de cita previa al consulado', 'Solicitud de cita previa al consulado', 'Sin Iniciar', '2023-09-29 10:58:08', '2023-09-29 10:58:08', 3, 3, NULL),
(1496, 1339, 1391, 'Acudir al consulado', 'Día de presentación de expediente al consulado', 'Día de presentación de expediente al consulado', 'Sin Iniciar', '2023-09-29 10:58:08', '2023-09-29 10:58:08', 4, 4, NULL),
(1497, 1339, 1391, 'Situación de presentación', 'Presentación aceptada, requerida o rechazada', 'Presentación aceptada, requerida o rechazada', 'Sin Iniciar', '2023-09-29 10:58:08', '2023-09-29 10:58:08', 5, 5, NULL),
(1498, 1339, 1391, 'Situación de Expediente', 'Resolución favorable, denegada o requerida', 'Resolución favorable, denegada o requerida', 'Sin Iniciar', '2023-09-29 10:58:08', '2023-09-29 10:58:08', 6, 6, NULL),
(1499, 1339, 1391, 'Recogida de Visado', 'Visita al consulado para retirar visado', 'Visita al consulado para retirar visado', 'Sin Iniciar', '2023-09-29 10:58:08', '2023-09-29 10:58:08', 7, 7, NULL),
(1500, 1339, 1391, 'Llegada a España', 'Llegada a España', 'Llegada a España', 'Sin Iniciar', '2023-09-29 10:58:08', '2023-09-29 10:58:08', 8, 8, NULL),
(1501, 1339, 1391, 'Toma de huellas', 'Cita previa, planilla, tasa, foto, padrón, pasaportes', 'Cita previa, planilla, tasa, foto, padrón, pasaportes', 'Sin Iniciar', '2023-09-29 10:58:08', '2023-09-29 10:58:08', 10, 10, NULL),
(1502, 1339, 1391, 'Recogida de TIE', 'Cita previa, resguardo de presentación y pasaportes', 'Cita previa, resguardo de presentación y pasaportes', 'Sin Iniciar', '2023-09-29 10:58:08', '2023-09-29 10:58:08', 11, 11, NULL),
(1503, 1342, 1394, 'Setup', 'Reunión de presentación y conocimiento del cliente', 'Reunión de presentación y conocimiento del cliente', 'Sin Iniciar', '2023-09-29 11:05:53', '2023-09-29 11:05:53', 1, 1, NULL),
(1504, 1342, 1394, 'Documentación', 'Revisión de documentación del cliente', 'Revisión de documentación del cliente', 'Sin Iniciar', '2023-09-29 11:05:53', '2023-09-29 11:05:53', 2, 2, NULL),
(1505, 1342, 1394, 'Documentación Empresa', 'Revisión de documentación de la empresa', 'Revisión de documentación de la empresa', 'Sin Iniciar', '2023-09-29 11:05:53', '2023-09-29 11:05:53', 3, 3, NULL),
(1506, 1342, 1394, 'Presentación expediente', 'Presentación aceptada, requerimiento o rechazada', 'Presentación aceptada, requerimiento o rechazada', 'Sin Iniciar', '2023-09-29 11:05:53', '2023-09-29 11:05:53', 4, 4, NULL),
(1507, 1342, 1394, 'Situación expediente', 'Resolución favorable, denegada o requerimiento', 'Resolución favorable, denegada o requerimiento', 'Sin Iniciar', '2023-09-29 11:05:53', '2023-09-29 11:05:53', 5, 5, NULL),
(1508, 1342, 1394, 'Cita Consulado', 'Solicitud de cita previa al consulado', 'Solicitud de cita previa al consulado', 'Sin Iniciar', '2023-09-29 11:05:53', '2023-09-29 11:05:53', 6, 6, NULL),
(1509, 1342, 1394, 'Obtención del visado', 'Obtención del visado', 'Obtención del visado', 'Sin Iniciar', '2023-09-29 11:05:53', '2023-09-29 11:05:53', 7, 7, NULL),
(1510, 1342, 1394, 'Llegada a España', 'Llegada a España', 'Llegada a España', 'Sin Iniciar', '2023-09-29 11:05:53', '2023-09-29 11:05:53', 8, 8, NULL),
(1511, 1342, 1394, 'Padrón', 'Cita previa, formulario, contrato de alquiler, pasaportes, acta de nacimiento', 'Cita previa, formulario, contrato de alquiler, pasaportes, acta de nacimiento', 'Sin Iniciar', '2023-09-29 11:05:53', '2023-09-29 11:05:53', 9, 9, NULL),
(1512, 1342, 1394, 'Toma de huellas', 'Cita previa, planilla, tasa, foto, padrón, pasaportes', 'Cita previa, planilla, tasa, foto, padrón, pasaportes', 'Sin Iniciar', '2023-09-29 11:05:53', '2023-09-29 11:05:53', 10, 10, NULL),
(1513, 1342, 1394, 'Recogida TIE', 'Cita previa, resguardo de presentación y pasaportes', 'Cita previa, resguardo de presentación y pasaportes', 'Sin Iniciar', '2023-09-29 11:05:53', '2023-09-29 11:05:53', 11, 11, NULL),
(1514, 1343, 1395, 'Setup', 'Reunión de presentación y conocimiento del cliente', 'Reunión de presentación y conocimiento del cliente', 'Sin Iniciar', '2023-09-29 11:07:48', '2023-09-29 11:07:48', 1, 1, NULL),
(1515, 1343, 1395, 'Documentación', 'Revisión de documentación del cliente', 'Revisión de documentación del cliente', 'Sin Iniciar', '2023-09-29 11:07:48', '2023-09-29 11:07:48', 2, 2, NULL),
(1516, 1343, 1395, 'Documentación Empresa', 'Revisión de documentación de la empresa', 'Revisión de documentación de la empresa', 'Sin Iniciar', '2023-09-29 11:07:48', '2023-09-29 11:07:48', 3, 3, NULL),
(1517, 1343, 1395, 'Presentación expediente', 'Presentación aceptada, requerimiento o rechazada', 'Presentación aceptada, requerimiento o rechazada', 'Sin Iniciar', '2023-09-29 11:07:48', '2023-09-29 11:07:48', 4, 4, NULL),
(1518, 1343, 1395, 'Situación expediente', 'Resolución favorable, denegada o requerimiento', 'Resolución favorable, denegada o requerimiento', 'Sin Iniciar', '2023-09-29 11:07:48', '2023-09-29 11:07:48', 5, 5, NULL),
(1519, 1343, 1395, 'Cita Consulado', 'Solicitud de cita previa al consulado', 'Solicitud de cita previa al consulado', 'Sin Iniciar', '2023-09-29 11:07:48', '2023-09-29 11:07:48', 6, 6, NULL),
(1520, 1343, 1395, 'Obtención del visado', 'Obtención del visado', 'Obtención del visado', 'Sin Iniciar', '2023-09-29 11:07:48', '2023-09-29 11:07:48', 7, 7, NULL),
(1521, 1343, 1395, 'Llegada a España', 'Llegada a España', 'Llegada a España', 'Sin Iniciar', '2023-09-29 11:07:48', '2023-09-29 11:07:48', 8, 8, NULL),
(1522, 1343, 1395, 'Padrón', 'Cita previa, formulario, contrato de alquiler, pasaportes, acta de nacimiento', 'Cita previa, formulario, contrato de alquiler, pasaportes, acta de nacimiento', 'Sin Iniciar', '2023-09-29 11:07:48', '2023-09-29 11:07:48', 9, 9, NULL),
(1523, 1343, 1395, 'Toma de huellas', 'Cita previa, planilla, tasa, foto, padrón, pasaportes', 'Cita previa, planilla, tasa, foto, padrón, pasaportes', 'Sin Iniciar', '2023-09-29 11:07:48', '2023-09-29 11:07:48', 10, 10, NULL),
(1524, 1343, 1395, 'Recogida TIE', 'Cita previa, resguardo de presentación y pasaportes', 'Cita previa, resguardo de presentación y pasaportes', 'Sin Iniciar', '2023-09-29 11:07:48', '2023-09-29 11:07:48', 11, 11, NULL),
(1525, 1344, 1396, 'Setup', 'Reunión de presentación y conocimiento del cliente', 'Reunión de presentación y conocimiento del cliente', 'Sin Iniciar', '2023-09-29 11:10:30', '2023-09-29 11:10:30', 1, 1, NULL),
(1526, 1344, 1396, 'Documentación', 'Revisión de documentación del cliente', 'Revisión de documentación del cliente', 'Sin Iniciar', '2023-09-29 11:10:30', '2023-09-29 11:10:30', 2, 2, NULL),
(1527, 1344, 1396, 'Presentación expediente', 'Presentación de expediente en el sistema', 'Presentación de expediente en el sistema', 'Sin Iniciar', '2023-09-29 11:10:30', '2023-09-29 11:10:30', 3, 3, NULL),
(1528, 1344, 1396, 'Situación del expediente', 'Resolución favorable, denegada o requerida', 'Resolución favorable, denegada o requerida', 'Sin Iniciar', '2023-09-29 11:10:30', '2023-09-29 11:10:30', 4, 4, NULL),
(1529, 1344, 1396, 'Toma de huellas', 'Cita previa, planilla, tasa, foto, padrón, pasaportes', 'Cita previa, planilla, tasa, foto, padrón, pasaportes', 'Sin Iniciar', '2023-09-29 11:10:30', '2023-09-29 11:10:30', 5, 5, NULL),
(1530, 1344, 1396, 'Recogida TIE', 'Cita previa, resguardo de presentación y pasaportes', 'Cita previa, resguardo de presentación y pasaportes', 'Sin Iniciar', '2023-09-29 11:10:30', '2023-09-29 11:10:30', 6, 6, NULL),
(1531, 1345, 1397, 'Setup', 'Reunión de presentación', 'Reunión de presentación y conocimiento del cliente', 'Sin Iniciar', '2023-09-29 11:23:02', '2023-09-29 11:23:02', 1, 1, NULL),
(1532, 1345, 1397, 'Documentación', 'Recopilación de documentación', 'Revisión de documentación del cliente', 'Sin Iniciar', '2023-09-29 11:23:02', '2023-09-29 11:23:02', 2, 2, NULL),
(1533, 1345, 1397, 'Cita previa consulado', 'Solicitud de cita previa al consulado', 'Solicitud de cita previa al consulado', 'Sin Iniciar', '2023-09-29 11:23:02', '2023-09-29 11:23:02', 3, 3, NULL),
(1534, 1345, 1397, 'Acudir al consulado', 'Día de presentación de expediente al consulado', 'Día de presentación de expediente al consulado', 'Sin Iniciar', '2023-09-29 11:23:02', '2023-09-29 11:23:02', 4, 4, NULL),
(1535, 1345, 1397, 'Situación de presentación', 'Presentación aceptada, requerida o rechazada', 'Presentación aceptada, requerida o rechazada', 'Sin Iniciar', '2023-09-29 11:23:02', '2023-09-29 11:23:02', 5, 5, NULL),
(1536, 1345, 1397, 'Situación de Expediente', 'Resolución favorable, denegada o requerida', 'Resolución favorable, denegada o requerida', 'Sin Iniciar', '2023-09-29 11:23:02', '2023-09-29 11:23:02', 6, 6, NULL),
(1537, 1345, 1397, 'Recogida de Visado', 'Visita al consulado para retirar visado', 'Visita al consulado para retirar visado', 'Sin Iniciar', '2023-09-29 11:23:02', '2023-09-29 11:23:02', 7, 7, NULL),
(1538, 1345, 1397, 'Llegada a España', 'Llegada a España', 'Llegada a España', 'Sin Iniciar', '2023-09-29 11:23:02', '2023-09-29 11:23:02', 8, 8, NULL),
(1539, 1345, 1397, 'Toma de huellas', 'Cita previa, planilla, tasa, foto, padrón, pasaportes', 'Cita previa, planilla, tasa, foto, padrón, pasaportes', 'Sin Iniciar', '2023-09-29 11:23:02', '2023-09-29 11:23:02', 10, 10, NULL),
(1540, 1345, 1397, 'Recogida de TIE', 'Cita previa, resguardo de presentación y pasaportes', 'Cita previa, resguardo de presentación y pasaportes', 'Sin Iniciar', '2023-09-29 11:23:02', '2023-09-29 11:23:02', 11, 11, NULL),
(1541, 1346, 1398, 'Setup', 'Reunión de presentación y conocimiento del cliente', 'Reunión de presentación y conocimiento del cliente', 'Sin Iniciar', '2023-09-29 11:25:27', '2023-09-29 11:25:27', 1, 1, NULL),
(1542, 1346, 1398, 'Documentación', 'Revisión de documentación del cliente', 'Revisión de documentación del cliente', 'Sin Iniciar', '2023-09-29 11:25:27', '2023-09-29 11:25:27', 2, 2, NULL),
(1543, 1346, 1398, 'Documentación Empresa', 'Revisión de documentación de la empresa', 'Revisión de documentación de la empresa', 'Sin Iniciar', '2023-09-29 11:25:27', '2023-09-29 11:25:27', 3, 3, NULL),
(1544, 1346, 1398, 'Presentación expediente', 'Presentación aceptada, requerimiento o rechazada', 'Presentación aceptada, requerimiento o rechazada', 'Sin Iniciar', '2023-09-29 11:25:27', '2023-09-29 11:25:27', 4, 4, NULL),
(1545, 1346, 1398, 'Situación expediente', 'Resolución favorable, denegada o requerimiento', 'Resolución favorable, denegada o requerimiento', 'Sin Iniciar', '2023-09-29 11:25:27', '2023-09-29 11:25:27', 5, 5, NULL),
(1546, 1346, 1398, 'Cita Consulado', 'Solicitud de cita previa al consulado', 'Solicitud de cita previa al consulado', 'Sin Iniciar', '2023-09-29 11:25:27', '2023-09-29 11:25:27', 6, 6, NULL),
(1547, 1346, 1398, 'Obtención del visado', 'Obtención del visado', 'Obtención del visado', 'Sin Iniciar', '2023-09-29 11:25:27', '2023-09-29 11:25:27', 7, 7, NULL),
(1548, 1346, 1398, 'Llegada a España', 'Llegada a España', 'Llegada a España', 'Sin Iniciar', '2023-09-29 11:25:27', '2023-09-29 11:25:27', 8, 8, NULL),
(1549, 1346, 1398, 'Padrón', 'Cita previa, formulario, contrato de alquiler, pasaportes, acta de nacimiento', 'Cita previa, formulario, contrato de alquiler, pasaportes, acta de nacimiento', 'Sin Iniciar', '2023-09-29 11:25:27', '2023-09-29 11:25:27', 9, 9, NULL),
(1550, 1346, 1398, 'Toma de huellas', 'Cita previa, planilla, tasa, foto, padrón, pasaportes', 'Cita previa, planilla, tasa, foto, padrón, pasaportes', 'Sin Iniciar', '2023-09-29 11:25:27', '2023-09-29 11:25:27', 10, 10, NULL),
(1551, 1346, 1398, 'Recogida TIE', 'Cita previa, resguardo de presentación y pasaportes', 'Cita previa, resguardo de presentación y pasaportes', 'Sin Iniciar', '2023-09-29 11:25:27', '2023-09-29 11:25:27', 11, 11, NULL),
(1552, 1347, 1399, 'Setup', 'Reunión de presentación', 'Reunión de presentación y conocimiento del cliente', 'Sin Iniciar', '2023-09-29 11:28:02', '2023-09-29 11:28:02', 1, 1, NULL),
(1553, 1347, 1399, 'Documentación', 'Recopilación de documentación', 'Revisión de documentación del cliente', 'Sin Iniciar', '2023-09-29 11:28:02', '2023-09-29 11:28:02', 2, 2, NULL),
(1554, 1347, 1399, 'Cita previa consulado', 'Solicitud de cita previa al consulado', 'Solicitud de cita previa al consulado', 'Sin Iniciar', '2023-09-29 11:28:02', '2023-09-29 11:28:02', 3, 3, NULL),
(1555, 1347, 1399, 'Acudir al consulado', 'Día de presentación de expediente al consulado', 'Día de presentación de expediente al consulado', 'Sin Iniciar', '2023-09-29 11:28:02', '2023-09-29 11:28:02', 4, 4, NULL),
(1556, 1347, 1399, 'Situación de presentación', 'Presentación aceptada, requerida o rechazada', 'Presentación aceptada, requerida o rechazada', 'Sin Iniciar', '2023-09-29 11:28:02', '2023-09-29 11:28:02', 5, 5, NULL),
(1557, 1347, 1399, 'Situación de expediente', 'Resolución favorable, denegada o requerida', 'Resolución favorable, denegada o requerida', 'Sin Iniciar', '2023-09-29 11:28:02', '2023-09-29 11:28:02', 6, 6, NULL),
(1558, 1347, 1399, 'Recogida visado', 'Visita al consulado para retirar visado', 'Visita al consulado para retirar visado', 'Sin Iniciar', '2023-09-29 11:28:02', '2023-09-29 11:28:02', 7, 7, NULL),
(1559, 1347, 1399, 'Llegada a España', 'Llegada a España', 'Llegada a España', 'Sin Iniciar', '2023-09-29 11:28:02', '2023-09-29 11:28:02', 8, 8, NULL),
(1560, 1347, 1399, 'Padrón', 'Cita previa, formulario, contrato de alquiler, pasaportes, acta de nacimiento', 'Cita previa, formulario, contrato de alquiler, pasaportes, acta de nacimiento', 'Sin Iniciar', '2023-09-29 11:28:02', '2023-09-29 11:28:02', 9, 9, NULL),
(1561, 1347, 1399, 'Toma de huellas', 'Cita previa, planilla, tasa, foto, padrón, pasaportes', 'Cita previa, planilla, tasa, foto, padrón, pasaportes', 'Sin Iniciar', '2023-09-29 11:28:02', '2023-09-29 11:28:02', 11, 11, NULL),
(1562, 1347, 1399, 'Recogida de TIE', 'Cita previa, resguardo de presentación y pasaportes', 'Cita previa, resguardo de presentación y pasaportes', 'Sin Iniciar', '2023-09-29 11:28:02', '2023-09-29 11:28:02', 12, 12, NULL),
(1563, 1347, 1399, 'NIE familiar estudiante (si aplica)', 'Solicitud de NIE para el familiar de estudiante', 'Solicitud de NIE para el familiar de estudiante', 'Sin Iniciar', '2023-09-29 11:28:02', '2023-09-29 11:28:02', 10, 10, NULL),
(1564, 1348, 1400, 'Setup', 'Reunión de presentación y conocimiento del cliente', 'Reunión de presentación y conocimiento del cliente', 'Sin Iniciar', '2023-09-29 11:30:22', '2023-09-29 11:30:22', 1, 1, NULL),
(1565, 1348, 1400, 'Documentación', 'Revisión de documentación del cliente', 'Revisión de documentación del cliente', 'Sin Iniciar', '2023-09-29 11:30:22', '2023-09-29 11:30:22', 2, 2, NULL),
(1566, 1348, 1400, 'Llegada a España', 'Llegada a España', 'Llegada a España', 'Sin Iniciar', '2023-09-29 11:30:22', '2023-09-29 11:30:22', 3, 3, NULL),
(1567, 1348, 1400, 'Padrón', 'Cita previa, formulario, contrato de alquiler, pasaportes, acta de nacimiento', 'Cita previa, formulario, contrato de alquiler, pasaportes, acta de nacimiento', 'Sin Iniciar', '2023-09-29 11:30:22', '2023-09-29 11:30:22', 4, 4, NULL),
(1568, 1348, 1400, 'Presentación expediente', 'Presentación presencial de expediente con cita en departamente extranjería', 'Presentación presencial de expediente con cita en departamente extranjería', 'Sin Iniciar', '2023-09-29 11:30:22', '2023-09-29 11:30:22', 5, 5, NULL),
(1569, 1348, 1400, 'Situación del expediente', 'Resolución favorable, denegada o requerimiento', 'Resolución favorable, denegada o requerimiento', 'Sin Iniciar', '2023-09-29 11:30:22', '2023-09-29 11:30:22', 6, 6, NULL),
(1570, 1348, 1400, 'Toma de huellas', 'Cita previa, planilla, tasa, foto, padrón, pasaportes', 'Cita previa, planilla, tasa, foto, padrón, pasaportes', 'Sin Iniciar', '2023-09-29 11:30:22', '2023-09-29 11:30:22', 7, 7, NULL),
(1571, 1348, 1400, 'Recogida TIE', 'Cita previa, resguardo de presentación y pasaportes', 'Cita previa, resguardo de presentación y pasaportes', 'Sin Iniciar', '2023-09-29 11:30:22', '2023-09-29 11:30:22', 8, 8, NULL),
(1572, 1349, 1401, 'Setup', 'Reunión de presentación', 'Reunión de presentación y conocimiento del cliente', 'Sin Iniciar', '2023-09-29 11:33:38', '2023-09-29 11:33:38', 1, 1, NULL),
(1573, 1349, 1401, 'Documentación', 'Recopilación de documentación', 'Revisión de documentación del cliente', 'Sin Iniciar', '2023-09-29 11:33:38', '2023-09-29 11:33:38', 2, 2, NULL),
(1574, 1349, 1401, 'Cita previa consulado', 'Solicitud de cita previa al consulado', 'Solicitud de cita previa al consulado', 'Sin Iniciar', '2023-09-29 11:33:38', '2023-09-29 11:33:38', 3, 3, NULL),
(1575, 1349, 1401, 'Acudir al consulado', 'Día de presentación de expediente al consulado', 'Día de presentación de expediente al consulado', 'Sin Iniciar', '2023-09-29 11:33:38', '2023-09-29 11:33:38', 4, 4, NULL),
(1576, 1349, 1401, 'Situación de presentación', 'Presentación aceptada, requerida o rechazada', 'Presentación aceptada, requerida o rechazada', 'Sin Iniciar', '2023-09-29 11:33:38', '2023-09-29 11:33:38', 5, 5, NULL),
(1577, 1349, 1401, 'Situación de Expediente', 'Resolución favorable, denegada o requerida', 'Resolución favorable, denegada o requerida', 'Sin Iniciar', '2023-09-29 11:33:38', '2023-09-29 11:33:38', 6, 6, NULL),
(1578, 1349, 1401, 'Recogida de Visado', 'Visita al consulado para retirar visado', 'Visita al consulado para retirar visado', 'Sin Iniciar', '2023-09-29 11:33:38', '2023-09-29 11:33:38', 7, 7, NULL),
(1579, 1349, 1401, 'Llegada a España', 'Llegada a España', 'Llegada a España', 'Sin Iniciar', '2023-09-29 11:33:38', '2023-09-29 11:33:38', 8, 8, NULL),
(1580, 1349, 1401, 'Toma de huellas', 'Cita previa, planilla, tasa, foto, padrón, pasaportes', 'Cita previa, planilla, tasa, foto, padrón, pasaportes', 'Sin Iniciar', '2023-09-29 11:33:38', '2023-09-29 11:33:38', 10, 10, NULL),
(1581, 1349, 1401, 'Recogida de TIE', 'Cita previa, resguardo de presentación y pasaportes', 'Cita previa, resguardo de presentación y pasaportes', 'Sin Iniciar', '2023-09-29 11:33:38', '2023-09-29 11:33:38', 11, 11, NULL),
(1582, 1363, 1416, 'Setup', 'Reunión de presentación', 'Reunión de presentación y conocimiento del cliente', 'Sin Iniciar', '2023-10-05 08:47:18', '2023-10-05 08:47:18', 1, 1, NULL),
(1583, 1363, 1416, 'Documentación', 'Recopilación de documentación', 'Revisión de documentación del cliente', 'Sin Iniciar', '2023-10-05 08:47:18', '2023-10-05 08:47:18', 2, 2, NULL),
(1584, 1363, 1416, 'Cita previa consulado', 'Solicitud de cita previa al consulado', 'Solicitud de cita previa al consulado', 'Sin Iniciar', '2023-10-05 08:47:18', '2023-10-05 08:47:18', 3, 3, NULL),
(1585, 1363, 1416, 'Acudir al consulado', 'Día de presentación de expediente al consulado', 'Día de presentación de expediente al consulado', 'Sin Iniciar', '2023-10-05 08:47:18', '2023-10-05 08:47:18', 4, 4, NULL),
(1586, 1363, 1416, 'Situación de presentación', 'Presentación aceptada, requerida o rechazada', 'Presentación aceptada, requerida o rechazada', 'Sin Iniciar', '2023-10-05 08:47:18', '2023-10-05 08:47:18', 5, 5, NULL),
(1587, 1363, 1416, 'Situación de Expediente', 'Resolución favorable, denegada o requerida', 'Resolución favorable, denegada o requerida', 'Sin Iniciar', '2023-10-05 08:47:18', '2023-10-05 08:47:18', 6, 6, NULL),
(1588, 1363, 1416, 'Recogida de Visado', 'Visita al consulado para retirar visado', 'Visita al consulado para retirar visado', 'Sin Iniciar', '2023-10-05 08:47:18', '2023-10-05 08:47:18', 7, 7, NULL),
(1589, 1363, 1416, 'Llegada a España', 'Llegada a España', 'Llegada a España', 'Sin Iniciar', '2023-10-05 08:47:18', '2023-10-05 08:47:18', 8, 8, NULL),
(1590, 1363, 1416, 'Toma de huellas', 'Cita previa, planilla, tasa, foto, padrón, pasaportes', 'Cita previa, planilla, tasa, foto, padrón, pasaportes', 'Sin Iniciar', '2023-10-05 08:47:18', '2023-10-05 08:47:18', 10, 10, NULL),
(1591, 1363, 1416, 'Recogida de TIE', 'Cita previa, resguardo de presentación y pasaportes', 'Cita previa, resguardo de presentación y pasaportes', 'Sin Iniciar', '2023-10-05 08:47:18', '2023-10-05 08:47:18', 11, 11, NULL),
(1592, 1385, 1437, 'Setup', 'Reunión de presentación y conocimiento del cliente', 'Reunión de presentación y conocimiento del cliente', 'Sin Iniciar', '2023-10-10 09:00:04', '2023-10-10 09:00:04', 1, 1, NULL),
(1593, 1385, 1437, 'Documentación', 'Revisión de documentación del cliente', 'Revisión de documentación del cliente', 'Sin Iniciar', '2023-10-10 09:00:04', '2023-10-10 09:00:04', 2, 2, NULL),
(1594, 1385, 1437, 'Presentación expediente', 'Introducción de expediente', 'Introducción de expediente', 'Sin Iniciar', '2023-10-10 09:00:04', '2023-10-10 09:00:04', 3, 3, NULL),
(1595, 1385, 1437, 'Actualización del expediente', 'En caso de requerimiento adicional', 'En caso de requerimiento adicional', 'Sin Iniciar', '2023-10-10 09:00:04', '2023-10-10 09:00:04', 4, 4, NULL),
(1596, 1385, 1437, 'Situación del expediente', 'Resolución favorable o denegada', 'Resolución favorable o denegada', 'Sin Iniciar', '2023-10-10 09:00:04', '2023-10-10 09:00:04', 5, 5, NULL),
(1597, 1385, 1437, 'Cita PreJura y Jura', 'Protocolo de Jura', 'Protocolo de Jura', 'Sin Iniciar', '2023-10-10 09:00:04', '2023-10-10 09:00:04', 6, 6, NULL),
(1598, 1385, 1437, 'Inscripción en Registro Civil', 'Inscripción en Registro Civil', 'Inscripción en Registro Civil', 'Sin Iniciar', '2023-10-10 09:00:04', '2023-10-10 09:00:04', 7, 7, NULL),
(1599, 1385, 1437, 'Obtención certificado nacimiento', 'Obtención certificado nacimiento', 'Obtención certificado nacimiento', 'Sin Iniciar', '2023-10-10 09:00:04', '2023-10-10 09:00:04', 8, 8, NULL),
(1600, 1385, 1437, 'Toma de Huellas DNI', 'Cita previa, planilla, tasa, foto, padrón, pasaportes', 'Cita previa, planilla, tasa, foto, padrón, pasaportes', 'Sin Iniciar', '2023-10-10 09:00:04', '2023-10-10 09:00:04', 9, 9, NULL),
(1601, 1385, 1437, 'Recogida DNI', 'Cita previa, resguardo de presentación y pasaportes', 'Cita previa, resguardo de presentación y pasaportes', 'Sin Iniciar', '2023-10-10 09:00:04', '2023-10-10 09:00:04', 10, 10, NULL),
(1602, 1394, 1446, 'Setup', 'Reunión de presentación', 'Reunión de presentación y conocimiento del cliente', 'Sin Iniciar', '2023-10-11 07:41:17', '2023-10-11 07:41:17', 1, 1, NULL),
(1603, 1394, 1446, 'Documentación', 'Recopilación de documentación', 'Revisión de documentación del cliente', 'Sin Iniciar', '2023-10-11 07:41:17', '2023-10-11 07:41:17', 2, 2, NULL),
(1604, 1394, 1446, 'Cita previa consulado', 'Solicitud de cita previa al consulado', 'Solicitud de cita previa al consulado', 'Sin Iniciar', '2023-10-11 07:41:17', '2023-10-11 07:41:17', 3, 3, NULL),
(1605, 1394, 1446, 'Acudir al consulado', 'Día de presentación de expediente al consulado', 'Día de presentación de expediente al consulado', 'Sin Iniciar', '2023-10-11 07:41:17', '2023-10-11 07:41:17', 4, 4, NULL),
(1606, 1394, 1446, 'Situación de presentación', 'Presentación aceptada, requerida o rechazada', 'Presentación aceptada, requerida o rechazada', 'Sin Iniciar', '2023-10-11 07:41:17', '2023-10-11 07:41:17', 5, 5, NULL),
(1607, 1394, 1446, 'Situación de expediente', 'Resolución favorable, denegada o requerida', 'Resolución favorable, denegada o requerida', 'Sin Iniciar', '2023-10-11 07:41:17', '2023-10-11 07:41:17', 6, 6, NULL),
(1608, 1394, 1446, 'Recogida visado', 'Visita al consulado para retirar visado', 'Visita al consulado para retirar visado', 'Sin Iniciar', '2023-10-11 07:41:17', '2023-10-11 07:41:17', 7, 7, NULL),
(1609, 1394, 1446, 'Llegada a España', 'Llegada a España', 'Llegada a España', 'Sin Iniciar', '2023-10-11 07:41:17', '2023-10-11 07:41:17', 8, 8, NULL),
(1610, 1394, 1446, 'Padrón', 'Cita previa, formulario, contrato de alquiler, pasaportes, acta de nacimiento', 'Cita previa, formulario, contrato de alquiler, pasaportes, acta de nacimiento', 'Sin Iniciar', '2023-10-11 07:41:17', '2023-10-11 07:41:17', 9, 9, NULL),
(1611, 1394, 1446, 'Toma de huellas', 'Cita previa, planilla, tasa, foto, padrón, pasaportes', 'Cita previa, planilla, tasa, foto, padrón, pasaportes', 'Sin Iniciar', '2023-10-11 07:41:17', '2023-10-11 07:41:17', 11, 11, NULL),
(1612, 1394, 1446, 'Recogida de TIE', 'Cita previa, resguardo de presentación y pasaportes', 'Cita previa, resguardo de presentación y pasaportes', 'Sin Iniciar', '2023-10-11 07:41:17', '2023-10-11 07:41:17', 12, 12, NULL),
(1613, 1394, 1446, 'NIE familiar estudiante (si aplica)', 'Solicitud de NIE para el familiar de estudiante', 'Solicitud de NIE para el familiar de estudiante', 'Sin Iniciar', '2023-10-11 07:41:17', '2023-10-11 07:41:17', 10, 10, NULL),
(1614, 1395, 1447, 'Setup', 'Reunión de presentación y conocimiento del cliente', 'Reunión de presentación y conocimiento del cliente', 'Sin Iniciar', '2023-10-11 07:47:11', '2023-10-11 07:47:11', 1, 1, NULL),
(1615, 1395, 1447, 'Documentación', 'Revisión de documentación del cliente', 'Revisión de documentación del cliente', 'Sin Iniciar', '2023-10-11 07:47:11', '2023-10-11 07:47:11', 2, 2, NULL),
(1616, 1395, 1447, 'Llegada a España', 'Llegada a España', 'Llegada a España', 'Sin Iniciar', '2023-10-11 07:47:11', '2023-10-11 07:47:11', 3, 3, NULL),
(1617, 1395, 1447, 'Padrón', 'Cita previa, formulario, contrato de alquiler, pasaportes, acta de nacimiento', 'Cita previa, formulario, contrato de alquiler, pasaportes, acta de nacimiento', 'Sin Iniciar', '2023-10-11 07:47:11', '2023-10-11 07:47:11', 4, 4, NULL),
(1618, 1395, 1447, 'Presentación expediente', 'Presentación presencial de expediente con cita en departamente extranjería', 'Presentación presencial de expediente con cita en departamente extranjería', 'Sin Iniciar', '2023-10-11 07:47:11', '2023-10-11 07:47:11', 5, 5, NULL),
(1619, 1395, 1447, 'Situación del expediente', 'Resolución favorable, denegada o requerimiento', 'Resolución favorable, denegada o requerimiento', 'Sin Iniciar', '2023-10-11 07:47:11', '2023-10-11 07:47:11', 6, 6, NULL),
(1620, 1395, 1447, 'Toma de huellas', 'Cita previa, planilla, tasa, foto, padrón, pasaportes', 'Cita previa, planilla, tasa, foto, padrón, pasaportes', 'Sin Iniciar', '2023-10-11 07:47:11', '2023-10-11 07:47:11', 7, 7, NULL),
(1621, 1395, 1447, 'Recogida TIE', 'Cita previa, resguardo de presentación y pasaportes', 'Cita previa, resguardo de presentación y pasaportes', 'Sin Iniciar', '2023-10-11 07:47:11', '2023-10-11 07:47:11', 8, 8, NULL),
(1622, 1334, 1448, 'Setup', 'Reunión de presentación y conocimiento del cliente', 'Reunión de presentación y conocimiento del cliente', 'Sin Iniciar', '2023-10-11 07:52:10', '2023-10-11 07:52:10', 1, 1, NULL),
(1623, 1334, 1448, 'Documentación', 'Revisión de documentación del cliente', 'Revisión de documentación del cliente', 'Sin Iniciar', '2023-10-11 07:52:10', '2023-10-11 07:52:10', 2, 2, NULL),
(1624, 1334, 1448, 'Presentación expediente', 'Introducción de expediente', 'Introducción de expediente', 'Sin Iniciar', '2023-10-11 07:52:10', '2023-10-11 07:52:10', 3, 3, NULL),
(1625, 1334, 1448, 'Actualización del expediente', 'En caso de requerimiento adicional', 'En caso de requerimiento adicional', 'Sin Iniciar', '2023-10-11 07:52:10', '2023-10-11 07:52:10', 4, 4, NULL),
(1626, 1334, 1448, 'Situación del expediente', 'Resolución favorable o denegada', 'Resolución favorable o denegada', 'Sin Iniciar', '2023-10-11 07:52:10', '2023-10-11 07:52:10', 5, 5, NULL),
(1627, 1334, 1448, 'Cita PreJura y Jura', 'Protocolo de Jura', 'Protocolo de Jura', 'Sin Iniciar', '2023-10-11 07:52:10', '2023-10-11 07:52:10', 6, 6, NULL),
(1628, 1334, 1448, 'Inscripción en Registro Civil', 'Inscripción en Registro Civil', 'Inscripción en Registro Civil', 'Sin Iniciar', '2023-10-11 07:52:10', '2023-10-11 07:52:10', 7, 7, NULL),
(1629, 1334, 1448, 'Obtención certificado nacimiento', 'Obtención certificado nacimiento', 'Obtención certificado nacimiento', 'Sin Iniciar', '2023-10-11 07:52:10', '2023-10-11 07:52:10', 8, 8, NULL),
(1630, 1334, 1448, 'Toma de Huellas DNI', 'Cita previa, planilla, tasa, foto, padrón, pasaportes', 'Cita previa, planilla, tasa, foto, padrón, pasaportes', 'Sin Iniciar', '2023-10-11 07:52:10', '2023-10-11 07:52:10', 9, 9, NULL),
(1631, 1334, 1448, 'Recogida DNI', 'Cita previa, resguardo de presentación y pasaportes', 'Cita previa, resguardo de presentación y pasaportes', 'Sin Iniciar', '2023-10-11 07:52:10', '2023-10-11 07:52:10', 10, 10, NULL),
(1632, 1397, 1449, 'Setup', 'Reunión de presentación', 'Reunión de presentación y conocimiento del cliente', 'Sin Iniciar', '2023-10-11 07:57:05', '2023-10-11 07:57:05', 1, 1, NULL),
(1633, 1397, 1449, 'Documentación', 'Recopilación de documentación', 'Revisión de documentación del cliente', 'Sin Iniciar', '2023-10-11 07:57:05', '2023-10-11 07:57:05', 2, 2, NULL),
(1634, 1397, 1449, 'Cita previa consulado', 'Solicitud de cita previa al consulado', 'Solicitud de cita previa al consulado', 'Sin Iniciar', '2023-10-11 07:57:05', '2023-10-11 07:57:05', 3, 3, NULL),
(1635, 1397, 1449, 'Acudir al consulado', 'Día de presentación de expediente al consulado', 'Día de presentación de expediente al consulado', 'Sin Iniciar', '2023-10-11 07:57:05', '2023-10-11 07:57:05', 4, 4, NULL),
(1636, 1397, 1449, 'Situación de presentación', 'Presentación aceptada, requerida o rechazada', 'Presentación aceptada, requerida o rechazada', 'Sin Iniciar', '2023-10-11 07:57:05', '2023-10-11 07:57:05', 5, 5, NULL),
(1637, 1397, 1449, 'Situación de Expediente', 'Resolución favorable, denegada o requerida', 'Resolución favorable, denegada o requerida', 'Sin Iniciar', '2023-10-11 07:57:05', '2023-10-11 07:57:05', 6, 6, NULL),
(1638, 1397, 1449, 'Recogida de Visado', 'Visita al consulado para retirar visado', 'Visita al consulado para retirar visado', 'Sin Iniciar', '2023-10-11 07:57:05', '2023-10-11 07:57:05', 7, 7, NULL),
(1639, 1397, 1449, 'Llegada a España', 'Llegada a España', 'Llegada a España', 'Sin Iniciar', '2023-10-11 07:57:05', '2023-10-11 07:57:05', 8, 8, NULL),
(1640, 1397, 1449, 'Toma de huellas', 'Cita previa, planilla, tasa, foto, padrón, pasaportes', 'Cita previa, planilla, tasa, foto, padrón, pasaportes', 'Sin Iniciar', '2023-10-11 07:57:05', '2023-10-11 07:57:05', 10, 10, NULL),
(1641, 1397, 1449, 'Recogida de TIE', 'Cita previa, resguardo de presentación y pasaportes', 'Cita previa, resguardo de presentación y pasaportes', 'Sin Iniciar', '2023-10-11 07:57:05', '2023-10-11 07:57:05', 11, 11, NULL),
(1642, 1398, 1450, 'Setup', 'Reunión de presentación', 'Reunión de presentación y conocimiento del cliente', 'Sin Iniciar', '2023-10-11 08:07:52', '2023-10-11 08:07:52', 1, 1, NULL),
(1643, 1398, 1450, 'Documentación', 'Recopilación de documentación', 'Revisión de documentación del cliente', 'Sin Iniciar', '2023-10-11 08:07:52', '2023-10-11 08:07:52', 2, 2, NULL),
(1644, 1398, 1450, 'Cita previa consulado', 'Solicitud de cita previa al consulado', 'Solicitud de cita previa al consulado', 'Sin Iniciar', '2023-10-11 08:07:52', '2023-10-11 08:07:52', 3, 3, NULL),
(1645, 1398, 1450, 'Acudir al consulado', 'Día de presentación de expediente al consulado', 'Día de presentación de expediente al consulado', 'Sin Iniciar', '2023-10-11 08:07:52', '2023-10-11 08:07:52', 4, 4, NULL),
(1646, 1398, 1450, 'Situación de presentación', 'Presentación aceptada, requerida o rechazada', 'Presentación aceptada, requerida o rechazada', 'Sin Iniciar', '2023-10-11 08:07:52', '2023-10-11 08:07:52', 5, 5, NULL),
(1647, 1398, 1450, 'Situación de Expediente', 'Resolución favorable, denegada o requerida', 'Resolución favorable, denegada o requerida', 'Sin Iniciar', '2023-10-11 08:07:52', '2023-10-11 08:07:52', 6, 6, NULL),
(1648, 1398, 1450, 'Recogida de Visado', 'Visita al consulado para retirar visado', 'Visita al consulado para retirar visado', 'Sin Iniciar', '2023-10-11 08:07:52', '2023-10-11 08:07:52', 7, 7, NULL),
(1649, 1398, 1450, 'Llegada a España', 'Llegada a España', 'Llegada a España', 'Sin Iniciar', '2023-10-11 08:07:52', '2023-10-11 08:07:52', 8, 8, NULL),
(1650, 1398, 1450, 'Toma de huellas', 'Cita previa, planilla, tasa, foto, padrón, pasaportes', 'Cita previa, planilla, tasa, foto, padrón, pasaportes', 'Sin Iniciar', '2023-10-11 08:07:52', '2023-10-11 08:07:52', 10, 10, NULL),
(1651, 1398, 1450, 'Recogida de TIE', 'Cita previa, resguardo de presentación y pasaportes', 'Cita previa, resguardo de presentación y pasaportes', 'Sin Iniciar', '2023-10-11 08:07:52', '2023-10-11 08:07:52', 11, 11, NULL),
(1652, 1399, 1451, 'Setup', 'Reunión de presentación y conocimiento del cliente', 'Reunión de presentación y conocimiento del cliente', 'Sin Iniciar', '2023-10-11 08:09:28', '2023-10-11 08:09:28', 1, 1, NULL),
(1653, 1399, 1451, 'Documentación', 'Revisión de documentación del cliente', 'Revisión de documentación del cliente', 'Sin Iniciar', '2023-10-11 08:09:28', '2023-10-11 08:09:28', 2, 2, NULL),
(1654, 1399, 1451, 'Presentación expediente', 'Introducción de expediente', 'Introducción de expediente', 'Sin Iniciar', '2023-10-11 08:09:28', '2023-10-11 08:09:28', 3, 3, NULL),
(1655, 1399, 1451, 'Actualización del expediente', 'En caso de requerimiento adicional', 'En caso de requerimiento adicional', 'Sin Iniciar', '2023-10-11 08:09:28', '2023-10-11 08:09:28', 4, 4, NULL),
(1656, 1399, 1451, 'Situación del expediente', 'Resolución favorable o denegada', 'Resolución favorable o denegada', 'Sin Iniciar', '2023-10-11 08:09:28', '2023-10-11 08:09:28', 5, 5, NULL),
(1657, 1399, 1451, 'Cita PreJura y Jura', 'Protocolo de Jura', 'Protocolo de Jura', 'Sin Iniciar', '2023-10-11 08:09:28', '2023-10-11 08:09:28', 6, 6, NULL),
(1658, 1399, 1451, 'Inscripción en Registro Civil', 'Inscripción en Registro Civil', 'Inscripción en Registro Civil', 'Sin Iniciar', '2023-10-11 08:09:28', '2023-10-11 08:09:28', 7, 7, NULL),
(1659, 1399, 1451, 'Obtención certificado nacimiento', 'Obtención certificado nacimiento', 'Obtención certificado nacimiento', 'Sin Iniciar', '2023-10-11 08:09:28', '2023-10-11 08:09:28', 8, 8, NULL),
(1660, 1399, 1451, 'Toma de Huellas DNI', 'Cita previa, planilla, tasa, foto, padrón, pasaportes', 'Cita previa, planilla, tasa, foto, padrón, pasaportes', 'Sin Iniciar', '2023-10-11 08:09:28', '2023-10-11 08:09:28', 9, 9, NULL),
(1661, 1399, 1451, 'Recogida DNI', 'Cita previa, resguardo de presentación y pasaportes', 'Cita previa, resguardo de presentación y pasaportes', 'Sin Iniciar', '2023-10-11 08:09:28', '2023-10-11 08:09:28', 10, 10, NULL),
(1662, 1452, 1510, 'Setup', 'Reunión de presentación', 'Reunión de presentación y conocimiento del cliente', 'Completado', '2023-10-26 13:20:16', '2023-10-27 13:06:53', 1, 1, '2023-10-27 13:06:53'),
(1663, 1452, 1510, 'Documentación', 'Recopilación de documentación', 'Revisión de documentación del cliente', 'En Proceso', '2023-10-26 13:20:16', '2023-10-26 13:22:50', 2, 2, NULL),
(1664, 1452, 1510, 'Cita previa consulado', 'Solicitud de cita previa al consulado', 'Solicitud de cita previa al consulado', 'Sin Iniciar', '2023-10-26 13:20:16', '2023-10-26 13:20:16', 3, 3, NULL),
(1665, 1452, 1510, 'Acudir al consulado', 'Día de presentación de expediente al consulado', 'Día de presentación de expediente al consulado', 'Sin Iniciar', '2023-10-26 13:20:16', '2023-10-26 13:20:16', 4, 4, NULL),
(1666, 1452, 1510, 'Situación de presentación', 'Presentación aceptada, requerida o rechazada', 'Presentación aceptada, requerida o rechazada', 'Sin Iniciar', '2023-10-26 13:20:16', '2023-10-26 13:20:16', 5, 5, NULL),
(1667, 1452, 1510, 'Situación de Expediente', 'Resolución favorable, denegada o requerida', 'Resolución favorable, denegada o requerida', 'Sin Iniciar', '2023-10-26 13:20:16', '2023-10-26 13:20:16', 6, 6, NULL),
(1668, 1452, 1510, 'Recogida de Visado', 'Visita al consulado para retirar visado', 'Visita al consulado para retirar visado', 'Sin Iniciar', '2023-10-26 13:20:16', '2023-10-26 13:20:16', 7, 7, NULL),
(1669, 1452, 1510, 'Llegada a España', 'Llegada a España', 'Llegada a España', 'Sin Iniciar', '2023-10-26 13:20:16', '2023-10-26 13:20:16', 8, 8, NULL),
(1670, 1452, 1510, 'Toma de huellas', 'Cita previa, planilla, tasa, foto, padrón, pasaportes', 'Cita previa, planilla, tasa, foto, padrón, pasaportes', 'Sin Iniciar', '2023-10-26 13:20:16', '2023-10-26 13:20:16', 10, 10, NULL),
(1671, 1452, 1510, 'Recogida de TIE', 'Cita previa, resguardo de presentación y pasaportes', 'Cita previa, resguardo de presentación y pasaportes', 'Sin Iniciar', '2023-10-26 13:20:16', '2023-10-26 13:20:16', 11, 11, NULL),
(1672, 198, 1530, 'Setup', 'Reunión de presentación y conocimiento del cliente', 'Reunión de presentación y conocimiento del cliente', 'Completado', '2023-11-07 06:28:30', '2023-12-22 06:26:32', 1, 1, '2023-12-22 06:26:32'),
(1673, 198, 1530, 'Documentación', 'Revisión de documentación del cliente', 'Revisión de documentación del cliente', 'En Proceso', '2023-11-07 06:28:30', '2023-12-22 06:27:13', 2, 2, NULL);
INSERT INTO `visa_steps` (`id`, `client_id`, `added_service_id`, `name`, `client_description`, `advisor_description`, `status`, `created_at`, `updated_at`, `number_client`, `number_advisor`, `date_completed`) VALUES
(1674, 198, 1530, 'Presentación expediente', 'Presentación de expediente en el sistema', 'Presentación de expediente en el sistema', 'Sin Iniciar', '2023-11-07 06:28:30', '2023-11-07 06:28:30', 3, 3, NULL),
(1675, 198, 1530, 'Situación del expediente', 'Resolución favorable, denegada o requerida', 'Resolución favorable, denegada o requerida', 'Sin Iniciar', '2023-11-07 06:28:30', '2023-11-07 06:28:30', 4, 4, NULL),
(1676, 198, 1530, 'Toma de huellas', 'Cita previa, planilla, tasa, foto, padrón, pasaportes', 'Cita previa, planilla, tasa, foto, padrón, pasaportes', 'Sin Iniciar', '2023-11-07 06:28:30', '2023-11-07 06:28:30', 5, 5, NULL),
(1677, 198, 1530, 'Recogida TIE', 'Cita previa, resguardo de presentación y pasaportes', 'Cita previa, resguardo de presentación y pasaportes', 'Sin Iniciar', '2023-11-07 06:28:30', '2023-11-07 06:28:30', 6, 6, NULL),
(1678, 1859, 1951, 'Setup', NULL, NULL, 'Completado', '2024-03-27 16:00:39', '2024-04-04 08:09:23', 1, 1, '2024-04-04 10:09:23'),
(1679, 1859, 1951, 'Documentación', NULL, NULL, 'En Proceso', '2024-03-27 16:00:39', '2024-04-04 08:09:25', 2, 2, NULL),
(1680, 1859, 1951, 'Introduccion de expediente', NULL, NULL, 'Sin Iniciar', '2024-03-27 16:00:39', '2024-03-27 16:00:39', 3, 3, NULL),
(1681, 1859, 1951, 'Situación y presentación', NULL, NULL, 'Sin Iniciar', '2024-03-27 16:00:39', '2024-03-27 16:00:39', 4, 4, NULL),
(1682, 1859, 1951, 'Padron', NULL, NULL, 'Sin Iniciar', '2024-03-27 16:00:39', '2024-03-27 16:00:39', 5, 5, NULL),
(1683, 1859, 1951, 'Toma de huellas', NULL, NULL, 'Sin Iniciar', '2024-03-27 16:00:39', '2024-03-27 16:00:39', 6, 6, NULL),
(1684, 1859, 1951, 'Recogida de TIE', NULL, NULL, 'Sin Iniciar', '2024-03-27 16:00:39', '2024-03-27 16:00:39', 7, 7, NULL);

-- --------------------------------------------------------

--
-- Estructura de tabla para la tabla `visa_step_types`
--

CREATE TABLE `visa_step_types` (
  `id` bigint UNSIGNED NOT NULL,
  `name` varchar(128) CHARACTER SET utf8mb4 COLLATE utf8mb4_unicode_ci NOT NULL,
  `client_description` text CHARACTER SET utf8mb4 COLLATE utf8mb4_unicode_ci,
  `advisor_description` text CHARACTER SET utf8mb4 COLLATE utf8mb4_unicode_ci,
  `created_at` timestamp NULL DEFAULT NULL,
  `updated_at` timestamp NULL DEFAULT NULL
) ENGINE=InnoDB DEFAULT CHARSET=utf8mb4 COLLATE=utf8mb4_unicode_ci;

--
-- Volcado de datos para la tabla `visa_step_types`
--

INSERT INTO `visa_step_types` (`id`, `name`, `client_description`, `advisor_description`, `created_at`, `updated_at`) VALUES
(1, 'Setup', 'Reunión de presentación', 'Reunión de presentación y conocimiento del cliente', '2021-08-30 11:53:31', '2021-11-29 12:50:24'),
(2, 'Documentación', 'Recopilación de documentación', 'Revisión de documentación del cliente', '2021-08-30 11:54:16', '2021-11-29 12:50:38'),
(3, 'Cita previa consulado', 'Solicitud de cita previa al consulado', 'Solicitud de cita previa al consulado', '2021-09-06 14:28:10', '2021-11-29 12:50:51'),
(4, 'Acudir al consulado', 'Día de presentación de expediente al consulado', 'Día de presentación de expediente al consulado', '2021-09-06 14:28:56', '2021-11-29 12:51:00'),
(5, 'Situación de presentación', 'Presentación aceptada, requerida o rechazada', 'Presentación aceptada, requerida o rechazada', '2021-09-06 14:29:08', '2021-11-29 12:51:39'),
(6, 'Situación de Expediente', 'Resolución favorable, denegada o requerida', 'Resolución favorable, denegada o requerida', '2021-09-06 14:34:51', '2021-11-29 12:51:48'),
(7, 'Recogida de Visado', 'Visita al consulado para retirar visado', 'Visita al consulado para retirar visado', '2021-09-06 14:35:03', '2021-11-29 12:52:03'),
(8, 'Llegada a España', 'Llegada a España', 'Llegada a España', '2021-09-06 14:35:53', '2021-11-29 12:52:21'),
(9, 'Padrón', 'Cita previa, formulario, contrato de alquiler, pasaportes, acta de nacimiento', 'Cita previa, formulario, contrato de alquiler, pasaportes, acta de nacimiento', '2021-09-06 14:38:29', '2021-11-29 12:52:36'),
(10, 'Toma de huellas', 'Cita previa, planilla, tasa, foto, padrón, pasaportes', 'Cita previa, planilla, tasa, foto, padrón, pasaportes', '2021-09-06 15:18:00', '2021-11-29 12:54:10'),
(11, 'Recogida de TIE', 'Cita previa, resguardo de presentación y pasaportes', 'Cita previa, resguardo de presentación y pasaportes', '2021-09-06 15:18:33', '2021-11-29 12:55:19'),
(18, 'Setup', 'Reunión de presentación y conocimiento del cliente', 'Reunión de presentación y conocimiento del cliente', '2021-11-10 10:15:25', '2021-11-29 13:00:12'),
(19, 'Documentación', 'Recopilación de documentos', 'Revisión de documentación del cliente', '2021-11-10 10:17:18', '2021-11-29 13:01:56'),
(20, 'Padrón', 'Cita previa, formulario, contrato de alquiler, pasaportes, acta de nacimiento', 'Cita previa, formulario, contrato de alquiler, pasaportes, acta de nacimiento', '2021-11-10 10:20:13', '2021-11-29 13:00:57'),
(21, 'Introducción de expediente', 'Día de presentación de expediente al consulado', 'Día de presentación de expediente a través del sistema', '2021-11-10 10:58:05', '2021-11-29 13:02:58'),
(22, 'Situación presentación', 'Presentación aceptada, requerida o rechazada', 'Presentación aceptada, requerida o rechazada', '2021-11-10 10:58:24', '2021-11-29 13:09:03'),
(23, 'Situación del expediente', 'Resolución favorable, denegada o requerida', 'Resolución favorable, denegada o requerida', '2021-11-10 10:58:38', '2021-11-29 13:09:15'),
(24, 'Toma de huellas', 'Cita previa, planilla, tasa, foto, padrón, pasaportes', 'Cita previa, planilla, tasa, foto, padrón, pasaportes', '2021-11-10 10:59:06', '2021-11-29 13:11:12'),
(25, 'Recogida de TIE', 'Cita previa, resguardo de presentación y pasaportes', 'Cita previa, resguardo de presentación y pasaportes', '2021-11-10 10:59:26', '2021-11-29 13:11:45'),
(26, 'Setup', 'Reunión de presentación', 'Reunión de presentación y conocimiento del cliente', '2021-11-10 10:59:44', '2021-11-29 13:12:29'),
(27, 'Documentación', 'Recopilación de documentación', 'Revisión de documentación del cliente', '2021-11-10 11:00:38', '2021-11-29 13:12:50'),
(28, 'Cita previa consulado', 'Solicitud de cita previa al consulado', 'Solicitud de cita previa al consulado', '2021-11-10 11:01:37', '2021-11-29 13:13:01'),
(29, 'Acudir al consulado', 'Día de presentación de expediente al consulado', 'Día de presentación de expediente al consulado', '2021-11-10 11:01:57', '2021-11-29 13:13:15'),
(30, 'Situación de presentación', 'Presentación aceptada, requerida o rechazada', 'Presentación aceptada, requerida o rechazada', '2021-11-10 11:02:18', '2021-11-29 13:13:36'),
(31, 'Situación de expediente', 'Resolución favorable, denegada o requerida', 'Resolución favorable, denegada o requerida', '2021-11-10 11:02:34', '2021-11-29 13:13:48'),
(32, 'Recogida visado', 'Visita al consulado para retirar visado', 'Visita al consulado para retirar visado', '2021-11-10 11:02:48', '2021-11-29 13:14:14'),
(33, 'Llegada a España', 'Llegada a España', 'Llegada a España', '2021-11-10 11:03:00', '2021-11-29 13:14:27'),
(34, 'Padrón', 'Cita previa, formulario, contrato de alquiler, pasaportes, acta de nacimiento', 'Cita previa, formulario, contrato de alquiler, pasaportes, acta de nacimiento', '2021-11-10 11:03:12', '2021-11-29 13:14:41'),
(35, 'Toma de huellas', 'Cita previa, planilla, tasa, foto, padrón, pasaportes', 'Cita previa, planilla, tasa, foto, padrón, pasaportes', '2021-11-10 11:03:20', '2021-11-29 13:14:55'),
(36, 'Recogida de TIE', 'Cita previa, resguardo de presentación y pasaportes', 'Cita previa, resguardo de presentación y pasaportes', '2021-11-10 11:03:32', '2021-11-29 13:15:09'),
(37, 'Setup', 'Reunión de presentación', 'Reunión de presentación y conocimiento del cliente', '2021-12-01 14:05:02', '2021-12-01 14:05:02'),
(38, 'Documentación', 'Revisión de documentación', 'Revisión de documentación del cliente', '2021-12-01 14:08:27', '2021-12-01 14:08:27'),
(39, 'Presentación expediente', 'Presentación de expediente en el sistema', 'Presentación de expediente en el sistema', '2021-12-01 14:09:26', '2021-12-01 14:09:26'),
(40, 'Situación de expediente', 'Resolución favorable, denegada o requerida', 'Resolución favorable, denegada o requerida', '2021-12-01 14:09:47', '2021-12-01 14:09:47'),
(41, 'Toma de huellas', 'Cita previa, planilla, tasa, foto, padrón, pasaportes', 'Cita previa, planilla, tasa, foto, padrón, pasaportes', '2021-12-01 14:10:47', '2021-12-01 14:10:47'),
(42, 'Recogida de TIE', 'Cita previa, resguardo de presentación y pasaportes', 'Cita previa, resguardo de presentación y pasaportes', '2021-12-01 14:11:21', '2021-12-01 14:11:21'),
(43, 'Setup', 'Reunión de presentación y conocimiento del cliente', 'Reunión de presentación y conocimiento del cliente', '2021-12-10 10:41:34', '2021-12-10 10:41:34'),
(44, 'Documentación', 'Revisión de documentación del cliente', 'Revisión de documentación del cliente', '2021-12-10 10:42:05', '2021-12-10 10:42:05'),
(45, 'Presentación expediente', 'Introducción de expediente', 'Introducción de expediente', '2021-12-10 10:42:38', '2021-12-10 10:42:38'),
(46, 'Actualización del expediente', 'En caso de requerimiento adicional', 'En caso de requerimiento adicional', '2021-12-10 10:43:06', '2021-12-10 10:43:06'),
(47, 'Situación del expediente', 'Resolución favorable o denegada', 'Resolución favorable o denegada', '2021-12-10 10:44:03', '2021-12-10 10:44:03'),
(48, 'Cita PreJura y Jura', 'Protocolo de Jura', 'Protocolo de Jura', '2021-12-10 10:44:41', '2021-12-10 10:44:41'),
(49, 'Inscripción en Registro Civil', 'Inscripción en Registro Civil', 'Inscripción en Registro Civil', '2021-12-10 10:45:04', '2021-12-10 10:45:04'),
(50, 'Obtención certificado nacimiento', 'Obtención certificado nacimiento', 'Obtención certificado nacimiento', '2021-12-10 10:45:21', '2021-12-10 10:45:21'),
(51, 'Toma de Huellas DNI', 'Cita previa, planilla, tasa, foto, padrón, pasaportes', 'Cita previa, planilla, tasa, foto, padrón, pasaportes', '2021-12-10 10:45:42', '2021-12-10 10:45:42'),
(52, 'Recogida DNI', 'Cita previa, resguardo de presentación y pasaportes', 'Cita previa, resguardo de presentación y pasaportes', '2021-12-10 10:46:03', '2021-12-10 10:46:03'),
(53, 'Setup', 'Reunión de presentación y conocimiento del cliente', 'Reunión de presentación y conocimiento del cliente', '2021-12-10 10:55:47', '2021-12-10 10:55:47'),
(54, 'Documentación', 'Revisión de documentación del cliente', 'Revisión de documentación del cliente', '2021-12-10 10:56:29', '2021-12-10 10:56:29'),
(55, 'Documentación Empresa', 'Revisión de documentación de la empresa', 'Revisión de documentación de la empresa', '2021-12-10 10:56:47', '2021-12-10 10:56:47'),
(56, 'Presentación expediente', 'Presentación aceptada, requerimiento o rechazada', 'Presentación aceptada, requerimiento o rechazada', '2021-12-10 10:59:15', '2021-12-10 10:59:15'),
(57, 'Situación expediente', 'Resolución favorable, denegada o requerimiento', 'Resolución favorable, denegada o requerimiento', '2021-12-10 11:00:02', '2021-12-10 11:00:02'),
(58, 'Cita Consulado', 'Solicitud de cita previa al consulado', 'Solicitud de cita previa al consulado', '2021-12-10 11:00:25', '2021-12-10 11:00:25'),
(59, 'Obtención del visado', 'Obtención del visado', 'Obtención del visado', '2021-12-10 11:00:48', '2021-12-10 11:00:48'),
(60, 'Llegada a España', 'Llegada a España', 'Llegada a España', '2021-12-10 11:01:03', '2021-12-10 11:01:03'),
(61, 'Padrón', 'Cita previa, formulario, contrato de alquiler, pasaportes, acta de nacimiento', 'Cita previa, formulario, contrato de alquiler, pasaportes, acta de nacimiento', '2021-12-10 11:01:39', '2021-12-10 11:01:39'),
(62, 'Toma de huellas', 'Cita previa, planilla, tasa, foto, padrón, pasaportes', 'Cita previa, planilla, tasa, foto, padrón, pasaportes', '2021-12-10 11:02:17', '2021-12-10 11:02:17'),
(63, 'Recogida TIE', 'Cita previa, resguardo de presentación y pasaportes', 'Cita previa, resguardo de presentación y pasaportes', '2021-12-10 11:02:41', '2021-12-10 11:02:41'),
(64, 'Setup', 'Reunión de presentación y conocimiento del cliente', 'Reunión de presentación y conocimiento del cliente', '2021-12-10 11:28:46', '2021-12-10 11:28:46'),
(65, 'Documentación', 'Revisión de documentación del cliente', 'Revisión de documentación del cliente', '2021-12-10 11:29:08', '2021-12-10 11:29:08'),
(66, 'Llegada a España', 'Llegada a España', 'Llegada a España', '2021-12-10 11:29:22', '2021-12-10 11:29:22'),
(67, 'Padrón', 'Cita previa, formulario, contrato de alquiler, pasaportes, acta de nacimiento', 'Cita previa, formulario, contrato de alquiler, pasaportes, acta de nacimiento', '2021-12-10 11:29:41', '2021-12-10 11:29:41'),
(68, 'Presentación expediente', 'Presentación presencial de expediente con cita en departamente extranjería', 'Presentación presencial de expediente con cita en departamente extranjería', '2021-12-10 11:30:02', '2021-12-10 11:30:02'),
(69, 'Situación del expediente', 'Resolución favorable, denegada o requerimiento', 'Resolución favorable, denegada o requerimiento', '2021-12-10 11:30:36', '2021-12-10 11:30:36'),
(70, 'Toma de huellas', 'Cita previa, planilla, tasa, foto, padrón, pasaportes', 'Cita previa, planilla, tasa, foto, padrón, pasaportes', '2021-12-10 11:30:58', '2021-12-10 11:30:58'),
(71, 'Recogida TIE', 'Cita previa, resguardo de presentación y pasaportes', 'Cita previa, resguardo de presentación y pasaportes', '2021-12-10 11:31:14', '2021-12-10 11:31:14'),
(72, 'Setup', 'Reunión de presentación y conocimiento del cliente', 'Reunión de presentación y conocimiento del cliente', '2021-12-10 11:31:38', '2021-12-10 11:31:38'),
(73, 'Documentación', 'Revisión de documentación del cliente', 'Revisión de documentación del cliente', '2021-12-10 11:31:55', '2021-12-10 11:31:55'),
(74, 'Presentación expediente', 'Presentación presencial de expediente con cita en departamente extranjería', 'Presentación presencial de expediente con cita en departamente extranjería', '2021-12-10 11:32:15', '2021-12-10 11:32:15'),
(75, 'Situación del expediente', 'Resolución favorable, denegada o requerimiento', 'Resolución favorable, denegada o requerimiento', '2021-12-10 11:32:38', '2021-12-10 11:32:38'),
(76, 'Toma de huellas', 'Cita previa, planilla, tasa, foto, padrón, pasaportes', 'Cita previa, planilla, tasa, foto, padrón, pasaportes', '2021-12-10 11:32:53', '2021-12-10 11:32:53'),
(77, 'Recogida TIE', 'Cita previa, resguardo de presentación y pasaportes', 'Cita previa, resguardo de presentación y pasaportes', '2021-12-10 11:34:43', '2021-12-10 11:34:43'),
(78, 'Setup', 'Reunión de presentación y conocimiento del cliente', 'Reunión de presentación y conocimiento del cliente', '2021-12-10 11:39:21', '2021-12-10 11:39:21'),
(79, 'Documentación', 'Revisión de documentación del cliente', 'Revisión de documentación del cliente', '2021-12-10 11:39:45', '2021-12-10 11:39:45'),
(80, 'Presentación expediente', 'Presentación de expediente en el sistema', 'Presentación de expediente en el sistema', '2021-12-10 11:40:04', '2021-12-10 11:40:04'),
(81, 'Situación del expediente', 'Resolución favorable, denegada o requerida', 'Resolución favorable, denegada o requerida', '2021-12-10 11:40:30', '2021-12-10 11:40:30'),
(82, 'Toma de huellas', 'Cita previa, planilla, tasa, foto, padrón, pasaportes', 'Cita previa, planilla, tasa, foto, padrón, pasaportes', '2021-12-10 11:40:49', '2021-12-10 11:40:49'),
(83, 'Recogida TIE', 'Cita previa, resguardo de presentación y pasaportes', 'Cita previa, resguardo de presentación y pasaportes', '2021-12-10 11:41:12', '2021-12-10 11:41:12'),
(84, 'Setup', 'Reunión de presentación y conocimiento del cliente', 'Reunión de presentación y conocimiento del cliente', '2021-12-13 09:26:24', '2021-12-13 09:26:24'),
(85, 'Documentación', 'Revisión de documentación del cliente', 'Revisión de documentación del cliente', '2021-12-13 09:27:06', '2021-12-13 09:27:06'),
(86, 'Llegada a España', 'Llegada a España', 'Llegada a España', '2021-12-13 09:27:35', '2021-12-13 09:27:35'),
(87, 'Padrón', 'Cita previa, formulario, contrato de alquiler, pasaportes, acta de nacimiento', 'Cita previa, formulario, contrato de alquiler, pasaportes, acta de nacimiento', '2021-12-13 09:27:57', '2021-12-13 09:27:57'),
(88, 'Presentación expediente', 'Presentación aceptada, requerimiento o rechazada', 'Presentación aceptada, requerimiento o rechazada', '2021-12-13 09:28:38', '2021-12-13 09:28:38'),
(89, 'Situación del expediente', 'Resolución favorable, denegada o requerimiento', 'Resolución favorable, denegada o requerimiento', '2021-12-13 09:29:20', '2021-12-13 09:29:20'),
(90, 'Recogida de TIE', 'Cita previa, resguardo de presentación y pasaportes', 'Cita previa, resguardo de presentación y pasaportes', '2021-12-13 09:29:42', '2021-12-13 09:29:42'),
(91, 'Setup', 'Reunión de presentación y conocimiento del cliente', 'Reunión de presentación y conocimiento del cliente', '2021-12-13 09:30:00', '2021-12-13 09:30:00'),
(92, 'Documentación', 'Revisión de documentación del cliente', 'Revisión de documentación del cliente', '2021-12-13 09:30:26', '2021-12-13 09:30:26'),
(93, 'Padrón', 'Documento actualizado', 'Documento actualizado', '2021-12-13 09:31:04', '2021-12-13 09:31:04'),
(94, 'Presentación expediente', 'Presentación presencial de expediente en organismo competente', 'Presentación presencial de expediente en organismo competente', '2021-12-13 09:31:32', '2021-12-13 09:31:32'),
(95, 'Situación del expediente', 'Resolución favorable, denegada o requerimiento', 'Resolución favorable, denegada o requerimiento', '2021-12-13 09:33:17', '2021-12-13 09:33:17'),
(96, 'Recogida de TIE', 'Cita previa, resguardo de presentación y pasaportes', 'Cita previa, resguardo de presentación y pasaportes', '2021-12-13 09:33:36', '2021-12-13 09:33:36'),
(97, 'NIE familiar estudiante (si aplica)', 'Solicitud de NIE para el familiar de estudiante', 'Solicitud de NIE para el familiar de estudiante', '2022-01-14 11:41:20', '2022-01-14 11:41:20'),
(98, 'Setup', NULL, NULL, '2023-07-28 12:02:42', '2023-07-28 12:07:22'),
(99, 'Documentación', NULL, NULL, '2023-07-28 12:07:39', '2023-07-28 12:07:39'),
(100, 'Introduccion de expediente', NULL, NULL, '2023-07-28 12:08:29', '2023-07-28 12:08:29'),
(101, 'Situación y presentación', NULL, NULL, '2023-07-28 12:09:21', '2023-07-28 12:09:21'),
(102, 'Padron', NULL, NULL, '2023-07-28 12:09:49', '2023-07-28 12:09:49'),
(103, 'Toma de huellas', NULL, NULL, '2023-07-28 12:10:02', '2023-07-28 12:10:02'),
(104, 'Recogida de TIE', NULL, NULL, '2023-07-28 12:10:16', '2023-07-28 12:10:16');

-- --------------------------------------------------------

--
-- Estructura de tabla para la tabla `visa_step_type_visa_type`
--

CREATE TABLE `visa_step_type_visa_type` (
  `id` bigint UNSIGNED NOT NULL,
  `visa_step_type_id` bigint UNSIGNED NOT NULL,
  `visa_type_id` bigint UNSIGNED NOT NULL,
  `created_at` timestamp NULL DEFAULT NULL,
  `updated_at` timestamp NULL DEFAULT NULL,
  `number_client` tinyint UNSIGNED DEFAULT NULL,
  `number_advisor` tinyint UNSIGNED DEFAULT NULL
) ENGINE=InnoDB DEFAULT CHARSET=utf8mb4 COLLATE=utf8mb4_unicode_ci;

--
-- Volcado de datos para la tabla `visa_step_type_visa_type`
--

INSERT INTO `visa_step_type_visa_type` (`id`, `visa_step_type_id`, `visa_type_id`, `created_at`, `updated_at`, `number_client`, `number_advisor`) VALUES
(56, 18, 6, '2021-11-29 13:00:12', '2021-11-29 13:00:12', 1, 1),
(57, 20, 6, '2021-11-29 13:00:57', '2021-11-29 13:00:57', 3, 3),
(58, 19, 6, '2021-11-29 13:01:56', '2021-11-29 13:01:56', 2, 2),
(59, 21, 6, '2021-11-29 13:02:58', '2021-11-29 13:02:58', 4, 4),
(61, 22, 6, '2021-11-29 13:09:03', '2021-11-29 13:09:03', 5, 5),
(62, 23, 6, '2021-11-29 13:09:15', '2021-11-29 13:09:15', 6, 6),
(63, 24, 6, '2021-11-29 13:11:12', '2021-11-29 13:11:12', 7, 7),
(64, 25, 6, '2021-11-29 13:11:45', '2021-11-29 13:11:45', 8, 8),
(65, 26, 7, '2021-11-29 13:12:29', '2021-11-29 13:12:29', 1, 1),
(66, 27, 7, '2021-11-29 13:12:50', '2021-11-29 13:12:50', 2, 2),
(67, 28, 7, '2021-11-29 13:13:01', '2021-11-29 13:13:01', 3, 3),
(68, 29, 7, '2021-11-29 13:13:15', '2021-11-29 13:13:15', 4, 4),
(69, 30, 7, '2021-11-29 13:13:36', '2021-11-29 13:13:36', 5, 5),
(70, 31, 7, '2021-11-29 13:13:48', '2021-11-29 13:13:48', 6, 6),
(71, 32, 7, '2021-11-29 13:14:14', '2021-11-29 13:14:14', 7, 7),
(72, 33, 7, '2021-11-29 13:14:27', '2021-11-29 13:14:27', 8, 8),
(73, 34, 7, '2021-11-29 13:14:41', '2021-11-29 13:14:41', 9, 9),
(104, 43, 17, '2021-12-10 10:41:34', '2021-12-10 10:41:34', 1, 1),
(106, 44, 17, '2021-12-10 10:42:14', '2021-12-10 10:42:14', 2, 2),
(107, 45, 17, '2021-12-10 10:42:38', '2021-12-10 10:42:38', 3, 3),
(108, 46, 17, '2021-12-10 10:43:06', '2021-12-10 10:43:06', 4, 4),
(109, 47, 17, '2021-12-10 10:44:04', '2021-12-10 10:44:04', 5, 5),
(110, 48, 17, '2021-12-10 10:44:41', '2021-12-10 10:44:41', 6, 6),
(111, 49, 17, '2021-12-10 10:45:04', '2021-12-10 10:45:04', 7, 7),
(112, 50, 17, '2021-12-10 10:45:21', '2021-12-10 10:45:21', 8, 8),
(113, 51, 17, '2021-12-10 10:45:42', '2021-12-10 10:45:42', 9, 9),
(114, 52, 17, '2021-12-10 10:46:03', '2021-12-10 10:46:03', 10, 10),
(156, 64, 4, '2021-12-10 11:28:46', '2021-12-10 11:28:46', 1, 1),
(157, 65, 4, '2021-12-10 11:29:08', '2021-12-10 11:29:08', 2, 2),
(158, 66, 4, '2021-12-10 11:29:22', '2021-12-10 11:29:22', 3, 3),
(159, 67, 4, '2021-12-10 11:29:41', '2021-12-10 11:29:41', 4, 4),
(160, 68, 4, '2021-12-10 11:30:02', '2021-12-10 11:30:02', 5, 5),
(161, 69, 4, '2021-12-10 11:30:36', '2021-12-10 11:30:36', 6, 6),
(162, 70, 4, '2021-12-10 11:30:58', '2021-12-10 11:30:58', 7, 7),
(163, 71, 4, '2021-12-10 11:31:14', '2021-12-10 11:31:14', 8, 8),
(164, 72, 5, '2021-12-10 11:31:38', '2021-12-10 11:31:38', 1, 1),
(165, 73, 5, '2021-12-10 11:31:55', '2021-12-10 11:31:55', 2, 2),
(166, 74, 5, '2021-12-10 11:32:15', '2021-12-10 11:32:15', 3, 3),
(167, 75, 5, '2021-12-10 11:32:38', '2021-12-10 11:32:38', 4, 4),
(168, 76, 5, '2021-12-10 11:32:53', '2021-12-10 11:32:53', 5, 5),
(169, 77, 5, '2021-12-10 11:34:43', '2021-12-10 11:34:43', 6, 6),
(176, 84, 18, '2021-12-13 09:26:24', '2021-12-13 09:26:24', 1, 1),
(177, 85, 18, '2021-12-13 09:27:06', '2021-12-13 09:27:06', 2, 2),
(178, 86, 18, '2021-12-13 09:27:35', '2021-12-13 09:27:35', 3, 3),
(179, 87, 18, '2021-12-13 09:27:57', '2021-12-13 09:27:57', 4, 4),
(180, 88, 18, '2021-12-13 09:28:38', '2021-12-13 09:28:38', 5, 5),
(181, 89, 18, '2021-12-13 09:29:20', '2021-12-13 09:29:20', 6, 6),
(182, 90, 18, '2021-12-13 09:29:42', '2021-12-13 09:29:42', 7, 7),
(183, 91, 19, '2021-12-13 09:30:00', '2021-12-13 09:30:00', 1, 1),
(184, 92, 19, '2021-12-13 09:30:26', '2021-12-13 09:30:26', 2, 2),
(185, 93, 19, '2021-12-13 09:31:04', '2021-12-13 09:31:04', 3, 3),
(186, 94, 19, '2021-12-13 09:31:32', '2021-12-13 09:31:32', 4, 4),
(187, 95, 19, '2021-12-13 09:33:17', '2021-12-13 09:33:17', 5, 5),
(188, 96, 19, '2021-12-13 09:33:36', '2021-12-13 09:33:36', 6, 6),
(189, 35, 7, '2022-01-14 11:40:30', '2022-01-14 11:40:30', 11, 11),
(190, 36, 7, '2022-01-14 11:40:39', '2022-01-14 11:40:39', 12, 12),
(191, 97, 7, '2022-01-14 11:41:20', '2022-01-14 11:41:20', 10, 10),
(192, 53, 11, '2022-01-14 11:42:17', '2022-01-14 11:42:17', 1, 1),
(193, 53, 13, '2022-01-14 11:42:17', '2022-01-14 11:42:17', 1, 1),
(194, 54, 11, '2022-01-14 11:42:27', '2022-01-14 11:42:27', 2, 2),
(195, 54, 13, '2022-01-14 11:42:27', '2022-01-14 11:42:27', 2, 2),
(196, 55, 11, '2022-01-14 11:42:32', '2022-01-14 11:42:32', 3, 3),
(197, 55, 13, '2022-01-14 11:42:32', '2022-01-14 11:42:32', 3, 3),
(198, 56, 11, '2022-01-14 11:42:38', '2022-01-14 11:42:38', 4, 4),
(199, 56, 13, '2022-01-14 11:42:38', '2022-01-14 11:42:38', 4, 4),
(200, 57, 11, '2022-01-14 11:42:45', '2022-01-14 11:42:45', 5, 5),
(201, 57, 13, '2022-01-14 11:42:45', '2022-01-14 11:42:45', 5, 5),
(202, 58, 11, '2022-01-14 11:42:51', '2022-01-14 11:42:51', 6, 6),
(203, 58, 13, '2022-01-14 11:42:51', '2022-01-14 11:42:51', 6, 6),
(204, 59, 11, '2022-01-14 11:42:55', '2022-01-14 11:42:55', 7, 7),
(205, 59, 13, '2022-01-14 11:42:55', '2022-01-14 11:42:55', 7, 7),
(206, 60, 11, '2022-01-14 11:43:00', '2022-01-14 11:43:00', 8, 8),
(207, 60, 13, '2022-01-14 11:43:00', '2022-01-14 11:43:00', 8, 8),
(208, 61, 11, '2022-01-14 11:43:19', '2022-01-14 11:43:19', 9, 9),
(209, 61, 13, '2022-01-14 11:43:19', '2022-01-14 11:43:19', 9, 9),
(210, 62, 11, '2022-01-14 11:43:26', '2022-01-14 11:43:26', 10, 10),
(211, 62, 13, '2022-01-14 11:43:26', '2022-01-14 11:43:26', 10, 10),
(212, 63, 11, '2022-01-14 11:43:32', '2022-01-14 11:43:32', 11, 11),
(213, 63, 13, '2022-01-14 11:43:32', '2022-01-14 11:43:32', 11, 11),
(238, 1, 9, '2022-02-02 09:28:04', '2022-02-02 09:28:04', 1, 1),
(239, 1, 20, '2022-02-02 09:28:04', '2022-02-02 09:28:04', 1, 1),
(240, 2, 9, '2022-02-02 09:28:12', '2022-02-02 09:28:12', 2, 2),
(241, 2, 20, '2022-02-02 09:28:12', '2022-02-02 09:28:12', 2, 2),
(242, 3, 9, '2022-02-02 09:28:19', '2022-02-02 09:28:19', 3, 3),
(243, 3, 20, '2022-02-02 09:28:19', '2022-02-02 09:28:19', 3, 3),
(244, 4, 9, '2022-02-02 09:28:34', '2022-02-02 09:28:34', 4, 4),
(245, 4, 20, '2022-02-02 09:28:34', '2022-02-02 09:28:34', 4, 4),
(246, 5, 9, '2022-02-02 09:28:40', '2022-02-02 09:28:40', 5, 5),
(247, 5, 20, '2022-02-02 09:28:40', '2022-02-02 09:28:40', 5, 5),
(248, 6, 9, '2022-02-02 09:28:48', '2022-02-02 09:28:48', 6, 6),
(249, 6, 20, '2022-02-02 09:28:48', '2022-02-02 09:28:48', 6, 6),
(250, 7, 9, '2022-02-02 09:28:57', '2022-02-02 09:28:57', 7, 7),
(251, 7, 20, '2022-02-02 09:28:57', '2022-02-02 09:28:57', 7, 7),
(252, 8, 9, '2022-02-02 09:29:06', '2022-02-02 09:29:06', 8, 8),
(253, 8, 20, '2022-02-02 09:29:06', '2022-02-02 09:29:06', 8, 8),
(256, 10, 9, '2022-02-02 09:29:25', '2022-02-02 09:29:25', 10, 10),
(257, 10, 20, '2022-02-02 09:29:25', '2022-02-02 09:29:25', 10, 10),
(258, 11, 9, '2022-02-02 09:29:33', '2022-02-02 09:29:33', 11, 11),
(259, 11, 20, '2022-02-02 09:29:33', '2022-02-02 09:29:33', 11, 11),
(260, 37, 10, '2022-02-02 09:30:08', '2022-02-02 09:30:08', 1, 1),
(261, 37, 8, '2022-02-02 09:30:08', '2022-02-02 09:30:08', 1, 1),
(262, 37, 12, '2022-02-02 09:30:08', '2022-02-02 09:30:08', 1, 1),
(263, 37, 14, '2022-02-02 09:30:08', '2022-02-02 09:30:08', 1, 1),
(264, 37, 21, '2022-02-02 09:30:08', '2022-02-02 09:30:08', 1, 1),
(265, 38, 10, '2022-02-02 09:30:20', '2022-02-02 09:30:20', 2, 2),
(266, 38, 8, '2022-02-02 09:30:20', '2022-02-02 09:30:20', 2, 2),
(267, 38, 12, '2022-02-02 09:30:20', '2022-02-02 09:30:20', 2, 2),
(268, 38, 14, '2022-02-02 09:30:20', '2022-02-02 09:30:20', 2, 2),
(269, 38, 21, '2022-02-02 09:30:20', '2022-02-02 09:30:20', 2, 2),
(270, 39, 10, '2022-02-02 09:52:38', '2022-02-02 09:52:38', 3, 3),
(271, 39, 8, '2022-02-02 09:52:38', '2022-02-02 09:52:38', 3, 3),
(272, 39, 12, '2022-02-02 09:52:38', '2022-02-02 09:52:38', 3, 3),
(273, 39, 14, '2022-02-02 09:52:38', '2022-02-02 09:52:38', 3, 3),
(274, 39, 21, '2022-02-02 09:52:38', '2022-02-02 09:52:38', 3, 3),
(275, 40, 10, '2022-02-02 09:52:52', '2022-02-02 09:52:52', 4, 4),
(276, 40, 8, '2022-02-02 09:52:52', '2022-02-02 09:52:52', 4, 4),
(277, 40, 12, '2022-02-02 09:52:52', '2022-02-02 09:52:52', 4, 4),
(278, 40, 14, '2022-02-02 09:52:52', '2022-02-02 09:52:52', 4, 4),
(279, 40, 21, '2022-02-02 09:52:52', '2022-02-02 09:52:52', 4, 4),
(280, 41, 10, '2022-02-02 09:53:05', '2022-02-02 09:53:05', 5, 5),
(281, 41, 8, '2022-02-02 09:53:05', '2022-02-02 09:53:05', 5, 5),
(282, 41, 12, '2022-02-02 09:53:05', '2022-02-02 09:53:05', 5, 5),
(283, 41, 14, '2022-02-02 09:53:05', '2022-02-02 09:53:05', 5, 5),
(284, 41, 21, '2022-02-02 09:53:05', '2022-02-02 09:53:05', 5, 5),
(285, 42, 10, '2022-02-02 09:53:19', '2022-02-02 09:53:19', 6, 6),
(286, 42, 8, '2022-02-02 09:53:19', '2022-02-02 09:53:19', 6, 6),
(287, 42, 12, '2022-02-02 09:53:19', '2022-02-02 09:53:19', 6, 6),
(288, 42, 14, '2022-02-02 09:53:19', '2022-02-02 09:53:19', 6, 6),
(289, 42, 21, '2022-02-02 09:53:19', '2022-02-02 09:53:19', 6, 6),
(290, 78, 1, '2023-06-23 14:21:47', '2023-06-23 14:21:47', 1, 1),
(291, 78, 22, '2023-06-23 14:21:47', '2023-06-23 14:21:47', 1, 1),
(292, 78, 23, '2023-06-23 14:21:47', '2023-06-23 14:21:47', 1, 1),
(293, 79, 1, '2023-06-23 14:22:13', '2023-06-23 14:22:13', 2, 2),
(294, 79, 22, '2023-06-23 14:22:13', '2023-06-23 14:22:13', 2, 2),
(295, 79, 23, '2023-06-23 14:22:13', '2023-06-23 14:22:13', 2, 2),
(296, 80, 1, '2023-06-23 14:22:27', '2023-06-23 14:22:27', 3, 3),
(297, 80, 22, '2023-06-23 14:22:27', '2023-06-23 14:22:27', 3, 3),
(298, 80, 23, '2023-06-23 14:22:27', '2023-06-23 14:22:27', 3, 3),
(299, 81, 1, '2023-06-23 14:22:49', '2023-06-23 14:22:49', 4, 4),
(300, 81, 22, '2023-06-23 14:22:49', '2023-06-23 14:22:49', 4, 4),
(301, 81, 23, '2023-06-23 14:22:49', '2023-06-23 14:22:49', 4, 4),
(302, 82, 1, '2023-06-23 14:23:02', '2023-06-23 14:23:02', 5, 5),
(303, 82, 22, '2023-06-23 14:23:02', '2023-06-23 14:23:02', 5, 5),
(304, 82, 23, '2023-06-23 14:23:02', '2023-06-23 14:23:02', 5, 5),
(305, 83, 1, '2023-06-23 14:23:14', '2023-06-23 14:23:14', 6, 6),
(306, 83, 22, '2023-06-23 14:23:14', '2023-06-23 14:23:14', 6, 6),
(307, 83, 23, '2023-06-23 14:23:14', '2023-06-23 14:23:14', 6, 6),
(311, 98, 24, '2023-07-28 12:07:22', '2023-07-28 12:07:22', 1, 1),
(312, 99, 24, '2023-07-28 12:07:39', '2023-07-28 12:07:39', 2, 2),
(313, 100, 24, '2023-07-28 12:08:29', '2023-07-28 12:08:29', 3, 3),
(314, 101, 24, '2023-07-28 12:09:21', '2023-07-28 12:09:21', 4, 4),
(315, 102, 24, '2023-07-28 12:09:49', '2023-07-28 12:09:49', 5, 5),
(316, 103, 24, '2023-07-28 12:10:02', '2023-07-28 12:10:02', 6, 6),
(317, 104, 24, '2023-07-28 12:10:16', '2023-07-28 12:10:16', 7, 7);

-- --------------------------------------------------------

--
-- Estructura de tabla para la tabla `visa_types`
--

CREATE TABLE `visa_types` (
  `id` bigint UNSIGNED NOT NULL,
  `name` varchar(64) CHARACTER SET utf8mb4 COLLATE utf8mb4_unicode_ci NOT NULL,
  `flag_active` tinyint(1) NOT NULL DEFAULT '1',
  `created_at` timestamp NULL DEFAULT NULL,
  `updated_at` timestamp NULL DEFAULT NULL,
  `deleted_at` timestamp NULL DEFAULT NULL
) ENGINE=InnoDB DEFAULT CHARSET=utf8mb4 COLLATE=utf8mb4_unicode_ci;

--
-- Volcado de datos para la tabla `visa_types`
--

INSERT INTO `visa_types` (`id`, `name`, `flag_active`, `created_at`, `updated_at`, `deleted_at`) VALUES
(1, 'Arraigo', 1, '2021-08-28 16:09:03', '2021-11-26 12:04:18', NULL),
(2, 'Asilo - Razones Humanitarias', 1, '2021-08-28 16:09:03', '2021-11-26 12:09:30', NULL),
(3, 'Renovación Razones Humanitarias', 1, '2021-08-28 16:09:03', '2021-11-26 12:10:19', NULL),
(4, 'Tarjeta de residencia de familiar comunitario de la UE', 1, '2021-08-28 16:09:03', '2021-11-26 11:58:59', NULL),
(5, 'Tarjeta de residencia permanente de familiar de ciudadano UE', 1, '2021-08-28 16:09:03', '2021-11-26 12:12:15', NULL),
(6, 'Visado Estudiantes desde España', 1, '2021-08-28 16:09:03', '2021-11-10 10:54:17', NULL),
(7, 'Visado Estudiantes desde país origen', 1, '2021-08-28 16:09:03', '2021-11-10 10:54:09', NULL),
(8, 'Prórroga Visado Estudiantes', 1, '2021-08-28 16:09:03', '2021-12-13 11:37:50', NULL),
(9, 'Residencia Temporal no Lucrativa', 1, '2021-08-28 16:09:03', '2021-11-26 12:14:07', NULL),
(10, 'Renovación Residencia Temporal no Lucrativa', 1, '2021-08-28 16:09:03', '2021-11-29 12:02:59', NULL),
(11, 'Residencia y trabajo de profesionales altamente cualificados', 1, '2021-10-19 08:15:27', '2021-11-29 12:03:13', NULL),
(12, 'Renovación residencia de profesionales altamente cualificados', 1, '2021-11-26 12:37:08', '2021-11-29 12:03:22', NULL),
(13, 'Residencia por traslado intraempresarial', 1, '2021-11-26 12:38:39', '2021-11-29 12:03:41', NULL),
(14, 'Renovación de residencia por traslado intraempresarial', 1, '2021-11-26 12:40:41', '2021-11-29 12:03:51', NULL),
(15, 'Residencia temporal por reagrupación familiar', 1, '2021-11-26 12:41:29', '2021-11-29 12:04:01', NULL),
(16, 'Renovación de residencia temporal por reagrupación familiar', 1, '2021-11-29 12:04:08', '2021-11-29 12:04:20', NULL),
(17, 'Nacionalidad / Ciudadanía', 1, '2021-12-10 10:40:21', '2021-12-10 10:40:21', NULL),
(18, 'Certificado de registro de ciudadano de la UE', 1, '2021-12-13 09:25:09', '2021-12-13 09:25:09', NULL),
(19, 'Certificado de residencia permanente de ciudadano de la UE', 1, '2021-12-13 09:25:43', '2021-12-13 09:25:43', NULL),
(20, 'Autorización residencia temporal y trabajo por cuenta propia', 1, '2022-02-01 12:49:49', '2022-02-01 12:49:49', NULL),
(21, 'Renovación residencia temporal y trabajo por cuenta propia', 1, '2022-02-01 12:53:05', '2022-02-01 12:53:05', NULL),
(22, 'Arraigo Familiar por descendiente español', 1, '2023-06-23 13:34:00', '2023-06-23 13:34:00', NULL),
(23, 'Arraigo Familiar por cónyuge español', 1, '2023-06-23 13:34:55', '2023-06-23 13:34:55', NULL),
(24, 'Profesional altamente cualificado desde España', 1, '2023-06-28 12:08:13', '2023-06-28 12:08:13', NULL),
(25, 'Profesional altamente cualificado desde el país de origen', 1, '2023-06-28 12:08:32', '2023-06-28 12:08:32', NULL);

-- --------------------------------------------------------

--
-- Estructura de tabla para la tabla `wallet_transactions`
--

CREATE TABLE `wallet_transactions` (
  `id` bigint UNSIGNED NOT NULL,
  `client_id` bigint UNSIGNED NOT NULL,
  `employee_id` bigint UNSIGNED DEFAULT NULL,
  `title` varchar(100) CHARACTER SET utf8mb4 COLLATE utf8mb4_unicode_ci NOT NULL,
  `description` varchar(255) CHARACTER SET utf8mb4 COLLATE utf8mb4_unicode_ci DEFAULT NULL,
  `amount` double(12,2) NOT NULL,
  `created_at` timestamp NULL DEFAULT NULL,
  `updated_at` timestamp NULL DEFAULT NULL
) ENGINE=InnoDB DEFAULT CHARSET=utf8mb4 COLLATE=utf8mb4_unicode_ci;

--
-- Volcado de datos para la tabla `wallet_transactions`
--

INSERT INTO `wallet_transactions` (`id`, `client_id`, `employee_id`, `title`, `description`, `amount`, `created_at`, `updated_at`) VALUES
(1, 1, 3, 'Asignación inicial', 'Creación de cuenta', 150.00, '2023-11-02 06:57:10', '2023-11-02 06:57:10'),
(2, 1472, 59, 'Suscripción', 'se le añaden 50€', 50.00, '2023-11-10 16:04:12', '2023-11-10 16:04:12');

--
-- Índices para tablas volcadas
--

--
-- Indices de la tabla `activity_by_ips`
--
ALTER TABLE `activity_by_ips`
  ADD PRIMARY KEY (`id`),
  ADD KEY `activity_by_ips_user_id_foreign` (`user_id`);

--
-- Indices de la tabla `added_services`
--
ALTER TABLE `added_services`
  ADD PRIMARY KEY (`id`),
  ADD KEY `added_services_client_id_foreign` (`client_id`),
  ADD KEY `added_services_service_id_foreign` (`service_id`),
  ADD KEY `added_services_file_id_foreign` (`file_id`),
  ADD KEY `added_services_visa_type_id_foreign` (`visa_type_id`);

--
-- Indices de la tabla `added_service_payment`
--
ALTER TABLE `added_service_payment`
  ADD PRIMARY KEY (`id`),
  ADD KEY `added_service_payment_added_service_id_foreign` (`added_service_id`),
  ADD KEY `added_service_payment_payment_id_foreign` (`payment_id`);

--
-- Indices de la tabla `assigned_advisors`
--
ALTER TABLE `assigned_advisors`
  ADD PRIMARY KEY (`id`),
  ADD KEY `assigned_advisors_client_id_foreign` (`client_id`),
  ADD KEY `assigned_advisors_employee_id_foreign` (`employee_id`),
  ADD KEY `assigned_advisors_generator_employee_id_foreign` (`generator_employee_id`);

--
-- Indices de la tabla `autonomous_communities`
--
ALTER TABLE `autonomous_communities`
  ADD PRIMARY KEY (`id`);

--
-- Indices de la tabla `busiests`
--
ALTER TABLE `busiests`
  ADD PRIMARY KEY (`id`),
  ADD KEY `busiests_business_id_foreign` (`business_id`),
  ADD KEY `busiests_file_id_foreign` (`file_id`);

--
-- Indices de la tabla `businesses`
--
ALTER TABLE `businesses`
  ADD PRIMARY KEY (`id`),
  ADD UNIQUE KEY `businesses_id_code_unique` (`id_code`),
  ADD KEY `businesses_business_type_id_foreign` (`business_type_id`),
  ADD KEY `businesses_employee_id_foreign` (`employee_id`),
  ADD KEY `businesses_municipality_id_foreign` (`municipality_id`),
  ADD KEY `businesses_district_id_foreign` (`district_id`),
  ADD KEY `businesses_neighborhood_id_foreign` (`neighborhood_id`);

--
-- Indices de la tabla `business_clients`
--
ALTER TABLE `business_clients`
  ADD PRIMARY KEY (`id`),
  ADD KEY `business_clients_client_id_foreign` (`client_id`);

--
-- Indices de la tabla `business_multimedia`
--
ALTER TABLE `business_multimedia`
  ADD PRIMARY KEY (`id`),
  ADD KEY `business_multimedia_business_id_foreign` (`business_id`);

--
-- Indices de la tabla `business_sector`
--
ALTER TABLE `business_sector`
  ADD PRIMARY KEY (`id`),
  ADD KEY `business_sector_business_id_foreign` (`business_id`),
  ADD KEY `business_sector_sector_id_foreign` (`sector_id`);

--
-- Indices de la tabla `business_timelines`
--
ALTER TABLE `business_timelines`
  ADD PRIMARY KEY (`id`);

--
-- Indices de la tabla `business_types`
--
ALTER TABLE `business_types`
  ADD PRIMARY KEY (`id`);

--
-- Indices de la tabla `calendars`
--
ALTER TABLE `calendars`
  ADD PRIMARY KEY (`id`),
  ADD KEY `calendars_client_id_foreign` (`client_id`),
  ADD KEY `calendars_employee_id_foreign` (`employee_id`);

--
-- Indices de la tabla `clients`
--
ALTER TABLE `clients`
  ADD PRIMARY KEY (`id`),
  ADD UNIQUE KEY `clients_id_public_unique` (`id_public`),
  ADD KEY `clients_user_id_foreign` (`user_id`),
  ADD KEY `clients_country_id_foreign` (`country_id`),
  ADD KEY `clients_titulation_id_foreign` (`titulation_id`),
  ADD KEY `clients_first_nationality_id_foreign` (`first_nationality_id`),
  ADD KEY `clients_second_nationality_id_foreign` (`second_nationality_id`);

--
-- Indices de la tabla `client_requests`
--
ALTER TABLE `client_requests`
  ADD PRIMARY KEY (`id`),
  ADD KEY `client_requests_client_id_foreign` (`client_id`),
  ADD KEY `client_requests_employee_id_foreign` (`employee_id`),
  ADD KEY `client_requests_service_id_foreign` (`service_id`);

--
-- Indices de la tabla `client_timelines`
--
ALTER TABLE `client_timelines`
  ADD PRIMARY KEY (`id`),
  ADD KEY `client_timelines_client_id_foreign` (`client_id`),
  ADD KEY `client_timelines_employee_id_foreign` (`employee_id`);

--
-- Indices de la tabla `contacts`
--
ALTER TABLE `contacts`
  ADD PRIMARY KEY (`id`);

--
-- Indices de la tabla `continents`
--
ALTER TABLE `continents`
  ADD PRIMARY KEY (`id`);

--
-- Indices de la tabla `countries`
--
ALTER TABLE `countries`
  ADD PRIMARY KEY (`id`),
  ADD KEY `countries_continent_id_foreign` (`continent_id`);

--
-- Indices de la tabla `departments`
--
ALTER TABLE `departments`
  ADD PRIMARY KEY (`id`);

--
-- Indices de la tabla `districts`
--
ALTER TABLE `districts`
  ADD PRIMARY KEY (`id`),
  ADD KEY `districts_municipality_id_foreign` (`municipality_id`);

--
-- Indices de la tabla `dossiers`
--
ALTER TABLE `dossiers`
  ADD PRIMARY KEY (`id`),
  ADD KEY `dossiers_business_id_foreign` (`business_id`),
  ADD KEY `dossiers_file_id_foreign` (`file_id`);

--
-- Indices de la tabla `email_management`
--
ALTER TABLE `email_management`
  ADD PRIMARY KEY (`id`),
  ADD KEY `email_management_client_id_foreign` (`client_id`),
  ADD KEY `email_management_employee_id_foreign` (`employee_id`);

--
-- Indices de la tabla `employees`
--
ALTER TABLE `employees`
  ADD PRIMARY KEY (`id`),
  ADD UNIQUE KEY `employees_id_public_unique` (`id_public`),
  ADD KEY `employees_user_id_foreign` (`user_id`),
  ADD KEY `employees_department_id_foreign` (`department_id`),
  ADD KEY `employees_headquarter_id_foreign` (`headquarter_id`);

--
-- Indices de la tabla `failed_jobs`
--
ALTER TABLE `failed_jobs`
  ADD PRIMARY KEY (`id`);

--
-- Indices de la tabla `families`
--
ALTER TABLE `families`
  ADD PRIMARY KEY (`id`),
  ADD UNIQUE KEY `families_email_unique` (`email`),
  ADD KEY `families_client_id_foreign` (`client_id`),
  ADD KEY `families_family_type_id_foreign` (`family_type_id`),
  ADD KEY `families_first_nationality_id_foreign` (`first_nationality_id`),
  ADD KEY `families_second_nationality_id_foreign` (`second_nationality_id`);

--
-- Indices de la tabla `family_types`
--
ALTER TABLE `family_types`
  ADD PRIMARY KEY (`id`),
  ADD UNIQUE KEY `family_types_name_unique` (`name`);

--
-- Indices de la tabla `favorites`
--
ALTER TABLE `favorites`
  ADD PRIMARY KEY (`id`),
  ADD KEY `favorites_client_id_foreign` (`client_id`),
  ADD KEY `favorites_business_id_foreign` (`business_id`);

--
-- Indices de la tabla `files`
--
ALTER TABLE `files`
  ADD PRIMARY KEY (`id`),
  ADD KEY `files_client_id_foreign` (`client_id`),
  ADD KEY `files_employee_id_foreign` (`employee_id`),
  ADD KEY `files_id_visa_requirement_foreign` (`id_visa_requirement`);

--
-- Indices de la tabla `financial_analyses`
--
ALTER TABLE `financial_analyses`
  ADD PRIMARY KEY (`id`),
  ADD KEY `financial_analyses_added_service_id_foreign` (`added_service_id`);

--
-- Indices de la tabla `headquarters`
--
ALTER TABLE `headquarters`
  ADD PRIMARY KEY (`id`),
  ADD KEY `headquarters_country_id_foreign` (`country_id`);

--
-- Indices de la tabla `migrations`
--
ALTER TABLE `migrations`
  ADD PRIMARY KEY (`id`);

--
-- Indices de la tabla `municipalities`
--
ALTER TABLE `municipalities`
  ADD PRIMARY KEY (`id`),
  ADD KEY `municipalities_province_id_foreign` (`province_id`);

--
-- Indices de la tabla `neighborhoods`
--
ALTER TABLE `neighborhoods`
  ADD PRIMARY KEY (`id`),
  ADD KEY `neighborhoods_district_id_foreign` (`district_id`);

--
-- Indices de la tabla `notifications`
--
ALTER TABLE `notifications`
  ADD PRIMARY KEY (`id`),
  ADD KEY `notifications_client_id_foreign` (`client_id`),
  ADD KEY `notifications_employee_id_foreign` (`employee_id`),
  ADD KEY `notifications_notification_type_id_foreign` (`notification_type_id`);

--
-- Indices de la tabla `notification_types`
--
ALTER TABLE `notification_types`
  ADD PRIMARY KEY (`id`),
  ADD UNIQUE KEY `notification_types_name_unique` (`name`),
  ADD UNIQUE KEY `notification_types_slug_unique` (`slug`);

--
-- Indices de la tabla `password_resets`
--
ALTER TABLE `password_resets`
  ADD KEY `password_resets_email_index` (`email`);

--
-- Indices de la tabla `payments`
--
ALTER TABLE `payments`
  ADD PRIMARY KEY (`id`),
  ADD KEY `payments_client_id_foreign` (`client_id`),
  ADD KEY `payments_employee_id_foreign` (`employee_id`),
  ADD KEY `payments_file_id_foreign` (`file_id`);

--
-- Indices de la tabla `permissions`
--
ALTER TABLE `permissions`
  ADD PRIMARY KEY (`id`),
  ADD UNIQUE KEY `permissions_slug_unique` (`slug`);

--
-- Indices de la tabla `permission_role`
--
ALTER TABLE `permission_role`
  ADD PRIMARY KEY (`id`),
  ADD KEY `permission_role_permission_id_index` (`permission_id`),
  ADD KEY `permission_role_role_id_index` (`role_id`);

--
-- Indices de la tabla `permission_user`
--
ALTER TABLE `permission_user`
  ADD PRIMARY KEY (`id`),
  ADD KEY `permission_user_permission_id_index` (`permission_id`),
  ADD KEY `permission_user_user_id_index` (`user_id`);

--
-- Indices de la tabla `personal_access_tokens`
--
ALTER TABLE `personal_access_tokens`
  ADD PRIMARY KEY (`id`),
  ADD UNIQUE KEY `personal_access_tokens_token_unique` (`token`),
  ADD KEY `personal_access_tokens_tokenable_type_tokenable_id_index` (`tokenable_type`,`tokenable_id`);

--
-- Indices de la tabla `provinces`
--
ALTER TABLE `provinces`
  ADD PRIMARY KEY (`id`),
  ADD KEY `provinces_autonomous_community_id_foreign` (`autonomous_community_id`);

--
-- Indices de la tabla `recommendations`
--
ALTER TABLE `recommendations`
  ADD PRIMARY KEY (`id`),
  ADD KEY `recommendations_client_id_foreign` (`client_id`),
  ADD KEY `recommendations_business_id_foreign` (`business_id`);

--
-- Indices de la tabla `roles`
--
ALTER TABLE `roles`
  ADD PRIMARY KEY (`id`),
  ADD UNIQUE KEY `roles_slug_unique` (`slug`);

--
-- Indices de la tabla `role_user`
--
ALTER TABLE `role_user`
  ADD PRIMARY KEY (`id`),
  ADD KEY `role_user_role_id_index` (`role_id`),
  ADD KEY `role_user_user_id_index` (`user_id`);

--
-- Indices de la tabla `sectors`
--
ALTER TABLE `sectors`
  ADD PRIMARY KEY (`id`);

--
-- Indices de la tabla `services`
--
ALTER TABLE `services`
  ADD PRIMARY KEY (`id`),
  ADD UNIQUE KEY `services_name_unique` (`name`),
  ADD UNIQUE KEY `services_slug_unique` (`slug`),
  ADD UNIQUE KEY `services_name_payment_unique` (`name_payment`),
  ADD UNIQUE KEY `services_slug_payment_unique` (`slug_payment`);

--
-- Indices de la tabla `titulations`
--
ALTER TABLE `titulations`
  ADD PRIMARY KEY (`id`);

--
-- Indices de la tabla `tool_subscriptions`
--
ALTER TABLE `tool_subscriptions`
  ADD PRIMARY KEY (`id`),
  ADD KEY `tool_subscriptions_user_id_index` (`user_id`);

--
-- Indices de la tabla `update_data`
--
ALTER TABLE `update_data`
  ADD PRIMARY KEY (`id`),
  ADD UNIQUE KEY `update_data_code_unique` (`code`);

--
-- Indices de la tabla `users`
--
ALTER TABLE `users`
  ADD PRIMARY KEY (`id`),
  ADD UNIQUE KEY `users_email_unique` (`email`),
  ADD UNIQUE KEY `users_username_unique` (`username`);

--
-- Indices de la tabla `user_comments`
--
ALTER TABLE `user_comments`
  ADD PRIMARY KEY (`id`),
  ADD KEY `user_comments_user_comment_type_id_foreign` (`user_comment_type_id`),
  ADD KEY `user_comments_client_id_foreign` (`client_id`),
  ADD KEY `user_comments_employee_id_foreign` (`employee_id`);

--
-- Indices de la tabla `user_comment_types`
--
ALTER TABLE `user_comment_types`
  ADD PRIMARY KEY (`id`);

--
-- Indices de la tabla `video_calls`
--
ALTER TABLE `video_calls`
  ADD PRIMARY KEY (`id`),
  ADD KEY `video_calls_video_call_type_id_foreign` (`video_call_type_id`),
  ADD KEY `video_calls_client_id_foreign` (`client_id`),
  ADD KEY `video_calls_employee_id_foreign` (`employee_id`);

--
-- Indices de la tabla `video_call_types`
--
ALTER TABLE `video_call_types`
  ADD PRIMARY KEY (`id`),
  ADD UNIQUE KEY `video_call_types_name_unique` (`name`),
  ADD UNIQUE KEY `video_call_types_slug_unique` (`slug`);

--
-- Indices de la tabla `visa_document_types`
--
ALTER TABLE `visa_document_types`
  ADD PRIMARY KEY (`id`),
  ADD UNIQUE KEY `visa_document_types_name_unique` (`name`);

--
-- Indices de la tabla `visa_document_type_visa_type`
--
ALTER TABLE `visa_document_type_visa_type`
  ADD PRIMARY KEY (`id`),
  ADD KEY `visa_document_type_visa_type_visa_document_type_id_foreign` (`visa_document_type_id`),
  ADD KEY `visa_document_type_visa_type_visa_type_id_foreign` (`visa_type_id`);

--
-- Indices de la tabla `visa_requirements`
--
ALTER TABLE `visa_requirements`
  ADD PRIMARY KEY (`id`),
  ADD KEY `visa_requirements_visa_document_type_id_foreign` (`visa_document_type_id`),
  ADD KEY `visa_requirements_added_service_id_foreign` (`added_service_id`),
  ADD KEY `visa_requirements_client_id_foreign` (`client_id`),
  ADD KEY `visa_requirements_family_id_foreign` (`family_id`),
  ADD KEY `visa_requirements_file_id_foreign` (`file_id`);

--
-- Indices de la tabla `visa_steps`
--
ALTER TABLE `visa_steps`
  ADD PRIMARY KEY (`id`),
  ADD KEY `visa_steps_client_id_foreign` (`client_id`),
  ADD KEY `visa_steps_added_service_id_foreign` (`added_service_id`);

--
-- Indices de la tabla `visa_step_types`
--
ALTER TABLE `visa_step_types`
  ADD PRIMARY KEY (`id`);

--
-- Indices de la tabla `visa_step_type_visa_type`
--
ALTER TABLE `visa_step_type_visa_type`
  ADD PRIMARY KEY (`id`),
  ADD KEY `visa_step_type_visa_type_visa_step_type_id_foreign` (`visa_step_type_id`),
  ADD KEY `visa_step_type_visa_type_visa_type_id_foreign` (`visa_type_id`);

--
-- Indices de la tabla `visa_types`
--
ALTER TABLE `visa_types`
  ADD PRIMARY KEY (`id`),
  ADD UNIQUE KEY `visa_types_name_unique` (`name`);

--
-- Indices de la tabla `wallet_transactions`
--
ALTER TABLE `wallet_transactions`
  ADD PRIMARY KEY (`id`),
  ADD KEY `wallet_transactions_client_id_foreign` (`client_id`),
  ADD KEY `wallet_transactions_employee_id_foreign` (`employee_id`);

--
-- AUTO_INCREMENT de las tablas volcadas
--

--
-- AUTO_INCREMENT de la tabla `activity_by_ips`
--
ALTER TABLE `activity_by_ips`
  MODIFY `id` bigint UNSIGNED NOT NULL AUTO_INCREMENT, AUTO_INCREMENT=538;

--
-- AUTO_INCREMENT de la tabla `added_services`
--
ALTER TABLE `added_services`
  MODIFY `id` bigint UNSIGNED NOT NULL AUTO_INCREMENT, AUTO_INCREMENT=1952;

--
-- AUTO_INCREMENT de la tabla `added_service_payment`
--
ALTER TABLE `added_service_payment`
  MODIFY `id` bigint UNSIGNED NOT NULL AUTO_INCREMENT, AUTO_INCREMENT=3;

--
-- AUTO_INCREMENT de la tabla `assigned_advisors`
--
ALTER TABLE `assigned_advisors`
  MODIFY `id` bigint UNSIGNED NOT NULL AUTO_INCREMENT, AUTO_INCREMENT=1883;

--
-- AUTO_INCREMENT de la tabla `autonomous_communities`
--
ALTER TABLE `autonomous_communities`
  MODIFY `id` bigint UNSIGNED NOT NULL AUTO_INCREMENT, AUTO_INCREMENT=19;

--
-- AUTO_INCREMENT de la tabla `busiests`
--
ALTER TABLE `busiests`
  MODIFY `id` bigint UNSIGNED NOT NULL AUTO_INCREMENT;

--
-- AUTO_INCREMENT de la tabla `businesses`
--
ALTER TABLE `businesses`
  MODIFY `id` bigint UNSIGNED NOT NULL AUTO_INCREMENT, AUTO_INCREMENT=70345;

--
-- AUTO_INCREMENT de la tabla `business_clients`
--
ALTER TABLE `business_clients`
  MODIFY `id` bigint UNSIGNED NOT NULL AUTO_INCREMENT, AUTO_INCREMENT=356;

--
-- AUTO_INCREMENT de la tabla `business_multimedia`
--
ALTER TABLE `business_multimedia`
  MODIFY `id` bigint UNSIGNED NOT NULL AUTO_INCREMENT;

--
-- AUTO_INCREMENT de la tabla `business_sector`
--
ALTER TABLE `business_sector`
  MODIFY `id` bigint UNSIGNED NOT NULL AUTO_INCREMENT, AUTO_INCREMENT=23;

--
-- AUTO_INCREMENT de la tabla `business_timelines`
--
ALTER TABLE `business_timelines`
  MODIFY `id` bigint UNSIGNED NOT NULL AUTO_INCREMENT;

--
-- AUTO_INCREMENT de la tabla `business_types`
--
ALTER TABLE `business_types`
  MODIFY `id` bigint UNSIGNED NOT NULL AUTO_INCREMENT, AUTO_INCREMENT=14;

--
-- AUTO_INCREMENT de la tabla `calendars`
--
ALTER TABLE `calendars`
  MODIFY `id` bigint UNSIGNED NOT NULL AUTO_INCREMENT, AUTO_INCREMENT=23;

--
-- AUTO_INCREMENT de la tabla `clients`
--
ALTER TABLE `clients`
  MODIFY `id` bigint UNSIGNED NOT NULL AUTO_INCREMENT, AUTO_INCREMENT=1860;

--
-- AUTO_INCREMENT de la tabla `client_requests`
--
ALTER TABLE `client_requests`
  MODIFY `id` bigint UNSIGNED NOT NULL AUTO_INCREMENT, AUTO_INCREMENT=9;

--
-- AUTO_INCREMENT de la tabla `client_timelines`
--
ALTER TABLE `client_timelines`
  MODIFY `id` bigint UNSIGNED NOT NULL AUTO_INCREMENT, AUTO_INCREMENT=40040;

--
-- AUTO_INCREMENT de la tabla `contacts`
--
ALTER TABLE `contacts`
  MODIFY `id` bigint UNSIGNED NOT NULL AUTO_INCREMENT, AUTO_INCREMENT=9;

--
-- AUTO_INCREMENT de la tabla `continents`
--
ALTER TABLE `continents`
  MODIFY `id` bigint UNSIGNED NOT NULL AUTO_INCREMENT, AUTO_INCREMENT=9;

--
-- AUTO_INCREMENT de la tabla `countries`
--
ALTER TABLE `countries`
  MODIFY `id` bigint UNSIGNED NOT NULL AUTO_INCREMENT, AUTO_INCREMENT=196;

--
-- AUTO_INCREMENT de la tabla `departments`
--
ALTER TABLE `departments`
  MODIFY `id` bigint UNSIGNED NOT NULL AUTO_INCREMENT, AUTO_INCREMENT=12;

--
-- AUTO_INCREMENT de la tabla `districts`
--
ALTER TABLE `districts`
  MODIFY `id` bigint UNSIGNED NOT NULL AUTO_INCREMENT, AUTO_INCREMENT=2226;

--
-- AUTO_INCREMENT de la tabla `dossiers`
--
ALTER TABLE `dossiers`
  MODIFY `id` bigint UNSIGNED NOT NULL AUTO_INCREMENT;

--
-- AUTO_INCREMENT de la tabla `email_management`
--
ALTER TABLE `email_management`
  MODIFY `id` bigint UNSIGNED NOT NULL AUTO_INCREMENT, AUTO_INCREMENT=2911;

--
-- AUTO_INCREMENT de la tabla `employees`
--
ALTER TABLE `employees`
  MODIFY `id` bigint UNSIGNED NOT NULL AUTO_INCREMENT, AUTO_INCREMENT=63;

--
-- AUTO_INCREMENT de la tabla `failed_jobs`
--
ALTER TABLE `failed_jobs`
  MODIFY `id` bigint UNSIGNED NOT NULL AUTO_INCREMENT;

--
-- AUTO_INCREMENT de la tabla `families`
--
ALTER TABLE `families`
  MODIFY `id` bigint UNSIGNED NOT NULL AUTO_INCREMENT, AUTO_INCREMENT=76;

--
-- AUTO_INCREMENT de la tabla `family_types`
--
ALTER TABLE `family_types`
  MODIFY `id` bigint UNSIGNED NOT NULL AUTO_INCREMENT, AUTO_INCREMENT=15;

--
-- AUTO_INCREMENT de la tabla `favorites`
--
ALTER TABLE `favorites`
  MODIFY `id` bigint UNSIGNED NOT NULL AUTO_INCREMENT;

--
-- AUTO_INCREMENT de la tabla `files`
--
ALTER TABLE `files`
  MODIFY `id` bigint UNSIGNED NOT NULL AUTO_INCREMENT, AUTO_INCREMENT=289;

--
-- AUTO_INCREMENT de la tabla `financial_analyses`
--
ALTER TABLE `financial_analyses`
  MODIFY `id` bigint UNSIGNED NOT NULL AUTO_INCREMENT, AUTO_INCREMENT=74;

--
-- AUTO_INCREMENT de la tabla `headquarters`
--
ALTER TABLE `headquarters`
  MODIFY `id` bigint UNSIGNED NOT NULL AUTO_INCREMENT, AUTO_INCREMENT=4;

--
-- AUTO_INCREMENT de la tabla `migrations`
--
ALTER TABLE `migrations`
  MODIFY `id` int UNSIGNED NOT NULL AUTO_INCREMENT, AUTO_INCREMENT=429;

--
-- AUTO_INCREMENT de la tabla `municipalities`
--
ALTER TABLE `municipalities`
  MODIFY `id` bigint UNSIGNED NOT NULL AUTO_INCREMENT, AUTO_INCREMENT=2029;

--
-- AUTO_INCREMENT de la tabla `neighborhoods`
--
ALTER TABLE `neighborhoods`
  MODIFY `id` bigint UNSIGNED NOT NULL AUTO_INCREMENT, AUTO_INCREMENT=1863;

--
-- AUTO_INCREMENT de la tabla `notifications`
--
ALTER TABLE `notifications`
  MODIFY `id` bigint UNSIGNED NOT NULL AUTO_INCREMENT, AUTO_INCREMENT=235406;

--
-- AUTO_INCREMENT de la tabla `notification_types`
--
ALTER TABLE `notification_types`
  MODIFY `id` bigint UNSIGNED NOT NULL AUTO_INCREMENT, AUTO_INCREMENT=86;

--
-- AUTO_INCREMENT de la tabla `payments`
--
ALTER TABLE `payments`
  MODIFY `id` bigint UNSIGNED NOT NULL AUTO_INCREMENT, AUTO_INCREMENT=4;

--
-- AUTO_INCREMENT de la tabla `permissions`
--
ALTER TABLE `permissions`
  MODIFY `id` int UNSIGNED NOT NULL AUTO_INCREMENT, AUTO_INCREMENT=5;

--
-- AUTO_INCREMENT de la tabla `permission_role`
--
ALTER TABLE `permission_role`
  MODIFY `id` int UNSIGNED NOT NULL AUTO_INCREMENT, AUTO_INCREMENT=113;

--
-- AUTO_INCREMENT de la tabla `permission_user`
--
ALTER TABLE `permission_user`
  MODIFY `id` int UNSIGNED NOT NULL AUTO_INCREMENT, AUTO_INCREMENT=5;

--
-- AUTO_INCREMENT de la tabla `personal_access_tokens`
--
ALTER TABLE `personal_access_tokens`
  MODIFY `id` bigint UNSIGNED NOT NULL AUTO_INCREMENT;

--
-- AUTO_INCREMENT de la tabla `provinces`
--
ALTER TABLE `provinces`
  MODIFY `id` bigint UNSIGNED NOT NULL AUTO_INCREMENT, AUTO_INCREMENT=52;

--
-- AUTO_INCREMENT de la tabla `recommendations`
--
ALTER TABLE `recommendations`
  MODIFY `id` bigint UNSIGNED NOT NULL AUTO_INCREMENT, AUTO_INCREMENT=72;

--
-- AUTO_INCREMENT de la tabla `roles`
--
ALTER TABLE `roles`
  MODIFY `id` int UNSIGNED NOT NULL AUTO_INCREMENT, AUTO_INCREMENT=57;

--
-- AUTO_INCREMENT de la tabla `role_user`
--
ALTER TABLE `role_user`
  MODIFY `id` int UNSIGNED NOT NULL AUTO_INCREMENT, AUTO_INCREMENT=3853;

--
-- AUTO_INCREMENT de la tabla `sectors`
--
ALTER TABLE `sectors`
  MODIFY `id` bigint UNSIGNED NOT NULL AUTO_INCREMENT, AUTO_INCREMENT=38;

--
-- AUTO_INCREMENT de la tabla `services`
--
ALTER TABLE `services`
  MODIFY `id` bigint UNSIGNED NOT NULL AUTO_INCREMENT, AUTO_INCREMENT=49;

--
-- AUTO_INCREMENT de la tabla `titulations`
--
ALTER TABLE `titulations`
  MODIFY `id` bigint UNSIGNED NOT NULL AUTO_INCREMENT, AUTO_INCREMENT=4;

--
-- AUTO_INCREMENT de la tabla `tool_subscriptions`
--
ALTER TABLE `tool_subscriptions`
  MODIFY `id` bigint UNSIGNED NOT NULL AUTO_INCREMENT;

--
-- AUTO_INCREMENT de la tabla `update_data`
--
ALTER TABLE `update_data`
  MODIFY `id` bigint UNSIGNED NOT NULL AUTO_INCREMENT, AUTO_INCREMENT=36;

--
-- AUTO_INCREMENT de la tabla `users`
--
ALTER TABLE `users`
  MODIFY `id` bigint UNSIGNED NOT NULL AUTO_INCREMENT, AUTO_INCREMENT=1922;

--
-- AUTO_INCREMENT de la tabla `user_comments`
--
ALTER TABLE `user_comments`
  MODIFY `id` bigint UNSIGNED NOT NULL AUTO_INCREMENT, AUTO_INCREMENT=4;

--
-- AUTO_INCREMENT de la tabla `user_comment_types`
--
ALTER TABLE `user_comment_types`
  MODIFY `id` bigint UNSIGNED NOT NULL AUTO_INCREMENT, AUTO_INCREMENT=5;

--
-- AUTO_INCREMENT de la tabla `video_calls`
--
ALTER TABLE `video_calls`
  MODIFY `id` bigint UNSIGNED NOT NULL AUTO_INCREMENT, AUTO_INCREMENT=5;

--
-- AUTO_INCREMENT de la tabla `video_call_types`
--
ALTER TABLE `video_call_types`
  MODIFY `id` bigint UNSIGNED NOT NULL AUTO_INCREMENT, AUTO_INCREMENT=3;

--
-- AUTO_INCREMENT de la tabla `visa_document_types`
--
ALTER TABLE `visa_document_types`
  MODIFY `id` bigint UNSIGNED NOT NULL AUTO_INCREMENT, AUTO_INCREMENT=138;

--
-- AUTO_INCREMENT de la tabla `visa_document_type_visa_type`
--
ALTER TABLE `visa_document_type_visa_type`
  MODIFY `id` bigint UNSIGNED NOT NULL AUTO_INCREMENT, AUTO_INCREMENT=449;

--
-- AUTO_INCREMENT de la tabla `visa_requirements`
--
ALTER TABLE `visa_requirements`
  MODIFY `id` bigint UNSIGNED NOT NULL AUTO_INCREMENT, AUTO_INCREMENT=2189;

--
-- AUTO_INCREMENT de la tabla `visa_steps`
--
ALTER TABLE `visa_steps`
  MODIFY `id` bigint UNSIGNED NOT NULL AUTO_INCREMENT, AUTO_INCREMENT=1685;

--
-- AUTO_INCREMENT de la tabla `visa_step_types`
--
ALTER TABLE `visa_step_types`
  MODIFY `id` bigint UNSIGNED NOT NULL AUTO_INCREMENT, AUTO_INCREMENT=105;

--
-- AUTO_INCREMENT de la tabla `visa_step_type_visa_type`
--
ALTER TABLE `visa_step_type_visa_type`
  MODIFY `id` bigint UNSIGNED NOT NULL AUTO_INCREMENT, AUTO_INCREMENT=318;

--
-- AUTO_INCREMENT de la tabla `visa_types`
--
ALTER TABLE `visa_types`
  MODIFY `id` bigint UNSIGNED NOT NULL AUTO_INCREMENT, AUTO_INCREMENT=26;

--
-- AUTO_INCREMENT de la tabla `wallet_transactions`
--
ALTER TABLE `wallet_transactions`
  MODIFY `id` bigint UNSIGNED NOT NULL AUTO_INCREMENT, AUTO_INCREMENT=3;

--
-- Restricciones para tablas volcadas
--

--
-- Filtros para la tabla `activity_by_ips`
--
ALTER TABLE `activity_by_ips`
  ADD CONSTRAINT `activity_by_ips_user_id_foreign` FOREIGN KEY (`user_id`) REFERENCES `users` (`id`);

--
-- Filtros para la tabla `added_services`
--
ALTER TABLE `added_services`
  ADD CONSTRAINT `added_services_client_id_foreign` FOREIGN KEY (`client_id`) REFERENCES `clients` (`id`),
  ADD CONSTRAINT `added_services_file_id_foreign` FOREIGN KEY (`file_id`) REFERENCES `files` (`id`),
  ADD CONSTRAINT `added_services_service_id_foreign` FOREIGN KEY (`service_id`) REFERENCES `services` (`id`),
  ADD CONSTRAINT `added_services_visa_type_id_foreign` FOREIGN KEY (`visa_type_id`) REFERENCES `visa_types` (`id`);

--
-- Filtros para la tabla `added_service_payment`
--
ALTER TABLE `added_service_payment`
  ADD CONSTRAINT `added_service_payment_added_service_id_foreign` FOREIGN KEY (`added_service_id`) REFERENCES `added_services` (`id`),
  ADD CONSTRAINT `added_service_payment_payment_id_foreign` FOREIGN KEY (`payment_id`) REFERENCES `payments` (`id`);

--
-- Filtros para la tabla `assigned_advisors`
--
ALTER TABLE `assigned_advisors`
  ADD CONSTRAINT `assigned_advisors_client_id_foreign` FOREIGN KEY (`client_id`) REFERENCES `clients` (`id`),
  ADD CONSTRAINT `assigned_advisors_employee_id_foreign` FOREIGN KEY (`employee_id`) REFERENCES `employees` (`id`),
  ADD CONSTRAINT `assigned_advisors_generator_employee_id_foreign` FOREIGN KEY (`generator_employee_id`) REFERENCES `employees` (`id`);

--
-- Filtros para la tabla `busiests`
--
ALTER TABLE `busiests`
  ADD CONSTRAINT `busiests_business_id_foreign` FOREIGN KEY (`business_id`) REFERENCES `businesses` (`id`),
  ADD CONSTRAINT `busiests_file_id_foreign` FOREIGN KEY (`file_id`) REFERENCES `files` (`id`);

--
-- Filtros para la tabla `businesses`
--
ALTER TABLE `businesses`
  ADD CONSTRAINT `businesses_business_type_id_foreign` FOREIGN KEY (`business_type_id`) REFERENCES `business_types` (`id`),
  ADD CONSTRAINT `businesses_district_id_foreign` FOREIGN KEY (`district_id`) REFERENCES `districts` (`id`),
  ADD CONSTRAINT `businesses_employee_id_foreign` FOREIGN KEY (`employee_id`) REFERENCES `employees` (`id`),
  ADD CONSTRAINT `businesses_municipality_id_foreign` FOREIGN KEY (`municipality_id`) REFERENCES `municipalities` (`id`),
  ADD CONSTRAINT `businesses_neighborhood_id_foreign` FOREIGN KEY (`neighborhood_id`) REFERENCES `neighborhoods` (`id`);

--
-- Filtros para la tabla `business_clients`
--
ALTER TABLE `business_clients`
  ADD CONSTRAINT `business_clients_client_id_foreign` FOREIGN KEY (`client_id`) REFERENCES `clients` (`id`);

--
-- Filtros para la tabla `business_multimedia`
--
ALTER TABLE `business_multimedia`
  ADD CONSTRAINT `business_multimedia_business_id_foreign` FOREIGN KEY (`business_id`) REFERENCES `businesses` (`id`);

--
-- Filtros para la tabla `business_sector`
--
ALTER TABLE `business_sector`
  ADD CONSTRAINT `business_sector_business_id_foreign` FOREIGN KEY (`business_id`) REFERENCES `businesses` (`id`),
  ADD CONSTRAINT `business_sector_sector_id_foreign` FOREIGN KEY (`sector_id`) REFERENCES `sectors` (`id`);

--
-- Filtros para la tabla `calendars`
--
ALTER TABLE `calendars`
  ADD CONSTRAINT `calendars_client_id_foreign` FOREIGN KEY (`client_id`) REFERENCES `clients` (`id`),
  ADD CONSTRAINT `calendars_employee_id_foreign` FOREIGN KEY (`employee_id`) REFERENCES `employees` (`id`);

--
-- Filtros para la tabla `clients`
--
ALTER TABLE `clients`
  ADD CONSTRAINT `clients_country_id_foreign` FOREIGN KEY (`country_id`) REFERENCES `countries` (`id`),
  ADD CONSTRAINT `clients_first_nationality_id_foreign` FOREIGN KEY (`first_nationality_id`) REFERENCES `countries` (`id`),
  ADD CONSTRAINT `clients_second_nationality_id_foreign` FOREIGN KEY (`second_nationality_id`) REFERENCES `countries` (`id`),
  ADD CONSTRAINT `clients_titulation_id_foreign` FOREIGN KEY (`titulation_id`) REFERENCES `titulations` (`id`),
  ADD CONSTRAINT `clients_user_id_foreign` FOREIGN KEY (`user_id`) REFERENCES `users` (`id`);

--
-- Filtros para la tabla `client_requests`
--
ALTER TABLE `client_requests`
  ADD CONSTRAINT `client_requests_client_id_foreign` FOREIGN KEY (`client_id`) REFERENCES `clients` (`id`),
  ADD CONSTRAINT `client_requests_employee_id_foreign` FOREIGN KEY (`employee_id`) REFERENCES `employees` (`id`),
  ADD CONSTRAINT `client_requests_service_id_foreign` FOREIGN KEY (`service_id`) REFERENCES `services` (`id`);

--
-- Filtros para la tabla `client_timelines`
--
ALTER TABLE `client_timelines`
  ADD CONSTRAINT `client_timelines_client_id_foreign` FOREIGN KEY (`client_id`) REFERENCES `clients` (`id`),
  ADD CONSTRAINT `client_timelines_employee_id_foreign` FOREIGN KEY (`employee_id`) REFERENCES `employees` (`id`);

--
-- Filtros para la tabla `countries`
--
ALTER TABLE `countries`
  ADD CONSTRAINT `countries_continent_id_foreign` FOREIGN KEY (`continent_id`) REFERENCES `continents` (`id`);

--
-- Filtros para la tabla `districts`
--
ALTER TABLE `districts`
  ADD CONSTRAINT `districts_municipality_id_foreign` FOREIGN KEY (`municipality_id`) REFERENCES `municipalities` (`id`);

--
-- Filtros para la tabla `dossiers`
--
ALTER TABLE `dossiers`
  ADD CONSTRAINT `dossiers_business_id_foreign` FOREIGN KEY (`business_id`) REFERENCES `businesses` (`id`),
  ADD CONSTRAINT `dossiers_file_id_foreign` FOREIGN KEY (`file_id`) REFERENCES `files` (`id`);

--
-- Filtros para la tabla `email_management`
--
ALTER TABLE `email_management`
  ADD CONSTRAINT `email_management_client_id_foreign` FOREIGN KEY (`client_id`) REFERENCES `clients` (`id`),
  ADD CONSTRAINT `email_management_employee_id_foreign` FOREIGN KEY (`employee_id`) REFERENCES `employees` (`id`);

--
-- Filtros para la tabla `employees`
--
ALTER TABLE `employees`
  ADD CONSTRAINT `employees_department_id_foreign` FOREIGN KEY (`department_id`) REFERENCES `departments` (`id`),
  ADD CONSTRAINT `employees_headquarter_id_foreign` FOREIGN KEY (`headquarter_id`) REFERENCES `headquarters` (`id`),
  ADD CONSTRAINT `employees_user_id_foreign` FOREIGN KEY (`user_id`) REFERENCES `users` (`id`);

--
-- Filtros para la tabla `families`
--
ALTER TABLE `families`
  ADD CONSTRAINT `families_client_id_foreign` FOREIGN KEY (`client_id`) REFERENCES `clients` (`id`),
  ADD CONSTRAINT `families_family_type_id_foreign` FOREIGN KEY (`family_type_id`) REFERENCES `family_types` (`id`),
  ADD CONSTRAINT `families_first_nationality_id_foreign` FOREIGN KEY (`first_nationality_id`) REFERENCES `countries` (`id`),
  ADD CONSTRAINT `families_second_nationality_id_foreign` FOREIGN KEY (`second_nationality_id`) REFERENCES `countries` (`id`);

--
-- Filtros para la tabla `favorites`
--
ALTER TABLE `favorites`
  ADD CONSTRAINT `favorites_business_id_foreign` FOREIGN KEY (`business_id`) REFERENCES `businesses` (`id`),
  ADD CONSTRAINT `favorites_client_id_foreign` FOREIGN KEY (`client_id`) REFERENCES `clients` (`id`);

--
-- Filtros para la tabla `files`
--
ALTER TABLE `files`
  ADD CONSTRAINT `files_client_id_foreign` FOREIGN KEY (`client_id`) REFERENCES `clients` (`id`),
  ADD CONSTRAINT `files_employee_id_foreign` FOREIGN KEY (`employee_id`) REFERENCES `employees` (`id`),
  ADD CONSTRAINT `files_id_visa_requirement_foreign` FOREIGN KEY (`id_visa_requirement`) REFERENCES `visa_requirements` (`id`);

--
-- Filtros para la tabla `financial_analyses`
--
ALTER TABLE `financial_analyses`
  ADD CONSTRAINT `financial_analyses_added_service_id_foreign` FOREIGN KEY (`added_service_id`) REFERENCES `added_services` (`id`);

--
-- Filtros para la tabla `headquarters`
--
ALTER TABLE `headquarters`
  ADD CONSTRAINT `headquarters_country_id_foreign` FOREIGN KEY (`country_id`) REFERENCES `countries` (`id`);

--
-- Filtros para la tabla `municipalities`
--
ALTER TABLE `municipalities`
  ADD CONSTRAINT `municipalities_province_id_foreign` FOREIGN KEY (`province_id`) REFERENCES `provinces` (`id`);

--
-- Filtros para la tabla `neighborhoods`
--
ALTER TABLE `neighborhoods`
  ADD CONSTRAINT `neighborhoods_district_id_foreign` FOREIGN KEY (`district_id`) REFERENCES `districts` (`id`);

--
-- Filtros para la tabla `notifications`
--
ALTER TABLE `notifications`
  ADD CONSTRAINT `notifications_client_id_foreign` FOREIGN KEY (`client_id`) REFERENCES `clients` (`id`),
  ADD CONSTRAINT `notifications_employee_id_foreign` FOREIGN KEY (`employee_id`) REFERENCES `employees` (`id`),
  ADD CONSTRAINT `notifications_notification_type_id_foreign` FOREIGN KEY (`notification_type_id`) REFERENCES `notification_types` (`id`);

--
-- Filtros para la tabla `payments`
--
ALTER TABLE `payments`
  ADD CONSTRAINT `payments_client_id_foreign` FOREIGN KEY (`client_id`) REFERENCES `clients` (`id`),
  ADD CONSTRAINT `payments_employee_id_foreign` FOREIGN KEY (`employee_id`) REFERENCES `employees` (`id`),
  ADD CONSTRAINT `payments_file_id_foreign` FOREIGN KEY (`file_id`) REFERENCES `files` (`id`);

--
-- Filtros para la tabla `permission_role`
--
ALTER TABLE `permission_role`
  ADD CONSTRAINT `permission_role_permission_id_foreign` FOREIGN KEY (`permission_id`) REFERENCES `permissions` (`id`) ON DELETE CASCADE,
  ADD CONSTRAINT `permission_role_role_id_foreign` FOREIGN KEY (`role_id`) REFERENCES `roles` (`id`) ON DELETE CASCADE;

--
-- Filtros para la tabla `permission_user`
--
ALTER TABLE `permission_user`
  ADD CONSTRAINT `permission_user_permission_id_foreign` FOREIGN KEY (`permission_id`) REFERENCES `permissions` (`id`) ON DELETE CASCADE,
  ADD CONSTRAINT `permission_user_user_id_foreign` FOREIGN KEY (`user_id`) REFERENCES `users` (`id`) ON DELETE CASCADE;

--
-- Filtros para la tabla `provinces`
--
ALTER TABLE `provinces`
  ADD CONSTRAINT `provinces_autonomous_community_id_foreign` FOREIGN KEY (`autonomous_community_id`) REFERENCES `autonomous_communities` (`id`);

--
-- Filtros para la tabla `recommendations`
--
ALTER TABLE `recommendations`
  ADD CONSTRAINT `recommendations_business_id_foreign` FOREIGN KEY (`business_id`) REFERENCES `businesses` (`id`),
  ADD CONSTRAINT `recommendations_client_id_foreign` FOREIGN KEY (`client_id`) REFERENCES `clients` (`id`);

--
-- Filtros para la tabla `role_user`
--
ALTER TABLE `role_user`
  ADD CONSTRAINT `role_user_role_id_foreign` FOREIGN KEY (`role_id`) REFERENCES `roles` (`id`) ON DELETE CASCADE,
  ADD CONSTRAINT `role_user_user_id_foreign` FOREIGN KEY (`user_id`) REFERENCES `users` (`id`) ON DELETE CASCADE;

--
-- Filtros para la tabla `tool_subscriptions`
--
ALTER TABLE `tool_subscriptions`
  ADD CONSTRAINT `tool_subscriptions_user_id_foreign` FOREIGN KEY (`user_id`) REFERENCES `users` (`id`) ON DELETE CASCADE;

--
-- Filtros para la tabla `user_comments`
--
ALTER TABLE `user_comments`
  ADD CONSTRAINT `user_comments_client_id_foreign` FOREIGN KEY (`client_id`) REFERENCES `clients` (`id`),
  ADD CONSTRAINT `user_comments_employee_id_foreign` FOREIGN KEY (`employee_id`) REFERENCES `employees` (`id`),
  ADD CONSTRAINT `user_comments_user_comment_type_id_foreign` FOREIGN KEY (`user_comment_type_id`) REFERENCES `user_comment_types` (`id`);

--
-- Filtros para la tabla `video_calls`
--
ALTER TABLE `video_calls`
  ADD CONSTRAINT `video_calls_client_id_foreign` FOREIGN KEY (`client_id`) REFERENCES `clients` (`id`),
  ADD CONSTRAINT `video_calls_employee_id_foreign` FOREIGN KEY (`employee_id`) REFERENCES `employees` (`id`),
  ADD CONSTRAINT `video_calls_video_call_type_id_foreign` FOREIGN KEY (`video_call_type_id`) REFERENCES `video_call_types` (`id`);

--
-- Filtros para la tabla `visa_document_type_visa_type`
--
ALTER TABLE `visa_document_type_visa_type`
  ADD CONSTRAINT `visa_document_type_visa_type_visa_document_type_id_foreign` FOREIGN KEY (`visa_document_type_id`) REFERENCES `visa_document_types` (`id`),
  ADD CONSTRAINT `visa_document_type_visa_type_visa_type_id_foreign` FOREIGN KEY (`visa_type_id`) REFERENCES `visa_types` (`id`);

--
-- Filtros para la tabla `visa_requirements`
--
ALTER TABLE `visa_requirements`
  ADD CONSTRAINT `visa_requirements_added_service_id_foreign` FOREIGN KEY (`added_service_id`) REFERENCES `added_services` (`id`),
  ADD CONSTRAINT `visa_requirements_client_id_foreign` FOREIGN KEY (`client_id`) REFERENCES `clients` (`id`),
  ADD CONSTRAINT `visa_requirements_family_id_foreign` FOREIGN KEY (`family_id`) REFERENCES `families` (`id`),
  ADD CONSTRAINT `visa_requirements_file_id_foreign` FOREIGN KEY (`file_id`) REFERENCES `files` (`id`),
  ADD CONSTRAINT `visa_requirements_visa_document_type_id_foreign` FOREIGN KEY (`visa_document_type_id`) REFERENCES `visa_document_types` (`id`);

--
-- Filtros para la tabla `visa_steps`
--
ALTER TABLE `visa_steps`
  ADD CONSTRAINT `visa_steps_added_service_id_foreign` FOREIGN KEY (`added_service_id`) REFERENCES `added_services` (`id`),
  ADD CONSTRAINT `visa_steps_client_id_foreign` FOREIGN KEY (`client_id`) REFERENCES `clients` (`id`);

--
-- Filtros para la tabla `visa_step_type_visa_type`
--
ALTER TABLE `visa_step_type_visa_type`
  ADD CONSTRAINT `visa_step_type_visa_type_visa_step_type_id_foreign` FOREIGN KEY (`visa_step_type_id`) REFERENCES `visa_step_types` (`id`),
  ADD CONSTRAINT `visa_step_type_visa_type_visa_type_id_foreign` FOREIGN KEY (`visa_type_id`) REFERENCES `visa_types` (`id`);

--
-- Filtros para la tabla `wallet_transactions`
--
ALTER TABLE `wallet_transactions`
  ADD CONSTRAINT `wallet_transactions_client_id_foreign` FOREIGN KEY (`client_id`) REFERENCES `clients` (`id`),
  ADD CONSTRAINT `wallet_transactions_employee_id_foreign` FOREIGN KEY (`employee_id`) REFERENCES `employees` (`id`);
COMMIT;

